{"id":71,"date":"2021-09-28T11:44:42","date_gmt":"2021-09-28T16:44:42","guid":{"rendered":"https:\/\/www2.iepcjalisco.org.mx\/consulta-popular-pacto-fiscal-2021\/?page_id=71"},"modified":"2021-12-01T13:01:48","modified_gmt":"2021-12-01T19:01:48","slug":"de-que-se-trata-esta-consulta","status":"publish","type":"page","link":"https:\/\/www2.iepcjalisco.org.mx\/consulta-popular-pacto-fiscal-2021\/?page_id=71","title":{"rendered":"\u00bfDe qu\u00e9 se trata esta Consulta?"},"content":{"rendered":"\t\t<div data-elementor-type=\"wp-page\" data-elementor-id=\"71\" class=\"elementor elementor-71\" data-elementor-settings=\"[]\">\n\t\t\t\t\t\t\t<div class=\"elementor-section-wrap\">\n\t\t\t\t\t\t\t<section class=\"elementor-section elementor-top-section elementor-element elementor-element-81d95b9 elementor-section-boxed elementor-section-height-default elementor-section-height-default\" data-id=\"81d95b9\" data-element_type=\"section\">\n\t\t\t\t\t\t<div class=\"elementor-container elementor-column-gap-default\">\n\t\t\t\t\t<div class=\"elementor-column elementor-col-100 elementor-top-column elementor-element elementor-element-d8bac9a\" data-id=\"d8bac9a\" data-element_type=\"column\">\n\t\t\t<div class=\"elementor-widget-wrap elementor-element-populated\">\n\t\t\t\t\t\t\t\t<div class=\"elementor-element elementor-element-46661f2 elementor-widget elementor-widget-text-editor\" data-id=\"46661f2\" data-element_type=\"widget\" data-widget_type=\"text-editor.default\">\n\t\t\t\t<div class=\"elementor-widget-container\">\n\t\t\t\t\t\t\t<p>La Consulta Popular es el mecanismo mediante el cual los habitantes del\u00a0 Estado, un municipio o demarcaci\u00f3n territorial, expresan sus opiniones respecto a temas de car\u00e1cter p\u00fablico o impacto social que son consultados por la autoridad correspondiente. (Art. 97 LSPCPGEJ).<\/p><p>El gobernador del estado solicit\u00f3 realizar una consulta sobre la revisi\u00f3n del pacto fiscal que es el arreglo con el que los estados que han decidido constituirse en una federaci\u00f3n deciden repartir las facultades tributarias para recaudar y para asignar el gasto; es decir, la manera en que se distribuyen y recaudan los impuestos.<\/p><p>El Consejo Estatal de Participaci\u00f3n Ciudadana y Popular para la gobernanza del estado de Jalisco aprob\u00f3 la siguiente pregunta:<\/p>\t\t\t\t\t\t<\/div>\n\t\t\t\t<\/div>\n\t\t\t\t<div class=\"elementor-element elementor-element-d9392af elementor-widget elementor-widget-text-editor\" data-id=\"d9392af\" data-element_type=\"widget\" data-widget_type=\"text-editor.default\">\n\t\t\t\t<div class=\"elementor-widget-container\">\n\t\t\t\t\t\t\t<p style=\"text-align: center;\"><span style=\"color: #ffffff;\">Mayores de edad<\/span><\/p>\t\t\t\t\t\t<\/div>\n\t\t\t\t<\/div>\n\t\t\t\t<div class=\"elementor-element elementor-element-7631cd7 elementor-widget elementor-widget-text-editor\" data-id=\"7631cd7\" data-element_type=\"widget\" data-widget_type=\"text-editor.default\">\n\t\t\t\t<div class=\"elementor-widget-container\">\n\t\t\t\t\t\t\t<p>\u00bfEst\u00e1s de acuerdo en que cada seis a\u00f1os, se revisen los t\u00e9rminos de la Coordinaci\u00f3n Fiscal y la manera en que la Federaci\u00f3n distribuye los impuestos, para que se decida si Jalisco se mantiene o se sale del Pacto Fiscal?\u00a0<\/p>\t\t\t\t\t\t<\/div>\n\t\t\t\t<\/div>\n\t\t\t\t<div class=\"elementor-element elementor-element-1b54fdc elementor-widget elementor-widget-text-editor\" data-id=\"1b54fdc\" data-element_type=\"widget\" data-widget_type=\"text-editor.default\">\n\t\t\t\t<div class=\"elementor-widget-container\">\n\t\t\t\t\t\t\t<p style=\"text-align: center;\"><span style=\"color: #ffffff;\">Menores de edad 7-17 a\u00f1os<\/span><\/p>\t\t\t\t\t\t<\/div>\n\t\t\t\t<\/div>\n\t\t\t\t<div class=\"elementor-element elementor-element-de24b07 elementor-widget elementor-widget-text-editor\" data-id=\"de24b07\" data-element_type=\"widget\" data-widget_type=\"text-editor.default\">\n\t\t\t\t<div class=\"elementor-widget-container\">\n\t\t\t\t\t\t\t<p>\u00bfEst\u00e1s de acuerdo en que se revise cada seis a\u00f1os, la manera en que se reparte el dinero de los impuestos que recaba la Federaci\u00f3n, para que Jalisco decida si quiere seguir formando parte del Pacto fiscal?<\/p>\t\t\t\t\t\t<\/div>\n\t\t\t\t<\/div>\n\t\t\t\t<div class=\"elementor-element elementor-element-80dabec elementor-widget-divider--view-line elementor-widget elementor-widget-divider\" data-id=\"80dabec\" data-element_type=\"widget\" data-widget_type=\"divider.default\">\n\t\t\t\t<div class=\"elementor-widget-container\">\n\t\t\t\t\t<div class=\"elementor-divider\">\n\t\t\t<span class=\"elementor-divider-separator\">\n\t\t\t\t\t\t<\/span>\n\t\t<\/div>\n\t\t\t\t<\/div>\n\t\t\t\t<\/div>\n\t\t\t\t<div class=\"elementor-element elementor-element-b1558e9 elementor-widget elementor-widget-text-editor\" data-id=\"b1558e9\" data-element_type=\"widget\" data-widget_type=\"text-editor.default\">\n\t\t\t\t<div class=\"elementor-widget-container\">\n\t\t\t\t\t\t\t<p>Esta pregunta puede tener las siguientes consecuencias:<\/p>\t\t\t\t\t\t<\/div>\n\t\t\t\t<\/div>\n\t\t\t\t<div class=\"elementor-element elementor-element-7638e10 elementor-widget elementor-widget-image\" data-id=\"7638e10\" data-element_type=\"widget\" data-widget_type=\"image.default\">\n\t\t\t\t<div class=\"elementor-widget-container\">\n\t\t\t\t\t\t\t\t\t\t\t\t\t\t\t<img decoding=\"async\" src=\"https:\/\/www2.iepcjalisco.org.mx\/consulta-popular-pacto-fiscal-2021\/wp-content\/uploads\/elementor\/thumbs\/Gra\u0301fico-Pregunta-Mayores-de-edad-pg0iz0l8mfnh0sl1ffbbc2ffztgaitrjjtnph9c5fw.png\" title=\"Gra\u0301fico Pregunta Mayores de edad\" alt=\"Gra\u0301fico Pregunta Mayores de edad\" \/>\t\t\t\t\t\t\t\t\t\t\t\t\t\t\t<\/div>\n\t\t\t\t<\/div>\n\t\t\t\t<div class=\"elementor-element elementor-element-42febcf elementor-widget-divider--view-line elementor-widget elementor-widget-divider\" data-id=\"42febcf\" data-element_type=\"widget\" data-widget_type=\"divider.default\">\n\t\t\t\t<div class=\"elementor-widget-container\">\n\t\t\t\t\t<div class=\"elementor-divider\">\n\t\t\t<span class=\"elementor-divider-separator\">\n\t\t\t\t\t\t<\/span>\n\t\t<\/div>\n\t\t\t\t<\/div>\n\t\t\t\t<\/div>\n\t\t\t\t<div class=\"elementor-element elementor-element-4844876 elementor-widget elementor-widget-text-editor\" data-id=\"4844876\" data-element_type=\"widget\" data-widget_type=\"text-editor.default\">\n\t\t\t\t<div class=\"elementor-widget-container\">\n\t\t\t\t\t\t\t<p>El Pacto Fiscal tiene como subtemas de discusi\u00f3n los siguientes:<\/p><ul><li>Atribuciones del Congreso del Estado<\/li><li>Sistema Tributario (Recaudaci\u00f3n de impuestos tributarios y no tributarios, locales y federales, derechos y aprovechamientos)<\/li><li>Impuestos locales y federales<\/li><li>Pacto Federal<\/li><li>Pacto Fiscal<\/li><li>Temporalidad<\/li><\/ul><p>Por lo que tambi\u00e9n los habitantes deben reflexionar sobre estos temas, derivado de ello ponemos a su disposici\u00f3n las opiniones balanceadas e imparciales elaborado por las universidades y especialistas del estado de Jalisco.<\/p>\t\t\t\t\t\t<\/div>\n\t\t\t\t<\/div>\n\t\t\t\t<div class=\"elementor-element elementor-element-fabeab2 elementor-widget-divider--view-line elementor-widget elementor-widget-divider\" data-id=\"fabeab2\" data-element_type=\"widget\" data-widget_type=\"divider.default\">\n\t\t\t\t<div class=\"elementor-widget-container\">\n\t\t\t\t\t<div class=\"elementor-divider\">\n\t\t\t<span class=\"elementor-divider-separator\">\n\t\t\t\t\t\t<\/span>\n\t\t<\/div>\n\t\t\t\t<\/div>\n\t\t\t\t<\/div>\n\t\t\t\t<div class=\"elementor-element elementor-element-7bbea15 elementor-widget elementor-widget-heading\" data-id=\"7bbea15\" data-element_type=\"widget\" data-widget_type=\"heading.default\">\n\t\t\t\t<div class=\"elementor-widget-container\">\n\t\t\t<h4 class=\"elementor-heading-title elementor-size-default\">Informaci\u00f3n redactada por universidades y especialistas sobre el Pacto Fiscal<\/h4>\t\t<\/div>\n\t\t\t\t<\/div>\n\t\t\t\t<section class=\"elementor-section elementor-inner-section elementor-element elementor-element-267e0e4 elementor-section-boxed elementor-section-height-default elementor-section-height-default\" data-id=\"267e0e4\" data-element_type=\"section\">\n\t\t\t\t\t\t<div class=\"elementor-container elementor-column-gap-default\">\n\t\t\t\t\t<div class=\"elementor-column elementor-col-33 elementor-inner-column elementor-element elementor-element-feb9b72\" data-id=\"feb9b72\" data-element_type=\"column\">\n\t\t\t<div class=\"elementor-widget-wrap elementor-element-populated\">\n\t\t\t\t\t\t\t\t<div class=\"elementor-element elementor-element-8cd1186 elementor-position-top elementor-vertical-align-top elementor-widget elementor-widget-image-box\" data-id=\"8cd1186\" data-element_type=\"widget\" data-widget_type=\"image-box.default\">\n\t\t\t\t<div class=\"elementor-widget-container\">\n\t\t\t<div class=\"elementor-image-box-wrapper\"><figure class=\"elementor-image-box-img\"><a href=\"https:\/\/www2.iepcjalisco.org.mx\/consulta-popular-pacto-fiscal-2021\/wp-content\/uploads\/2021\/11\/UNIVA-Sistema-de-Coordinacio\u0301n-Fiscal.pdf\"><img loading=\"lazy\" decoding=\"async\" width=\"300\" height=\"300\" src=\"https:\/\/www2.iepcjalisco.org.mx\/consulta-popular-pacto-fiscal-2021\/wp-content\/uploads\/2021\/11\/top_logo_univa-1-300x300.png\" class=\"attachment-medium size-medium\" alt=\"\" \/><\/a><\/figure><div class=\"elementor-image-box-content\"><p class=\"elementor-image-box-description\">Consultar respuesta<\/p><\/div><\/div>\t\t<\/div>\n\t\t\t\t<\/div>\n\t\t\t\t<div class=\"elementor-element elementor-element-2b7a8f5 elementor-position-top elementor-vertical-align-top elementor-widget elementor-widget-image-box\" data-id=\"2b7a8f5\" data-element_type=\"widget\" data-widget_type=\"image-box.default\">\n\t\t\t\t<div class=\"elementor-widget-container\">\n\t\t\t<div class=\"elementor-image-box-wrapper\"><figure class=\"elementor-image-box-img\"><a href=\"https:\/\/www2.iepcjalisco.org.mx\/consulta-popular-pacto-fiscal-2021\/wp-content\/uploads\/2021\/11\/1_4963053126794871252.pdf\"><img loading=\"lazy\" decoding=\"async\" width=\"1280\" height=\"607\" src=\"https:\/\/www2.iepcjalisco.org.mx\/consulta-popular-pacto-fiscal-2021\/wp-content\/uploads\/2021\/11\/WhatsApp-Image-2021-11-22-at-2.22.08-PM.jpeg\" class=\"attachment-full size-full\" alt=\"\" \/><\/a><\/figure><div class=\"elementor-image-box-content\"><p class=\"elementor-image-box-description\">Consultar respuesta<\/p><\/div><\/div>\t\t<\/div>\n\t\t\t\t<\/div>\n\t\t\t\t\t<\/div>\n\t\t<\/div>\n\t\t\t\t<div class=\"elementor-column elementor-col-33 elementor-inner-column elementor-element elementor-element-c07a103\" data-id=\"c07a103\" data-element_type=\"column\">\n\t\t\t<div class=\"elementor-widget-wrap elementor-element-populated\">\n\t\t\t\t\t\t\t\t<div class=\"elementor-element elementor-element-718d7c6 elementor-position-top elementor-vertical-align-top elementor-widget elementor-widget-image-box\" data-id=\"718d7c6\" data-element_type=\"widget\" data-widget_type=\"image-box.default\">\n\t\t\t\t<div class=\"elementor-widget-container\">\n\t\t\t<div class=\"elementor-image-box-wrapper\"><figure class=\"elementor-image-box-img\"><a href=\"https:\/\/www2.iepcjalisco.org.mx\/consulta-popular-pacto-fiscal-2021\/wp-content\/uploads\/2021\/11\/UP-Sistema-de-Coordinacio\u0301n-Fiscal.pdf\"><img loading=\"lazy\" decoding=\"async\" width=\"300\" height=\"245\" src=\"https:\/\/www2.iepcjalisco.org.mx\/consulta-popular-pacto-fiscal-2021\/wp-content\/uploads\/2021\/11\/escudo_CV001-300x245.jpg\" class=\"attachment-medium size-medium\" alt=\"\" \/><\/a><\/figure><div class=\"elementor-image-box-content\"><p class=\"elementor-image-box-description\">Consultar respuesta<\/p><\/div><\/div>\t\t<\/div>\n\t\t\t\t<\/div>\n\t\t\t\t<div class=\"elementor-element elementor-element-d1782ed elementor-position-top elementor-vertical-align-top elementor-widget elementor-widget-image-box\" data-id=\"d1782ed\" data-element_type=\"widget\" data-widget_type=\"image-box.default\">\n\t\t\t\t<div class=\"elementor-widget-container\">\n\t\t\t<div class=\"elementor-image-box-wrapper\"><figure class=\"elementor-image-box-img\"><a href=\"https:\/\/www2.iepcjalisco.org.mx\/consulta-popular-pacto-fiscal-2021\/wp-content\/uploads\/2021\/11\/SNCF.pdf\"><img loading=\"lazy\" decoding=\"async\" width=\"195\" height=\"195\" src=\"https:\/\/www2.iepcjalisco.org.mx\/consulta-popular-pacto-fiscal-2021\/wp-content\/uploads\/2021\/11\/colegio_jalisco.jpg\" class=\"attachment-medium size-medium\" alt=\"\" \/><\/a><\/figure><div class=\"elementor-image-box-content\"><p class=\"elementor-image-box-description\">Consultar respuesta<\/p><\/div><\/div>\t\t<\/div>\n\t\t\t\t<\/div>\n\t\t\t\t\t<\/div>\n\t\t<\/div>\n\t\t\t\t<div class=\"elementor-column elementor-col-33 elementor-inner-column elementor-element elementor-element-79234a3\" data-id=\"79234a3\" data-element_type=\"column\">\n\t\t\t<div class=\"elementor-widget-wrap elementor-element-populated\">\n\t\t\t\t\t\t\t\t<div class=\"elementor-element elementor-element-9ab6d7d elementor-position-top elementor-vertical-align-top elementor-widget elementor-widget-image-box\" data-id=\"9ab6d7d\" data-element_type=\"widget\" data-widget_type=\"image-box.default\">\n\t\t\t\t<div class=\"elementor-widget-container\">\n\t\t\t<div class=\"elementor-image-box-wrapper\"><figure class=\"elementor-image-box-img\"><a href=\"https:\/\/www2.iepcjalisco.org.mx\/consulta-popular-pacto-fiscal-2021\/wp-content\/uploads\/2021\/11\/Coordinacio\u0301n-Fiscal-IEPC-pacto-fiscal-ITESO-06112021.docx\"><img loading=\"lazy\" decoding=\"async\" width=\"173\" height=\"300\" src=\"https:\/\/www2.iepcjalisco.org.mx\/consulta-popular-pacto-fiscal-2021\/wp-content\/uploads\/2021\/11\/iteso-173x300.jpg\" class=\"attachment-medium size-medium\" alt=\"\" \/><\/a><\/figure><div class=\"elementor-image-box-content\"><p class=\"elementor-image-box-description\">Consultar respuesta<\/p><\/div><\/div>\t\t<\/div>\n\t\t\t\t<\/div>\n\t\t\t\t<div class=\"elementor-element elementor-element-e706094 elementor-position-top elementor-vertical-align-top elementor-widget elementor-widget-image-box\" data-id=\"e706094\" data-element_type=\"widget\" data-widget_type=\"image-box.default\">\n\t\t\t\t<div class=\"elementor-widget-container\">\n\t\t\t<div class=\"elementor-image-box-wrapper\"><figure class=\"elementor-image-box-img\"><a href=\"https:\/\/www2.iepcjalisco.org.mx\/consulta-popular-pacto-fiscal-2021\/wp-content\/uploads\/2021\/11\/Preguntas-y-Respuestas-sobre-la-Consulta-Popular-Tec-de-Monterrey.docx\"><img loading=\"lazy\" decoding=\"async\" width=\"300\" height=\"300\" src=\"https:\/\/www2.iepcjalisco.org.mx\/consulta-popular-pacto-fiscal-2021\/wp-content\/uploads\/2021\/11\/tec-de-monterrey-becas-para-mexicanos-300x300.jpg\" class=\"attachment-medium size-medium\" alt=\"\" \/><\/a><\/figure><div class=\"elementor-image-box-content\"><p class=\"elementor-image-box-description\">Consultar respuesta<\/p><\/div><\/div>\t\t<\/div>\n\t\t\t\t<\/div>\n\t\t\t\t\t<\/div>\n\t\t<\/div>\n\t\t\t\t\t\t\t<\/div>\n\t\t<\/section>\n\t\t\t\t<div class=\"elementor-element elementor-element-49d0627 elementor-widget elementor-widget-text-editor\" data-id=\"49d0627\" data-element_type=\"widget\" data-widget_type=\"text-editor.default\">\n\t\t\t\t<div class=\"elementor-widget-container\">\n\t\t\t\t\t\t\t<p>Cabe destacar que se solicit\u00f3 colaboraci\u00f3n de remitir informaci\u00f3n a la Universidad Aut\u00f3noma de Guadalajara y a la Universidad de Guadalajara, al momento no han enviado la informaci\u00f3n.<\/p>\t\t\t\t\t\t<\/div>\n\t\t\t\t<\/div>\n\t\t\t\t\t<\/div>\n\t\t<\/div>\n\t\t\t\t\t\t\t<\/div>\n\t\t<\/section>\n\t\t\t\t\t\t<\/div>\n\t\t\t\t\t<\/div>\n\t\t","protected":false},"excerpt":{"rendered":"<p>La Consulta Popular es el mecanismo mediante el cual los habitantes del\u00a0 Estado, un municipio o demarcaci\u00f3n territorial, expresan sus opiniones respecto a temas de car\u00e1cter p\u00fablico o impacto social que son consultados por la autoridad correspondiente. (Art. 97 LSPCPGEJ). El gobernador del estado solicit\u00f3 realizar una consulta sobre la revisi\u00f3n del pacto fiscal que [&hellip;]<\/p>\n","protected":false},"author":1,"featured_media":0,"parent":0,"menu_order":0,"comment_status":"closed","ping_status":"closed","template":"","meta":{"footnotes":""},"class_list":["post-71","page","type-page","status-publish","hentry"],"_links":{"self":[{"href":"https:\/\/www2.iepcjalisco.org.mx\/consulta-popular-pacto-fiscal-2021\/index.php?rest_route=\/wp\/v2\/pages\/71","targetHints":{"allow":["GET"]}}],"collection":[{"href":"https:\/\/www2.iepcjalisco.org.mx\/consulta-popular-pacto-fiscal-2021\/index.php?rest_route=\/wp\/v2\/pages"}],"about":[{"href":"https:\/\/www2.iepcjalisco.org.mx\/consulta-popular-pacto-fiscal-2021\/index.php?rest_route=\/wp\/v2\/types\/page"}],"author":[{"embeddable":true,"href":"https:\/\/www2.iepcjalisco.org.mx\/consulta-popular-pacto-fiscal-2021\/index.php?rest_route=\/wp\/v2\/users\/1"}],"replies":[{"embeddable":true,"href":"https:\/\/www2.iepcjalisco.org.mx\/consulta-popular-pacto-fiscal-2021\/index.php?rest_route=%2Fwp%2Fv2%2Fcomments&post=71"}],"version-history":[{"count":70,"href":"https:\/\/www2.iepcjalisco.org.mx\/consulta-popular-pacto-fiscal-2021\/index.php?rest_route=\/wp\/v2\/pages\/71\/revisions"}],"predecessor-version":[{"id":1013,"href":"https:\/\/www2.iepcjalisco.org.mx\/consulta-popular-pacto-fiscal-2021\/index.php?rest_route=\/wp\/v2\/pages\/71\/revisions\/1013"}],"wp:attachment":[{"href":"https:\/\/www2.iepcjalisco.org.mx\/consulta-popular-pacto-fiscal-2021\/index.php?rest_route=%2Fwp%2Fv2%2Fmedia&parent=71"}],"curies":[{"name":"wp","href":"https:\/\/api.w.org\/{rel}","templated":true}]}}