{"id":3886,"date":"2015-02-02T01:29:59","date_gmt":"2015-02-01T17:29:59","guid":{"rendered":"http:\/\/www.rd-themes.com\/TheFox\/?page_id=3886"},"modified":"2026-01-21T13:22:48","modified_gmt":"2026-01-21T19:22:48","slug":"inclusion","status":"publish","type":"page","link":"https:\/\/www2.iepcjalisco.org.mx\/educacion-civica\/inclusion\/","title":{"rendered":"Inclusi\u00f3n"},"content":{"rendered":"<p>[vc_row type=&#8221;full-width-section&#8221; css=&#8221;.vc_custom_1466785173226{margin-bottom: 0px !important;border-top-width: 1px !important;border-bottom-width: 1px !important;padding-top: 50px !important;padding-bottom: 50px !important;background-color: #f9fafb !important;border-top-color: #ecf0f1 !important;border-top-style: solid !important;border-bottom-color: #ecf0f1 !important;border-bottom-style: solid !important;}&#8221;][vc_column width=&#8221;2\/12&#8243; css=&#8221;.vc_custom_1422813718196{padding-bottom: 49px !important;}&#8221;][\/vc_column][vc_column width=&#8221;8\/12&#8243;][vc_custom_heading text=&#8221;\u00bfQu\u00e9 hace el IEPC &#8221; font_container=&#8221;tag:h2|font_size:36|text_align:center&#8221; google_fonts=&#8221;font_family:Lato%3A100%2C100italic%2C300%2C300italic%2Cregular%2Citalic%2C700%2C700italic%2C900%2C900italic|font_style:300%20light%20regular%3A300%3Anormal&#8221; css=&#8221;.vc_custom_1466451582837{margin-bottom: 15px !important;}&#8221;][vc_custom_heading text=&#8221;en materia de Inclusi\u00f3n?&#8221; font_container=&#8221;tag:h2|font_size:36|text_align:center&#8221; google_fonts=&#8221;font_family:Lato%3A100%2C100italic%2C300%2C300italic%2Cregular%2Citalic%2C700%2C700italic%2C900%2C900italic|font_style:700%20bold%20regular%3A700%3Anormal&#8221; css=&#8221;.vc_custom_1466451591405{margin-bottom: 18px !important;}&#8221;][vc_column_text css=&#8221;.vc_custom_1466785601888{margin-bottom: 18px !important;}&#8221;]<\/p>\n<p><strong>El Instituto Electoral promueve e implementa acciones para impulsar la cultura no discriminatoria<\/strong> hacia las personas con discapacidad y desarrolla proyectos con el prop\u00f3sito de fortalecer la eliminaci\u00f3n de barreras f\u00edsicas, culturales, sociales y laborales que afrontan las personas con discapacidad temporal o permanente.<\/p>\n<p>[\/vc_column_text][vc_video link=&#8221;https:\/\/youtu.be\/XAkhMqN6RB0&#8243; el_width=&#8221;70&#8243; align=&#8221;center&#8221;][\/vc_column][vc_column width=&#8221;2\/12&#8243;][\/vc_column][\/vc_row][vc_row css=&#8221;.vc_custom_1422812862331{margin-bottom: 0px !important;padding-top: 95px !important;padding-bottom: 100px !important;}&#8221;][vc_column][vc_custom_heading text=&#8221;Marco <strong>Normativo<\/strong>&#8221; font_container=&#8221;tag:h2|font_size:36|text_align:left&#8221; google_fonts=&#8221;font_family:Lato%3A100%2C100italic%2C300%2C300italic%2Cregular%2Citalic%2C700%2C700italic%2C900%2C900italic|font_style:300%20light%20regular%3A300%3Anormal&#8221; css=&#8221;.vc_custom_1466452041716{margin-bottom: 19px !important;}&#8221;][vc_column_text css=&#8221;.vc_custom_1466451987629{margin-bottom: 25px !important;}&#8221;]<strong>La Convenci\u00f3n sobre los derechos de las personas con discapacidad <\/strong>se concibi\u00f3 como un instrumento de derechos humanos, con una dimensi\u00f3n expl\u00edcita de desarrollo social, que adopta una amplia clasificaci\u00f3n de las personas con discapacidad y reafirma que deben poder gozar de todos los derechos humanos y libertades fundamentales.[\/vc_column_text][vc_column_text css=&#8221;.vc_custom_1466452004702{margin-bottom: 25px !important;}&#8221;]La Convenci\u00f3n antes mencionada\u00a0en su art\u00edculo 29, inciso a), apartado i) se\u00f1ala la garant\u00eda de que los procedimientos, instalaciones y materiales electorales sean adecuados, accesibles, f\u00e1ciles de entender y utilizar; en el apartado ii) menciona la protecci\u00f3n del derecho de las personas con discapacidad a emitir su voto en secreto en elecciones y refer\u00e9ndum p\u00fablicos sin intimidaci\u00f3n, y a presentarse efectivamente como candidatas en las elecciones, ejercer cargos y desempe\u00f1ar cualquier funci\u00f3n p\u00fablica a todos los niveles de gobierno, facilitando el uso de nuevas tecnolog\u00edas y tecnolog\u00edas de apoyo cuando proceda.[\/vc_column_text]<style>#b_r73h6x8hmzwtgn94jxbf a{color:#8224e3; background:; border-style:solid; border-color:#8224e3; margin-top:0px; margin-bottom:0px;  margin-left:0px; margin-right:0px; font-weight:900; border-radius:0px;}#b_r73h6x8hmzwtgn94jxbf a:hover{color: ; background: ; border-color:;}<\/style><div class=\"ta_center tf_btn_pos\" id=\"b_r73h6x8hmzwtgn94jxbf\" ><a class=\"rd_stroke_bt large_rd_bt border_1px  bt_icon_left   \" href=\"http:\/\/www.un.org\/esa\/socdev\/enable\/documents\/tccconvs.pdf\" target=\"yes\" ><i class=\"file-pdf19\" ><\/i><span>Convenci\u00f3n sobre los derechos de las personas con discapacidad<\/span><\/a><\/div><style>#b_r73h6x8hmzwtgn94jxbf i {color:#8224e3;}#b_r73h6x8hmzwtgn94jxbf a:hover i{color:;}<\/style><style> @font-face{font-family: 'file'; src:url('https:\/\/www2.iepcjalisco.org.mx\/educacion-civica\/wp-content\/themes\/TheFox\/includes\/4k-icons\/icons\/4k-icons-pack02\/icons\/fonts\/file.eot'); src:url('https:\/\/www2.iepcjalisco.org.mx\/educacion-civica\/wp-content\/themes\/TheFox\/includes\/4k-icons\/icons\/4k-icons-pack02\/icons\/fonts\/file.eot?#iefix') format('embedded-opentype'), url('https:\/\/www2.iepcjalisco.org.mx\/educacion-civica\/wp-content\/themes\/TheFox\/includes\/4k-icons\/icons\/4k-icons-pack02\/icons\/fonts\/file.woff') format('woff'), url('https:\/\/www2.iepcjalisco.org.mx\/educacion-civica\/wp-content\/themes\/TheFox\/includes\/4k-icons\/icons\/4k-icons-pack02\/icons\/fonts\/file.ttf') format('truetype'), url('https:\/\/www2.iepcjalisco.org.mx\/educacion-civica\/wp-content\/themes\/TheFox\/includes\/4k-icons\/icons\/4k-icons-pack02\/icons\/fonts\/file.svg#oi') format('svg'); font-weight: normal; font-style: normal;}#b_r73h6x8hmzwtgn94jxbf .file-pdf19:before{font-family: 'file'; font-weight: normal; font-style: normal;}#b_r73h6x8hmzwtgn94jxbf .file-pdf19:before{content: \"\\e878\";}<\/style>\n[\/vc_column][\/vc_row][vc_row type=&#8221;full-width-section&#8221; parallax_background=&#8221;1&#8243; css=&#8221;.vc_custom_1466783960651{margin-bottom: 0px !important;padding-top: 92px !important;padding-bottom: 93px !important;background-color: #8031a7 !important;}&#8221; font_color=&#8221;#ffffff&#8221;][vc_column][vc_custom_heading text=&#8221;&#8220;Rompe barreras y abre puertas: para alcanzar una sociedad inclusiva para todos&#8220;&#8221; font_container=&#8221;tag:h2|font_size:36|text_align:center|color:%23ffffff&#8221; google_fonts=&#8221;font_family:Lato%3A100%2C100italic%2C300%2C300italic%2Cregular%2Citalic%2C700%2C700italic%2C900%2C900italic|font_style:700%20bold%20regular%3A700%3Anormal&#8221; css=&#8221;.vc_custom_1466783894192{margin-bottom: 43px !important;}&#8221;][\/vc_column][\/vc_row][vc_row type=&#8221;full-width-section&#8221; css=&#8221;.vc_custom_1466783459607{margin-bottom: 0px !important;border-top-width: 1px !important;border-bottom-width: 1px !important;padding-top: 50px !important;padding-bottom: 40px !important;background-color: #ffffff !important;border-top-color: #ecf0f1 !important;border-top-style: solid !important;border-bottom-color: #ecf0f1 !important;border-bottom-style: solid !important;}&#8221;][vc_column][vc_custom_heading text=&#8221;Acciones <strong>Incluyentes<\/strong>&#8221; font_container=&#8221;tag:h2|font_size:36|text_align:center&#8221; google_fonts=&#8221;font_family:Lato%3A100%2C100italic%2C300%2C300italic%2Cregular%2Citalic%2C700%2C700italic%2C900%2C900italic|font_style:300%20light%20regular%3A300%3Anormal&#8221; css=&#8221;.vc_custom_1466782235090{margin-bottom: 19px !important;}&#8221;][vc_column_text css=&#8221;.vc_custom_1466783499739{margin-bottom: 25px !important;}&#8221;]<\/p>\n<h3 style=\"text-align: center;\"><strong>El Instituto Electoral<\/strong> promueve e implementa acciones para impulsar<br \/>\nla cultura no discriminatoria hacia las personas con discapacidad.<\/h3>\n<p>[\/vc_column_text][vc_row_inner][vc_column_inner width=&#8221;1\/2&#8243;][vc_single_image image=&#8221;7504&#8243; img_size=&#8221;full&#8221; alignment=&#8221;center&#8221; onclick=&#8221;custom_link&#8221; img_link_target=&#8221;_blank&#8221; link=&#8221;http:\/\/www.stps.gob.mx\/bp\/micrositios\/beneficios_fiscales\/DEI%202014.pdf&#8221;][\/vc_column_inner][vc_column_inner width=&#8221;1\/2&#8243;][vc_column_text css=&#8221;.vc_custom_1466783243978{padding-top: 100px !important;}&#8221;]<\/p>\n<h4>En este 2015<strong>, obtuvo el Distintivo Empresa Incluyente: <\/strong><\/h4>\n<h4><strong>\u201cGilberto Rinc\u00f3n Gallardo\u201d<\/strong><\/h4>\n<h4>El Distintivo Empresa Incluyente \u201cGilberto Rinc\u00f3n Gallardo\u201d\u00ae es una estrategia de la Secretar\u00eda del Trabajo y Previsi\u00f3n Social para reconocer a los centros de trabajo que cuentan en su plantilla laboral con personas en situaci\u00f3n de vulnerabilidad.<\/h4>\n<p>[\/vc_column_text][\/vc_column_inner][\/vc_row_inner][\/vc_column][\/vc_row][vc_row type=&#8221;full-width-section&#8221; css=&#8221;.vc_custom_1466785264349{margin-bottom: 0px !important;border-bottom-width: 0px !important;padding-top: 70px !important;padding-bottom: 50px !important;background-color: #f9f9f9 !important;}&#8221;][vc_column][vc_custom_heading text=&#8221;Articulos <strong>Relacionados<\/strong>&#8221; font_container=&#8221;tag:h2|font_size:36|text_align:center&#8221; google_fonts=&#8221;font_family:Lato%3A100%2C100italic%2C300%2C300italic%2Cregular%2Citalic%2C700%2C700italic%2C900%2C900italic|font_style:300%20light%20regular%3A300%3Anormal&#8221; css=&#8221;.vc_custom_1466785090517{margin-bottom: 19px !important;}&#8221;][vc_row_inner css=&#8221;.vc_custom_1466785136981{padding-top: 50px !important;}&#8221;][vc_column_inner width=&#8221;1\/4&#8243;][vc_single_image image=&#8221;7515&#8243; img_size=&#8221;full&#8221; alignment=&#8221;center&#8221; style=&#8221;vc_box_border&#8221; onclick=&#8221;custom_link&#8221; img_link_target=&#8221;_blank&#8221; animation=&#8221;rda_fadeInDown&#8221; link=&#8221;https:\/\/www2.iepcjalisco.org.mx\/educacion-civica\/wp-content\/uploads\/2016\/06\/guia_discapacidad_0.pdf&#8221; css=&#8221;.vc_custom_1466784842971{padding-right: 5px !important;padding-left: 5px !important;}&#8221;][\/vc_column_inner][vc_column_inner width=&#8221;1\/4&#8243;][vc_single_image image=&#8221;7516&#8243; img_size=&#8221;full&#8221; alignment=&#8221;center&#8221; style=&#8221;vc_box_border&#8221; onclick=&#8221;custom_link&#8221; img_link_target=&#8221;_blank&#8221; animation=&#8221;rda_fadeInDown&#8221; link=&#8221;https:\/\/www2.iepcjalisco.org.mx\/educacion-civica\/wp-content\/uploads\/2016\/06\/guia_para_elaborar_documentos_accesibles.pdf&#8221; css=&#8221;.vc_custom_1466784886228{padding-right: 5px !important;padding-left: 5px !important;}&#8221;][\/vc_column_inner][vc_column_inner width=&#8221;1\/4&#8243;][vc_single_image image=&#8221;7517&#8243; img_size=&#8221;full&#8221; alignment=&#8221;center&#8221; style=&#8221;vc_box_border&#8221; onclick=&#8221;custom_link&#8221; img_link_target=&#8221;_blank&#8221; animation=&#8221;rda_fadeInDown&#8221; link=&#8221;https:\/\/www2.iepcjalisco.org.mx\/educacion-civica\/wp-content\/uploads\/2016\/06\/glosario_discapacidad.pdf&#8221; css=&#8221;.vc_custom_1466784897452{padding-right: 5px !important;padding-left: 5px !important;}&#8221;][\/vc_column_inner][vc_column_inner width=&#8221;1\/4&#8243;][vc_single_image image=&#8221;7518&#8243; img_size=&#8221;full&#8221; alignment=&#8221;center&#8221; style=&#8221;vc_box_border&#8221; onclick=&#8221;custom_link&#8221; img_link_target=&#8221;_blank&#8221; animation=&#8221;rda_fadeInDown&#8221; link=&#8221;https:\/\/www2.iepcjalisco.org.mx\/educacion-civica\/wp-content\/uploads\/2016\/06\/convencion_derechos_personas_discapacidad.pdf&#8221; css=&#8221;.vc_custom_1466784906290{padding-right: 5px !important;padding-left: 5px !important;}&#8221;][\/vc_column_inner][\/vc_row_inner][\/vc_column][\/vc_row]<\/p>\n","protected":false},"excerpt":{"rendered":"<p>[vc_row type=&#8221;full-width-section&#8221; css=&#8221;.vc_custom_1466785173226{margin-bottom: 0px !important;border-top-width: 1px !important;border-bottom-width: 1px !important;padding-top: 50px !important;padding-bottom: 50px !important;background-color: #f9fafb !important;border-top-color: #ecf0f1 !important;border-top-style: solid !important;border-bottom-color: #ecf0f1 !important;border-bottom-style: solid !important;}&#8221;][vc_column width=&#8221;2\/12&#8243; css=&#8221;.vc_custom_1422813718196{padding-bottom: 49px !important;}&#8221;][\/vc_column][vc_column width=&#8221;8\/12&#8243;][vc_custom_heading text=&#8221;\u00bfQu\u00e9 hace el IEPC &#8221; font_container=&#8221;tag:h2|font_size:36|text_align:center&#8221; google_fonts=&#8221;font_family:Lato%3A100%2C100italic%2C300%2C300italic%2Cregular%2Citalic%2C700%2C700italic%2C900%2C900italic|font_style:300%20light%20regular%3A300%3Anormal&#8221; css=&#8221;.vc_custom_1466451582837{margin-bottom: 15px !important;}&#8221;][vc_custom_heading text=&#8221;en materia de Inclusi\u00f3n?&#8221; font_container=&#8221;tag:h2|font_size:36|text_align:center&#8221; google_fonts=&#8221;font_family:Lato%3A100%2C100italic%2C300%2C300italic%2Cregular%2Citalic%2C700%2C700italic%2C900%2C900italic|font_style:700%20bold%20regular%3A700%3Anormal&#8221; css=&#8221;.vc_custom_1466451591405{margin-bottom: 18px !important;}&#8221;][vc_column_text css=&#8221;.vc_custom_1466785601888{margin-bottom: 18px !important;}&#8221;] El Instituto Electoral promueve e<br \/><a href=\"https:\/\/www2.iepcjalisco.org.mx\/educacion-civica\/inclusion\/\" class=\"more\">Read more<\/a><\/p>\n","protected":false},"author":2,"featured_media":0,"parent":0,"menu_order":0,"comment_status":"closed","ping_status":"open","template":"","meta":{"footnotes":""},"class_list":["post-3886","page","type-page","status-publish","hentry"],"_links":{"self":[{"href":"https:\/\/www2.iepcjalisco.org.mx\/educacion-civica\/wp-json\/wp\/v2\/pages\/3886","targetHints":{"allow":["GET"]}}],"collection":[{"href":"https:\/\/www2.iepcjalisco.org.mx\/educacion-civica\/wp-json\/wp\/v2\/pages"}],"about":[{"href":"https:\/\/www2.iepcjalisco.org.mx\/educacion-civica\/wp-json\/wp\/v2\/types\/page"}],"author":[{"embeddable":true,"href":"https:\/\/www2.iepcjalisco.org.mx\/educacion-civica\/wp-json\/wp\/v2\/users\/2"}],"replies":[{"embeddable":true,"href":"https:\/\/www2.iepcjalisco.org.mx\/educacion-civica\/wp-json\/wp\/v2\/comments?post=3886"}],"version-history":[{"count":0,"href":"https:\/\/www2.iepcjalisco.org.mx\/educacion-civica\/wp-json\/wp\/v2\/pages\/3886\/revisions"}],"wp:attachment":[{"href":"https:\/\/www2.iepcjalisco.org.mx\/educacion-civica\/wp-json\/wp\/v2\/media?parent=3886"}],"curies":[{"name":"wp","href":"https:\/\/api.w.org\/{rel}","templated":true}]}}