{"id":110,"date":"2016-11-16T17:30:24","date_gmt":"2016-11-16T17:30:24","guid":{"rendered":"https:\/\/www2.iepcjalisco.org.mx\/iepc-en-la-fil\/?page_id=110"},"modified":"2016-11-18T19:28:13","modified_gmt":"2016-11-18T19:28:13","slug":"sabado-03-de-diciembre","status":"publish","type":"page","link":"https:\/\/www2.iepcjalisco.org.mx\/iepc-en-la-fil\/?page_id=110","title":{"rendered":"D\u00eda 5: S\u00e1bado 03 de Diciembre"},"content":{"rendered":"<p><img loading=\"lazy\" decoding=\"async\" class=\"alignnone size-full wp-image-32\" src=\"https:\/\/www2.iepcjalisco.org.mx\/iepc-en-la-fil\/wp-content\/uploads\/2016\/11\/Recurso-10@2x.png\" alt=\"recurso-102x\" width=\"64\" height=\"81\" \/><\/p>\n<p><span style=\"color: #7f4672; font-size: 25px;\"><strong>PRESENTACIONES DE LIBROS\u00a0\u00c1REA INTERNACIONAL<\/strong><\/span><\/p>\n<p><span style=\"color: #ac4d74; font-size: 20px;\"><strong>11:00 hrs<\/strong>.<\/span> |\u00a0Sal\u00f3n C<br \/>\n<em>De la cuota de g\u00e9nero a la paridad<br \/>\n<\/em>Jorge Alcocer Villanueva (comp.)<em><br \/>\n<\/em><br \/>\n<strong>PRESENTAN:<\/strong> Jorge Arist\u00f3teles Sandoval, Jos\u00e9 Tom\u00e1s Figueroa, Clara Scherer, Silvia Hern\u00e1ndez, Marcela Torres Peimbert y Jorge Alcocer<br \/>\n<strong>MODERA:<\/strong> Guillermo Alcaraz Cross<\/p>\n<p>___________________________________________________________________________________<\/p>\n<p><span style=\"color: #ac4d74;\"><strong>Concurso \u201c#Yo te incluyo, #Yo me incluyo\u201d<\/strong> <\/span>Participa en nuestro concurso y gana hasta $2,500 pesos en vales para libros. Acude a nuestro stand y aprende a decir \u201c#Yo te incluyo, #Yo me incluyo\u201d en Lengua de Se\u00f1as Mexicana. Sube tu video a nuestra p\u00e1gina de Facebook (IEPC Jalisco) y los tres videos con el mayor n\u00famero de likes ser\u00e1n los ganadores. Todos los d\u00edas de la FIL en nuestro stand.<\/p>\n<p><img loading=\"lazy\" decoding=\"async\" class=\"alignnone wp-image-20\" src=\"https:\/\/www2.iepcjalisco.org.mx\/iepc-en-la-fil\/wp-content\/uploads\/2016\/11\/cropped-Recurso-2@2x-150x150.png\" alt=\"cropped-Recurso-2@2x.png\" width=\"94\" height=\"91\" \/><\/p>\n","protected":false},"excerpt":{"rendered":"<p>PRESENTACIONES DE LIBROS\u00a0\u00c1REA INTERNACIONAL 11:00 hrs. |\u00a0Sal\u00f3n C De la cuota de g\u00e9nero a la paridad Jorge Alcocer Villanueva (comp.) PRESENTAN: Jorge Arist\u00f3teles Sandoval, Jos\u00e9 Tom\u00e1s Figueroa, Clara Scherer, Silvia Hern\u00e1ndez, Marcela Torres Peimbert y Jorge Alcocer MODERA: Guillermo Alcaraz Cross ___________________________________________________________________________________ Concurso \u201c#Yo te incluyo, #Yo me incluyo\u201d Participa&#8230;<\/p>\n","protected":false},"author":1,"featured_media":0,"parent":0,"menu_order":0,"comment_status":"closed","ping_status":"closed","template":"","meta":{"footnotes":""},"class_list":["post-110","page","type-page","status-publish","hentry"],"_links":{"self":[{"href":"https:\/\/www2.iepcjalisco.org.mx\/iepc-en-la-fil\/index.php?rest_route=\/wp\/v2\/pages\/110","targetHints":{"allow":["GET"]}}],"collection":[{"href":"https:\/\/www2.iepcjalisco.org.mx\/iepc-en-la-fil\/index.php?rest_route=\/wp\/v2\/pages"}],"about":[{"href":"https:\/\/www2.iepcjalisco.org.mx\/iepc-en-la-fil\/index.php?rest_route=\/wp\/v2\/types\/page"}],"author":[{"embeddable":true,"href":"https:\/\/www2.iepcjalisco.org.mx\/iepc-en-la-fil\/index.php?rest_route=\/wp\/v2\/users\/1"}],"replies":[{"embeddable":true,"href":"https:\/\/www2.iepcjalisco.org.mx\/iepc-en-la-fil\/index.php?rest_route=%2Fwp%2Fv2%2Fcomments&post=110"}],"version-history":[{"count":3,"href":"https:\/\/www2.iepcjalisco.org.mx\/iepc-en-la-fil\/index.php?rest_route=\/wp\/v2\/pages\/110\/revisions"}],"predecessor-version":[{"id":140,"href":"https:\/\/www2.iepcjalisco.org.mx\/iepc-en-la-fil\/index.php?rest_route=\/wp\/v2\/pages\/110\/revisions\/140"}],"wp:attachment":[{"href":"https:\/\/www2.iepcjalisco.org.mx\/iepc-en-la-fil\/index.php?rest_route=%2Fwp%2Fv2%2Fmedia&parent=110"}],"curies":[{"name":"wp","href":"https:\/\/api.w.org\/{rel}","templated":true}]}}

Día 5: Sábado 03 de Diciembre

<p><img loading="lazy" decoding="async" class="alignnone size-full wp-image-32" src="https://www2.iepcjalisco.org.mx/iepc-en-la-fil/wp-content/uploads/2016/11/Recurso-10@2x.png" alt="recurso-102x" width="64" height="81" /></p>
<p><span style="color: #7f4672; font-size: 25px;"><strong>PRESENTACIONES DE LIBROS ÁREA INTERNACIONAL</strong></span></p>
<p><span style="color: #ac4d74; font-size: 20px;"><strong>11:00 hrs</strong>.</span> | Salón C<br />
<em>De la cuota de género a la paridad<br />
</em>Jorge Alcocer Villanueva (comp.)<em><br />
</em><br />
<strong>PRESENTAN:</strong> Jorge Aristóteles Sandoval, José Tomás Figueroa, Clara Scherer, Silvia Hernández, Marcela Torres Peimbert y Jorge Alcocer<br />
<strong>MODERA:</strong> Guillermo Alcaraz Cross</p>
<p>___________________________________________________________________________________</p>
<p><span style="color: #ac4d74;"><strong>Concurso “#Yo te incluyo, #Yo me incluyo”</strong> </span>Participa en nuestro concurso y gana hasta $2,500 pesos en vales para libros. Acude a nuestro stand y aprende a decir “#Yo te incluyo, #Yo me incluyo” en Lengua de Señas Mexicana. Sube tu video a nuestra página de Facebook (IEPC Jalisco) y los tres videos con el mayor número de likes serán los ganadores. Todos los días de la FIL en nuestro stand.</p>
<p><img loading="lazy" decoding="async" class="alignnone wp-image-20" src="https://www2.iepcjalisco.org.mx/iepc-en-la-fil/wp-content/uploads/2016/11/cropped-Recurso-2@2x-150x150.png" alt="cropped-Recurso-2@2x.png" width="94" height="91" /></p>

<p>PRESENTACIONES DE LIBROS ÁREA INTERNACIONAL 11:00 hrs. | Salón C De la cuota de género a la paridad Jorge Alcocer Villanueva (comp.) PRESENTAN: Jorge Aristóteles Sandoval, José Tomás Figueroa, Clara Scherer, Silvia Hernández, Marcela Torres Peimbert y Jorge Alcocer MODERA: Guillermo Alcaraz Cross ___________________________________________________________________________________ Concurso “#Yo te incluyo, #Yo me incluyo” Participa&#8230;</p>
