{"id":112,"date":"2016-11-16T17:39:56","date_gmt":"2016-11-16T17:39:56","guid":{"rendered":"https:\/\/www2.iepcjalisco.org.mx\/iepc-en-la-fil\/?page_id=112"},"modified":"2016-11-18T19:28:31","modified_gmt":"2016-11-18T19:28:31","slug":"domingo-04-de-diciembre","status":"publish","type":"page","link":"https:\/\/www2.iepcjalisco.org.mx\/iepc-en-la-fil\/?page_id=112","title":{"rendered":"D\u00eda 6: Domingo 04 de Diciembre"},"content":{"rendered":"<p><img loading=\"lazy\" decoding=\"async\" class=\"alignnone size-full wp-image-113\" src=\"https:\/\/www2.iepcjalisco.org.mx\/iepc-en-la-fil\/wp-content\/uploads\/2016\/11\/Recurso-11@2x.png\" alt=\"recurso-112x\" width=\"67\" height=\"81\" \/><\/p>\n<p><span style=\"color: #7f4672; font-size: 25px;\"><strong>PRESENTACIONES DE LIBROS\u00a0\u00c1REA INTERNACIONAL<\/strong><\/span><\/p>\n<p><span style=\"color: #ac4d74; font-size: 20px;\"><strong>16:00 hrs<\/strong>.<\/span> |\u00a0Sal\u00f3n C<br \/>\n<em>Gobierno abierto para la consolidaci\u00f3n democr\u00e1tica<br \/>\n<\/em>Rafael Mart\u00ednez Pu\u00f3n (ed.)<em><br \/>\n<\/em><br \/>\n<strong>PRESENTAN:<\/strong> Freddy Mari\u00f1ez Navarro, Cynthia Cantero Pacheco y Rafael Mart\u00ednez Pu\u00f3n<br \/>\n<strong>MODERA:<\/strong> Mario Ramos Gonz\u00e1lez.<\/p>\n<p>___________________________________________________________________________________<\/p>\n<p><span style=\"color: #ac4d74;\"><strong>Por vez primera <\/strong><\/span>nos acompa\u00f1an organismos de participaci\u00f3n locales de distintos estados, te invitamos a que conozcas la informaci\u00f3n detallada de sus actividades en nuestro stand.<\/p>\n<p><img loading=\"lazy\" decoding=\"async\" class=\"alignnone wp-image-20\" src=\"https:\/\/www2.iepcjalisco.org.mx\/iepc-en-la-fil\/wp-content\/uploads\/2016\/11\/cropped-Recurso-2@2x-150x150.png\" alt=\"cropped-Recurso-2@2x.png\" width=\"94\" height=\"91\" \/><\/p>\n","protected":false},"excerpt":{"rendered":"<p>PRESENTACIONES DE LIBROS\u00a0\u00c1REA INTERNACIONAL 16:00 hrs. |\u00a0Sal\u00f3n C Gobierno abierto para la consolidaci\u00f3n democr\u00e1tica Rafael Mart\u00ednez Pu\u00f3n (ed.) PRESENTAN: Freddy Mari\u00f1ez Navarro, Cynthia Cantero Pacheco y Rafael Mart\u00ednez Pu\u00f3n MODERA: Mario Ramos Gonz\u00e1lez. ___________________________________________________________________________________ Por vez primera nos acompa\u00f1an organismos de participaci\u00f3n locales de distintos estados, te invitamos a que&#8230;<\/p>\n","protected":false},"author":1,"featured_media":0,"parent":0,"menu_order":0,"comment_status":"closed","ping_status":"closed","template":"","meta":{"footnotes":""},"class_list":["post-112","page","type-page","status-publish","hentry"],"_links":{"self":[{"href":"https:\/\/www2.iepcjalisco.org.mx\/iepc-en-la-fil\/index.php?rest_route=\/wp\/v2\/pages\/112","targetHints":{"allow":["GET"]}}],"collection":[{"href":"https:\/\/www2.iepcjalisco.org.mx\/iepc-en-la-fil\/index.php?rest_route=\/wp\/v2\/pages"}],"about":[{"href":"https:\/\/www2.iepcjalisco.org.mx\/iepc-en-la-fil\/index.php?rest_route=\/wp\/v2\/types\/page"}],"author":[{"embeddable":true,"href":"https:\/\/www2.iepcjalisco.org.mx\/iepc-en-la-fil\/index.php?rest_route=\/wp\/v2\/users\/1"}],"replies":[{"embeddable":true,"href":"https:\/\/www2.iepcjalisco.org.mx\/iepc-en-la-fil\/index.php?rest_route=%2Fwp%2Fv2%2Fcomments&post=112"}],"version-history":[{"count":2,"href":"https:\/\/www2.iepcjalisco.org.mx\/iepc-en-la-fil\/index.php?rest_route=\/wp\/v2\/pages\/112\/revisions"}],"predecessor-version":[{"id":141,"href":"https:\/\/www2.iepcjalisco.org.mx\/iepc-en-la-fil\/index.php?rest_route=\/wp\/v2\/pages\/112\/revisions\/141"}],"wp:attachment":[{"href":"https:\/\/www2.iepcjalisco.org.mx\/iepc-en-la-fil\/index.php?rest_route=%2Fwp%2Fv2%2Fmedia&parent=112"}],"curies":[{"name":"wp","href":"https:\/\/api.w.org\/{rel}","templated":true}]}}

Día 6: Domingo 04 de Diciembre

<p><img loading="lazy" decoding="async" class="alignnone size-full wp-image-113" src="https://www2.iepcjalisco.org.mx/iepc-en-la-fil/wp-content/uploads/2016/11/Recurso-11@2x.png" alt="recurso-112x" width="67" height="81" /></p>
<p><span style="color: #7f4672; font-size: 25px;"><strong>PRESENTACIONES DE LIBROS ÁREA INTERNACIONAL</strong></span></p>
<p><span style="color: #ac4d74; font-size: 20px;"><strong>16:00 hrs</strong>.</span> | Salón C<br />
<em>Gobierno abierto para la consolidación democrática<br />
</em>Rafael Martínez Puón (ed.)<em><br />
</em><br />
<strong>PRESENTAN:</strong> Freddy Mariñez Navarro, Cynthia Cantero Pacheco y Rafael Martínez Puón<br />
<strong>MODERA:</strong> Mario Ramos González.</p>
<p>___________________________________________________________________________________</p>
<p><span style="color: #ac4d74;"><strong>Por vez primera </strong></span>nos acompañan organismos de participación locales de distintos estados, te invitamos a que conozcas la información detallada de sus actividades en nuestro stand.</p>
<p><img loading="lazy" decoding="async" class="alignnone wp-image-20" src="https://www2.iepcjalisco.org.mx/iepc-en-la-fil/wp-content/uploads/2016/11/cropped-Recurso-2@2x-150x150.png" alt="cropped-Recurso-2@2x.png" width="94" height="91" /></p>

<p>PRESENTACIONES DE LIBROS ÁREA INTERNACIONAL 16:00 hrs. | Salón C Gobierno abierto para la consolidación democrática Rafael Martínez Puón (ed.) PRESENTAN: Freddy Mariñez Navarro, Cynthia Cantero Pacheco y Rafael Martínez Puón MODERA: Mario Ramos González. ___________________________________________________________________________________ Por vez primera nos acompañan organismos de participación locales de distintos estados, te invitamos a que&#8230;</p>
