{"id":117,"date":"2016-11-16T19:11:27","date_gmt":"2016-11-16T19:11:27","guid":{"rendered":"https:\/\/www2.iepcjalisco.org.mx\/iepc-en-la-fil\/?page_id=117"},"modified":"2016-11-18T19:28:47","modified_gmt":"2016-11-18T19:28:47","slug":"mapa","status":"publish","type":"page","link":"https:\/\/www2.iepcjalisco.org.mx\/iepc-en-la-fil\/?page_id=117","title":{"rendered":"Ub\u00edcanos"},"content":{"rendered":"<p><span style=\"color: #7f4672; font-size: 25px;\"><strong>El IEPC en la EXPO Guadalajara: <br \/> Av. Mariano Otero n\u00fam. 1499, Col. Verde Valle, <br \/>C.P. 44550, Guadalajara, Jalisco, M\u00e9xico<\/strong><\/span><\/p>\n<h2>HORARIOS DE ATENCI\u00d3N AL P\u00daBLICO EN GENERAL:<\/h2>\n<p>26 y 27 de noviembre, 1, 2, 3 y 4 de diciembre, de 9:00 a 21:00 horas.<br \/>\n28, 29 y 30 de noviembre, de 17:00 a 21:00 horas<\/p>\n<h2>HORARIOS DE ATENCI\u00d3N A PROFESIONALES:<\/h2>\n<p>28, 29 y 30 de noviembre, de 9:00 a 17:00 horas<\/p>\n<p><iframe loading=\"lazy\" src=\"https:\/\/www.google.com\/maps\/embed?pb=!1m18!1m12!1m3!1d3733.3804791847797!2d-103.39396478441313!3d20.654094105837213!2m3!1f0!2f0!3f0!3m2!1i1024!2i768!4f13.1!3m3!1m2!1s0x8428addaf761b92d%3A0x2f0e04ac2a4f3e36!2sExpo+Guadalajara!5e0!3m2!1ses-419!2smx!4v1479485740543\" width=\"600\" height=\"450\" frameborder=\"0\" style=\"border:0\" allowfullscreen><\/iframe><\/p>\n<p><a href=\"https:\/\/www.fil.com.mx\/planos\/pla_eh\/pla_eh.html\" target=\"new\"><br \/>\n<img loading=\"lazy\" decoding=\"async\" class=\"alignnone wp-image-119\" src=\"https:\/\/www2.iepcjalisco.org.mx\/iepc-en-la-fil\/wp-content\/uploads\/2016\/11\/mapacompleto.png\" alt=\"mapa\" width=\"669\" height=\"474\" \/><\/a><\/p>\n<p>______________________________________________________________________________<\/p>\n<p><span style=\"color: #ac4d74;\"><strong>Por vez primera <\/strong><\/span>nos acompa\u00f1an organismos de participaci\u00f3n locales de distintos estados, te invitamos a que conozcas la informaci\u00f3n detallada de sus actividades en nuestro stand.<\/p>\n<p><span style=\"color: #ac4d74;\"><strong>Cuentacuentos\u00a0<\/strong><\/span>Asiste a nuestras sesiones de cuentacuentos de nuestros libros Martha, el valor de la tolerancia y Sara, el valor de la pluralidad. Todos los d\u00edas, en los distintos horarios: 13.00, 14:00, 15:00 y 16:00 hrs.<\/p>\n<p><span style=\"color: #ac4d74;\"><strong>Concurso \u201c#Yo te incluyo, #Yo me incluyo\u201d<\/strong> <\/span>Participa en nuestro concurso y gana hasta $2,500 pesos en vales para libros. Acude a nuestro stand y aprende a decir \u201c#Yo te incluyo, #Yo me incluyo\u201d en Lengua de Se\u00f1as Mexicana. Sube tu video a nuestra p\u00e1gina de Facebook (IEPC Jalisco) y los tres videos con el mayor n\u00famero de likes ser\u00e1n los ganadores. Todos los d\u00edas de la FIL en nuestro stand.<\/p>\n<p><span style=\"color: #ac4d74;\"><strong>Actividades de Educaci\u00f3n C\u00edvica <\/strong><\/span>Aprende conceptos de democracia y participaci\u00f3n mientras juegas en nuestro stand, actividad para toda la familia. Todos los d\u00edas en distintos horarios, revisa la programaci\u00f3n en las pantallas de nuestro stand.<\/p>\n<p><img loading=\"lazy\" decoding=\"async\" class=\"alignnone wp-image-20\" src=\"https:\/\/www2.iepcjalisco.org.mx\/iepc-en-la-fil\/wp-content\/uploads\/2016\/11\/cropped-Recurso-2@2x-150x150.png\" alt=\"cropped-Recurso-2@2x.png\" width=\"94\" height=\"91\" \/><\/p>\n","protected":false},"excerpt":{"rendered":"<p>El IEPC en la EXPO Guadalajara: Av. Mariano Otero n\u00fam. 1499, Col. Verde Valle, C.P. 44550, Guadalajara, Jalisco, M\u00e9xico HORARIOS DE ATENCI\u00d3N AL P\u00daBLICO EN GENERAL: 26 y 27 de noviembre, 1, 2, 3 y 4 de diciembre, de 9:00 a 21:00 horas. 28, 29 y 30 de noviembre, de&#8230;<\/p>\n","protected":false},"author":1,"featured_media":0,"parent":0,"menu_order":0,"comment_status":"closed","ping_status":"closed","template":"","meta":{"footnotes":""},"class_list":["post-117","page","type-page","status-publish","hentry"],"_links":{"self":[{"href":"https:\/\/www2.iepcjalisco.org.mx\/iepc-en-la-fil\/index.php?rest_route=\/wp\/v2\/pages\/117","targetHints":{"allow":["GET"]}}],"collection":[{"href":"https:\/\/www2.iepcjalisco.org.mx\/iepc-en-la-fil\/index.php?rest_route=\/wp\/v2\/pages"}],"about":[{"href":"https:\/\/www2.iepcjalisco.org.mx\/iepc-en-la-fil\/index.php?rest_route=\/wp\/v2\/types\/page"}],"author":[{"embeddable":true,"href":"https:\/\/www2.iepcjalisco.org.mx\/iepc-en-la-fil\/index.php?rest_route=\/wp\/v2\/users\/1"}],"replies":[{"embeddable":true,"href":"https:\/\/www2.iepcjalisco.org.mx\/iepc-en-la-fil\/index.php?rest_route=%2Fwp%2Fv2%2Fcomments&post=117"}],"version-history":[{"count":15,"href":"https:\/\/www2.iepcjalisco.org.mx\/iepc-en-la-fil\/index.php?rest_route=\/wp\/v2\/pages\/117\/revisions"}],"predecessor-version":[{"id":231,"href":"https:\/\/www2.iepcjalisco.org.mx\/iepc-en-la-fil\/index.php?rest_route=\/wp\/v2\/pages\/117\/revisions\/231"}],"wp:attachment":[{"href":"https:\/\/www2.iepcjalisco.org.mx\/iepc-en-la-fil\/index.php?rest_route=%2Fwp%2Fv2%2Fmedia&parent=117"}],"curies":[{"name":"wp","href":"https:\/\/api.w.org\/{rel}","templated":true}]}}

Ubícanos

<p><span style="color: #7f4672; font-size: 25px;"><strong>El IEPC en la EXPO Guadalajara: <br /> Av. Mariano Otero núm. 1499, Col. Verde Valle, <br />C.P. 44550, Guadalajara, Jalisco, México</strong></span></p>
<h2>HORARIOS DE ATENCIÓN AL PÚBLICO EN GENERAL:</h2>
<p>26 y 27 de noviembre, 1, 2, 3 y 4 de diciembre, de 9:00 a 21:00 horas.<br />
28, 29 y 30 de noviembre, de 17:00 a 21:00 horas</p>
<h2>HORARIOS DE ATENCIÓN A PROFESIONALES:</h2>
<p>28, 29 y 30 de noviembre, de 9:00 a 17:00 horas</p>
<p><iframe loading="lazy" src="https://www.google.com/maps/embed?pb=!1m18!1m12!1m3!1d3733.3804791847797!2d-103.39396478441313!3d20.654094105837213!2m3!1f0!2f0!3f0!3m2!1i1024!2i768!4f13.1!3m3!1m2!1s0x8428addaf761b92d%3A0x2f0e04ac2a4f3e36!2sExpo+Guadalajara!5e0!3m2!1ses-419!2smx!4v1479485740543" width="600" height="450" frameborder="0" style="border:0" allowfullscreen></iframe></p>
<p><a href="https://www.fil.com.mx/planos/pla_eh/pla_eh.html" target="new"><br />
<img loading="lazy" decoding="async" class="alignnone wp-image-119" src="https://www2.iepcjalisco.org.mx/iepc-en-la-fil/wp-content/uploads/2016/11/mapacompleto.png" alt="mapa" width="669" height="474" /></a></p>
<p>______________________________________________________________________________</p>
<p><span style="color: #ac4d74;"><strong>Por vez primera </strong></span>nos acompañan organismos de participación locales de distintos estados, te invitamos a que conozcas la información detallada de sus actividades en nuestro stand.</p>
<p><span style="color: #ac4d74;"><strong>Cuentacuentos </strong></span>Asiste a nuestras sesiones de cuentacuentos de nuestros libros Martha, el valor de la tolerancia y Sara, el valor de la pluralidad. Todos los días, en los distintos horarios: 13.00, 14:00, 15:00 y 16:00 hrs.</p>
<p><span style="color: #ac4d74;"><strong>Concurso “#Yo te incluyo, #Yo me incluyo”</strong> </span>Participa en nuestro concurso y gana hasta $2,500 pesos en vales para libros. Acude a nuestro stand y aprende a decir “#Yo te incluyo, #Yo me incluyo” en Lengua de Señas Mexicana. Sube tu video a nuestra página de Facebook (IEPC Jalisco) y los tres videos con el mayor número de likes serán los ganadores. Todos los días de la FIL en nuestro stand.</p>
<p><span style="color: #ac4d74;"><strong>Actividades de Educación Cívica </strong></span>Aprende conceptos de democracia y participación mientras juegas en nuestro stand, actividad para toda la familia. Todos los días en distintos horarios, revisa la programación en las pantallas de nuestro stand.</p>
<p><img loading="lazy" decoding="async" class="alignnone wp-image-20" src="https://www2.iepcjalisco.org.mx/iepc-en-la-fil/wp-content/uploads/2016/11/cropped-Recurso-2@2x-150x150.png" alt="cropped-Recurso-2@2x.png" width="94" height="91" /></p>

<p>El IEPC en la EXPO Guadalajara: Av. Mariano Otero núm. 1499, Col. Verde Valle, C.P. 44550, Guadalajara, Jalisco, México HORARIOS DE ATENCIÓN AL PÚBLICO EN GENERAL: 26 y 27 de noviembre, 1, 2, 3 y 4 de diciembre, de 9:00 a 21:00 horas. 28, 29 y 30 de noviembre, de&#8230;</p>
