{"id":142,"date":"2016-11-16T20:02:04","date_gmt":"2016-11-16T20:02:04","guid":{"rendered":"https:\/\/www2.iepcjalisco.org.mx\/iepc-en-la-fil\/?page_id=142"},"modified":"2016-11-18T19:26:56","modified_gmt":"2016-11-18T19:26:56","slug":"actividades-area-internacional","status":"publish","type":"page","link":"https:\/\/www2.iepcjalisco.org.mx\/iepc-en-la-fil\/?page_id=142","title":{"rendered":"Actividades \u00c1rea Internacional"},"content":{"rendered":"<p><img loading=\"lazy\" decoding=\"async\" class=\"alignnone size-full wp-image-30\" src=\"https:\/\/www2.iepcjalisco.org.mx\/iepc-en-la-fil\/wp-content\/uploads\/2016\/11\/Recurso-9@2x.png\" alt=\"recurso-92x\" width=\"64\" height=\"84\" \/><\/p>\n<p><span style=\"color: #7f4672; font-size: 25px;\"><strong>PRESENTACIONES DE LIBROS\u00a0\u00c1REA INTERNACIONAL<\/strong><\/span><\/p>\n<p><span style=\"color: #ac4d74; font-size: 20px;\"><strong>13:00 hrs<\/strong>.<\/span> | Sal\u00f3n A<br \/>\n<em>La dieta medi\u00e1tica en Jalisco, una cartograf\u00eda sociocultural al iniciar el siglo XXI<br \/>\n<\/em>Pablo Arredondo Ram\u00edrez<\/p>\n<p><strong>PRESENTAN:<\/strong> Juan Carlos Villalobos Revello, Jos\u00e9 de Jes\u00fas G\u00f3mez Valle y Pablo Arredondo<br \/>\n<strong>MODERA:<\/strong> Guillermo Alcaraz Cross<\/p>\n<p><img loading=\"lazy\" decoding=\"async\" class=\"alignnone size-full wp-image-31\" src=\"https:\/\/www2.iepcjalisco.org.mx\/iepc-en-la-fil\/wp-content\/uploads\/2016\/11\/Recurso-8@2x.png\" alt=\"recurso-82x\" width=\"64\" height=\"81\" \/><\/p>\n<p><span style=\"color: #7f4672; font-size: 25px;\"><strong>PRESENTACIONES DE LIBROS\u00a0\u00c1REA INTERNACIONAL<\/strong><\/span><\/p>\n<p><span style=\"color: #ac4d74; font-size: 20px;\"><strong>11:00 hrs<\/strong>.<\/span> |\u00a0Sal\u00f3n B<br \/>\n<em>El voto en la democracia: Presente y futuro<br \/>\n<\/em>Rodolfo Torres Vel\u00e1zquez (coord.)<em><br \/>\n<\/em><br \/>\n<strong>PRESENTAN:<\/strong> Javier Santiago Castillo, Flavio Galv\u00e1n Rivera y Rodolfo Torres<br \/>\n<strong>MODERA:<\/strong> Griselda Beatriz Rangel<\/p>\n<p><img loading=\"lazy\" decoding=\"async\" class=\"alignnone size-full wp-image-32\" src=\"https:\/\/www2.iepcjalisco.org.mx\/iepc-en-la-fil\/wp-content\/uploads\/2016\/11\/Recurso-10@2x.png\" alt=\"recurso-102x\" width=\"64\" height=\"81\" \/><\/p>\n<p><span style=\"color: #7f4672; font-size: 25px;\"><strong>PRESENTACIONES DE LIBROS\u00a0\u00c1REA INTERNACIONAL<\/strong><\/span><\/p>\n<p><span style=\"color: #ac4d74; font-size: 20px;\"><strong>11:00 hrs<\/strong>.<\/span> |\u00a0Sal\u00f3n C<br \/>\n<em>De la cuota de g\u00e9nero a la paridad<br \/>\n<\/em>Jorge Alcocer Villanueva (comp.)<em><br \/>\n<\/em><br \/>\n<strong>PRESENTAN:<\/strong> Jorge Arist\u00f3teles Sandoval, Jos\u00e9 Tom\u00e1s Figueroa, Clara Scherer, Silvia Hern\u00e1ndez, Marcela Torres Peimbert y Jorge Alcocer<br \/>\n<strong>MODERA:<\/strong> Guillermo Alcaraz Cross<\/p>\n<p><img loading=\"lazy\" decoding=\"async\" class=\"alignnone size-full wp-image-113\" src=\"https:\/\/www2.iepcjalisco.org.mx\/iepc-en-la-fil\/wp-content\/uploads\/2016\/11\/Recurso-11@2x.png\" alt=\"recurso-112x\" width=\"67\" height=\"81\" \/><\/p>\n<p><span style=\"color: #7f4672; font-size: 25px;\"><strong>PRESENTACIONES DE LIBROS\u00a0\u00c1REA INTERNACIONAL<\/strong><\/span><\/p>\n<p><span style=\"color: #ac4d74; font-size: 20px;\"><strong>16:00 hrs<\/strong>.<\/span> |\u00a0Sal\u00f3n C<br \/>\n<em>Gobierno abierto para la consolidaci\u00f3n democr\u00e1tica<br \/>\n<\/em>Rafael Mart\u00ednez Pu\u00f3n (ed.)<em><br \/>\n<\/em><br \/>\n<strong>PRESENTAN:<\/strong> Freddy Mari\u00f1ez Navarro, Cynthia Cantero Pacheco y Rafael Mart\u00ednez Pu\u00f3n<br \/>\n<strong>MODERA:<\/strong> Mario Ramos Gonz\u00e1lez.<\/p>\n<p>___________________________________________________________________________________<\/p>\n<p><span style=\"color: #ac4d74;\"><strong>Por vez primera <\/strong><\/span>nos acompa\u00f1an organismos de participaci\u00f3n locales de distintos estados, te invitamos a que conozcas la informaci\u00f3n detallada de sus actividades en nuestro stand.<\/p>\n<p><span style=\"color: #ac4d74;\"><strong>Cuentacuentos\u00a0<\/strong><\/span>Asiste a nuestras sesiones de cuentacuentos de nuestros libros Martha, el valor de la tolerancia y Sara, el valor de la pluralidad. Todos los d\u00edas, en los distintos horarios: 13.00, 14:00, 15:00 y 16:00 hrs.<\/p>\n<p><span style=\"color: #ac4d74;\"><strong>Concurso \u201c#Yo te incluyo, #Yo me incluyo\u201d<\/strong> <\/span>Participa en nuestro concurso y gana hasta $2,500 pesos en vales para libros. Acude a nuestro stand y aprende a decir \u201c#Yo te incluyo, #Yo me incluyo\u201d en Lengua de Se\u00f1as Mexicana. Sube tu video a nuestra p\u00e1gina de Facebook (IEPC Jalisco) y los tres videos con el mayor n\u00famero de likes ser\u00e1n los ganadores. Todos los d\u00edas de la FIL en nuestro stand.<\/p>\n<p><span style=\"color: #ac4d74;\"><strong>Actividades de Educaci\u00f3n C\u00edvica <\/strong><\/span>Aprende conceptos de democracia y participaci\u00f3n mientras juegas en nuestro stand, actividad para toda la familia. Todos los d\u00edas en distintos horarios, revisa la programaci\u00f3n en las pantallas de nuestro stand.<\/p>\n<p><img loading=\"lazy\" decoding=\"async\" class=\"alignnone wp-image-20\" src=\"https:\/\/www2.iepcjalisco.org.mx\/iepc-en-la-fil\/wp-content\/uploads\/2016\/11\/cropped-Recurso-2@2x-150x150.png\" alt=\"cropped-Recurso-2@2x.png\" width=\"94\" height=\"91\" \/><\/p>\n","protected":false},"excerpt":{"rendered":"<p>PRESENTACIONES DE LIBROS\u00a0\u00c1REA INTERNACIONAL 13:00 hrs. | Sal\u00f3n A La dieta medi\u00e1tica en Jalisco, una cartograf\u00eda sociocultural al iniciar el siglo XXI Pablo Arredondo Ram\u00edrez PRESENTAN: Juan Carlos Villalobos Revello, Jos\u00e9 de Jes\u00fas G\u00f3mez Valle y Pablo Arredondo MODERA: Guillermo Alcaraz Cross PRESENTACIONES DE LIBROS\u00a0\u00c1REA INTERNACIONAL 11:00 hrs. |\u00a0Sal\u00f3n B&#8230;<\/p>\n","protected":false},"author":1,"featured_media":0,"parent":0,"menu_order":0,"comment_status":"closed","ping_status":"closed","template":"","meta":{"footnotes":""},"class_list":["post-142","page","type-page","status-publish","hentry"],"_links":{"self":[{"href":"https:\/\/www2.iepcjalisco.org.mx\/iepc-en-la-fil\/index.php?rest_route=\/wp\/v2\/pages\/142","targetHints":{"allow":["GET"]}}],"collection":[{"href":"https:\/\/www2.iepcjalisco.org.mx\/iepc-en-la-fil\/index.php?rest_route=\/wp\/v2\/pages"}],"about":[{"href":"https:\/\/www2.iepcjalisco.org.mx\/iepc-en-la-fil\/index.php?rest_route=\/wp\/v2\/types\/page"}],"author":[{"embeddable":true,"href":"https:\/\/www2.iepcjalisco.org.mx\/iepc-en-la-fil\/index.php?rest_route=\/wp\/v2\/users\/1"}],"replies":[{"embeddable":true,"href":"https:\/\/www2.iepcjalisco.org.mx\/iepc-en-la-fil\/index.php?rest_route=%2Fwp%2Fv2%2Fcomments&post=142"}],"version-history":[{"count":2,"href":"https:\/\/www2.iepcjalisco.org.mx\/iepc-en-la-fil\/index.php?rest_route=\/wp\/v2\/pages\/142\/revisions"}],"predecessor-version":[{"id":232,"href":"https:\/\/www2.iepcjalisco.org.mx\/iepc-en-la-fil\/index.php?rest_route=\/wp\/v2\/pages\/142\/revisions\/232"}],"wp:attachment":[{"href":"https:\/\/www2.iepcjalisco.org.mx\/iepc-en-la-fil\/index.php?rest_route=%2Fwp%2Fv2%2Fmedia&parent=142"}],"curies":[{"name":"wp","href":"https:\/\/api.w.org\/{rel}","templated":true}]}}

Actividades Área Internacional

<p><img loading="lazy" decoding="async" class="alignnone size-full wp-image-30" src="https://www2.iepcjalisco.org.mx/iepc-en-la-fil/wp-content/uploads/2016/11/Recurso-9@2x.png" alt="recurso-92x" width="64" height="84" /></p>
<p><span style="color: #7f4672; font-size: 25px;"><strong>PRESENTACIONES DE LIBROS ÁREA INTERNACIONAL</strong></span></p>
<p><span style="color: #ac4d74; font-size: 20px;"><strong>13:00 hrs</strong>.</span> | Salón A<br />
<em>La dieta mediática en Jalisco, una cartografía sociocultural al iniciar el siglo XXI<br />
</em>Pablo Arredondo Ramírez</p>
<p><strong>PRESENTAN:</strong> Juan Carlos Villalobos Revello, José de Jesús Gómez Valle y Pablo Arredondo<br />
<strong>MODERA:</strong> Guillermo Alcaraz Cross</p>
<p><img loading="lazy" decoding="async" class="alignnone size-full wp-image-31" src="https://www2.iepcjalisco.org.mx/iepc-en-la-fil/wp-content/uploads/2016/11/Recurso-8@2x.png" alt="recurso-82x" width="64" height="81" /></p>
<p><span style="color: #7f4672; font-size: 25px;"><strong>PRESENTACIONES DE LIBROS ÁREA INTERNACIONAL</strong></span></p>
<p><span style="color: #ac4d74; font-size: 20px;"><strong>11:00 hrs</strong>.</span> | Salón B<br />
<em>El voto en la democracia: Presente y futuro<br />
</em>Rodolfo Torres Velázquez (coord.)<em><br />
</em><br />
<strong>PRESENTAN:</strong> Javier Santiago Castillo, Flavio Galván Rivera y Rodolfo Torres<br />
<strong>MODERA:</strong> Griselda Beatriz Rangel</p>
<p><img loading="lazy" decoding="async" class="alignnone size-full wp-image-32" src="https://www2.iepcjalisco.org.mx/iepc-en-la-fil/wp-content/uploads/2016/11/Recurso-10@2x.png" alt="recurso-102x" width="64" height="81" /></p>
<p><span style="color: #7f4672; font-size: 25px;"><strong>PRESENTACIONES DE LIBROS ÁREA INTERNACIONAL</strong></span></p>
<p><span style="color: #ac4d74; font-size: 20px;"><strong>11:00 hrs</strong>.</span> | Salón C<br />
<em>De la cuota de género a la paridad<br />
</em>Jorge Alcocer Villanueva (comp.)<em><br />
</em><br />
<strong>PRESENTAN:</strong> Jorge Aristóteles Sandoval, José Tomás Figueroa, Clara Scherer, Silvia Hernández, Marcela Torres Peimbert y Jorge Alcocer<br />
<strong>MODERA:</strong> Guillermo Alcaraz Cross</p>
<p><img loading="lazy" decoding="async" class="alignnone size-full wp-image-113" src="https://www2.iepcjalisco.org.mx/iepc-en-la-fil/wp-content/uploads/2016/11/Recurso-11@2x.png" alt="recurso-112x" width="67" height="81" /></p>
<p><span style="color: #7f4672; font-size: 25px;"><strong>PRESENTACIONES DE LIBROS ÁREA INTERNACIONAL</strong></span></p>
<p><span style="color: #ac4d74; font-size: 20px;"><strong>16:00 hrs</strong>.</span> | Salón C<br />
<em>Gobierno abierto para la consolidación democrática<br />
</em>Rafael Martínez Puón (ed.)<em><br />
</em><br />
<strong>PRESENTAN:</strong> Freddy Mariñez Navarro, Cynthia Cantero Pacheco y Rafael Martínez Puón<br />
<strong>MODERA:</strong> Mario Ramos González.</p>
<p>___________________________________________________________________________________</p>
<p><span style="color: #ac4d74;"><strong>Por vez primera </strong></span>nos acompañan organismos de participación locales de distintos estados, te invitamos a que conozcas la información detallada de sus actividades en nuestro stand.</p>
<p><span style="color: #ac4d74;"><strong>Cuentacuentos </strong></span>Asiste a nuestras sesiones de cuentacuentos de nuestros libros Martha, el valor de la tolerancia y Sara, el valor de la pluralidad. Todos los días, en los distintos horarios: 13.00, 14:00, 15:00 y 16:00 hrs.</p>
<p><span style="color: #ac4d74;"><strong>Concurso “#Yo te incluyo, #Yo me incluyo”</strong> </span>Participa en nuestro concurso y gana hasta $2,500 pesos en vales para libros. Acude a nuestro stand y aprende a decir “#Yo te incluyo, #Yo me incluyo” en Lengua de Señas Mexicana. Sube tu video a nuestra página de Facebook (IEPC Jalisco) y los tres videos con el mayor número de likes serán los ganadores. Todos los días de la FIL en nuestro stand.</p>
<p><span style="color: #ac4d74;"><strong>Actividades de Educación Cívica </strong></span>Aprende conceptos de democracia y participación mientras juegas en nuestro stand, actividad para toda la familia. Todos los días en distintos horarios, revisa la programación en las pantallas de nuestro stand.</p>
<p><img loading="lazy" decoding="async" class="alignnone wp-image-20" src="https://www2.iepcjalisco.org.mx/iepc-en-la-fil/wp-content/uploads/2016/11/cropped-Recurso-2@2x-150x150.png" alt="cropped-Recurso-2@2x.png" width="94" height="91" /></p>

<p>PRESENTACIONES DE LIBROS ÁREA INTERNACIONAL 13:00 hrs. | Salón A La dieta mediática en Jalisco, una cartografía sociocultural al iniciar el siglo XXI Pablo Arredondo Ramírez PRESENTAN: Juan Carlos Villalobos Revello, José de Jesús Gómez Valle y Pablo Arredondo MODERA: Guillermo Alcaraz Cross PRESENTACIONES DE LIBROS ÁREA INTERNACIONAL 11:00 hrs. | Salón B&#8230;</p>
