{"id":2,"date":"2016-11-09T20:27:44","date_gmt":"2016-11-09T20:27:44","guid":{"rendered":"https:\/\/www2.iepcjalisco.org.mx\/iepc-en-la-fil\/?page_id=2"},"modified":"2016-11-28T21:22:54","modified_gmt":"2016-11-28T21:22:54","slug":"sample-page","status":"publish","type":"page","link":"https:\/\/www2.iepcjalisco.org.mx\/iepc-en-la-fil\/?page_id=2","title":{"rendered":"Cuenta Cuentos"},"content":{"rendered":"<h2>Asiste a nuestras sesiones de cuentacuentos de nuestros libros Martha, el valor de la tolerancia y Sara, el valor de la pluralidad.<\/h2>\n<p><img loading=\"lazy\" decoding=\"async\" class=\"alignleft size-full wp-image-30\" src=\"https:\/\/www2.iepcjalisco.org.mx\/iepc-en-la-fil\/wp-content\/uploads\/2016\/11\/Recurso-9@2x.png\" alt=\"recurso-92x\" width=\"64\" height=\"84\" \/><\/p>\n<p>&nbsp;<\/p>\n<p>&nbsp;<\/p>\n<p>&nbsp;<\/p>\n<p><span style=\"color: #ac4d74; font-size: 20px;\"><strong>13<\/strong><\/span><span style=\"color: #ac4d74; font-size: 20px;\"><strong>:00 &#8211; 14:00 hrs<\/strong>.<\/span> | stand I-16<br \/>\nCuenta cuentos &#8220;Martha y Sara&#8221; (media hora por c\/u)<\/p>\n<p><span style=\"color: #ac4d74; font-size: 20px;\"><strong>14<\/strong><\/span><span style=\"color: #ac4d74; font-size: 20px;\"><strong>:00 &#8211; 15:00 hrs<\/strong>.<\/span> | stand I-16<br \/>\nCuenta cuentos &#8220;Martha y Sara&#8221; (media hora por c\/u)<\/p>\n<p><span style=\"color: #ac4d74; font-size: 20px;\"><strong>15<\/strong><\/span><span style=\"color: #ac4d74; font-size: 20px;\"><strong>:00 &#8211; 16:00 hrs<\/strong>.<\/span> | stand I-16<br \/>\nCuenta cuentos &#8220;Martha y Sara&#8221; (media hora por c\/u)<\/p>\n<p><span style=\"color: #ac4d74; font-size: 20px;\"><strong>16<\/strong><\/span><span style=\"color: #ac4d74; font-size: 20px;\"><strong>:00 &#8211; 17:00 hrs<\/strong>.<\/span> | stand I-16<br \/>\nCuenta cuentos &#8220;Martha y Sara&#8221; (media hora por c\/u)<\/p>\n<p><img loading=\"lazy\" decoding=\"async\" class=\"alignleft size-full wp-image-31\" src=\"https:\/\/www2.iepcjalisco.org.mx\/iepc-en-la-fil\/wp-content\/uploads\/2016\/11\/Recurso-8@2x.png\" alt=\"recurso-82x\" width=\"64\" height=\"81\" \/><\/p>\n<p>&nbsp;<\/p>\n<p>&nbsp;<\/p>\n<p>&nbsp;<\/p>\n<p><span style=\"color: #ac4d74; font-size: 20px;\"><strong>13<\/strong><\/span><span style=\"color: #ac4d74; font-size: 20px;\"><strong>:00 &#8211; 14:00 hrs<\/strong>.<\/span> | stand I-16<br \/>\nCuenta cuentos &#8220;Martha y Sara&#8221; (media hora por c\/u)<\/p>\n<p><span style=\"color: #ac4d74; font-size: 20px;\"><strong>14<\/strong><\/span><span style=\"color: #ac4d74; font-size: 20px;\"><strong>:00 &#8211; 15:00 hrs<\/strong>.<\/span> | stand I-16<br \/>\nCuenta cuentos &#8220;Martha y Sara&#8221; (media hora por c\/u)<\/p>\n<p><span style=\"color: #ac4d74; font-size: 20px;\"><strong>15<\/strong><\/span><span style=\"color: #ac4d74; font-size: 20px;\"><strong>:00 &#8211; 16:00 hrs<\/strong>.<\/span> | stand I-16<br \/>\nCuenta cuentos &#8220;Martha y Sara&#8221; (media hora por c\/u)<\/p>\n<p><span style=\"color: #ac4d74; font-size: 20px;\"><strong>16<\/strong><\/span><span style=\"color: #ac4d74; font-size: 20px;\"><strong>:00 &#8211; 17:00 hrs<\/strong>.<\/span> | stand I-16<br \/>\nCuenta cuentos &#8220;Martha y Sara&#8221; (media hora por c\/u)<\/p>\n<p><img loading=\"lazy\" decoding=\"async\" class=\"alignleft size-full wp-image-32\" src=\"https:\/\/www2.iepcjalisco.org.mx\/iepc-en-la-fil\/wp-content\/uploads\/2016\/11\/Recurso-10@2x.png\" alt=\"recurso-102x\" width=\"64\" height=\"81\" \/><\/p>\n<p>&nbsp;<\/p>\n<p>&nbsp;<\/p>\n<p>&nbsp;<\/p>\n<p><span style=\"color: #ac4d74; font-size: 20px;\"><strong>13<\/strong><\/span><span style=\"color: #ac4d74; font-size: 20px;\"><strong>:00 &#8211; 14:00 hrs<\/strong>.<\/span> | stand I-16<br \/>\nCuenta cuentos &#8220;Martha y Sara&#8221; (media hora por c\/u)<\/p>\n<p><span style=\"color: #ac4d74; font-size: 20px;\"><strong>14<\/strong><\/span><span style=\"color: #ac4d74; font-size: 20px;\"><strong>:00 &#8211; 15:00 hrs<\/strong>.<\/span> | stand I-16<br \/>\nCuenta cuentos &#8220;Martha y Sara&#8221; (media hora por c\/u)<\/p>\n<p><span style=\"color: #ac4d74; font-size: 20px;\"><strong>15<\/strong><\/span><span style=\"color: #ac4d74; font-size: 20px;\"><strong>:00 &#8211; 16:00 hrs<\/strong>.<\/span> | stand I-16<br \/>\nCuenta cuentos &#8220;Martha y Sara&#8221; (media hora por c\/u)<\/p>\n<p><span style=\"color: #ac4d74; font-size: 20px;\"><strong>16<\/strong><\/span><span style=\"color: #ac4d74; font-size: 20px;\"><strong>:00 &#8211; 17:00 hrs<\/strong>.<\/span> | stand I-16<br \/>\nCuenta cuentos &#8220;Martha y Sara&#8221; (media hora por c\/u)<\/p>\n<p><img loading=\"lazy\" decoding=\"async\" class=\"alignleft size-full wp-image-29\" src=\"https:\/\/www2.iepcjalisco.org.mx\/iepc-en-la-fil\/wp-content\/uploads\/2016\/11\/Recurso-7@2x.png\" alt=\"recurso-72x\" width=\"69\" height=\"84\" \/><\/p>\n<p>&nbsp;<\/p>\n<p>&nbsp;<\/p>\n<p>&nbsp;<\/p>\n<p><span style=\"color: #ac4d74; font-size: 20px;\"><strong>13<\/strong><\/span><span style=\"color: #ac4d74; font-size: 20px;\"><strong>:00 &#8211; 14:00 hrs<\/strong>.<\/span> | stand I-16<br \/>\nCuenta cuentos &#8220;Martha y Sara&#8221; (media hora por c\/u)<\/p>\n<p><span style=\"color: #ac4d74; font-size: 20px;\"><strong>14<\/strong><\/span><span style=\"color: #ac4d74; font-size: 20px;\"><strong>:00 &#8211; 15:00 hrs<\/strong>.<\/span> | stand I-16<br \/>\nCuenta cuentos &#8220;Martha y Sara&#8221; (media hora por c\/u)<\/p>\n<p><span style=\"color: #ac4d74; font-size: 20px;\"><strong>15<\/strong><\/span><span style=\"color: #ac4d74; font-size: 20px;\"><strong>:00 &#8211; 16:00 hrs<\/strong>.<\/span> | stand I-16<br \/>\nCuenta cuentos &#8220;Martha y Sara&#8221; (media hora por c\/u)<\/p>\n<p><span style=\"color: #ac4d74; font-size: 20px;\"><strong>16<\/strong><\/span><span style=\"color: #ac4d74; font-size: 20px;\"><strong>:00 &#8211; 17:00 hrs<\/strong>.<\/span> | stand I-16<br \/>\nCuenta cuentos &#8220;Martha y Sara&#8221; (media hora por c\/u)<\/p>\n<p>&nbsp;<\/p>\n<table border=\"0\" width=\"960\" cellpadding=\"0\">\n<tbody>\n<tr>\n<td>\n<p><div id=\"attachment_41\" style=\"width: 303px\" class=\"wp-caption alignnone\"><img loading=\"lazy\" decoding=\"async\" aria-describedby=\"caption-attachment-41\" class=\"size-full wp-image-41\" src=\"https:\/\/www2.iepcjalisco.org.mx\/iepc-en-la-fil\/wp-content\/uploads\/2016\/11\/Sara.jpg\" alt=\"Sara es una ni\u00f1a obstinada, terca y egoc\u00e9ntrica; decidida a cumplir sus prop\u00f3sitos, pero sin considerar a las personas que le rodean. Con base en su actitud sus padres deciden mandarla a un campamento donde Sara convivir\u00e1 con ni\u00f1os con alguna capacidad diferente, como Matilde. Juntas aprender\u00e1n cosas nuevas, pero sobretodo el valor de reconocer la riqueza que puede brindarles otro ser humano. Sara ablandar\u00e1 su coraz\u00f3n y ser\u00e1 humilde para aceptarse como alguien parte de un mundo lleno de diferencias que nos unen. En el libro se abordan los valores de la pluralidad, la tolerancia, la igualdad y la participaci\u00f3n.\" width=\"293\" height=\"296\" \/><p id=\"caption-attachment-41\" class=\"wp-caption-text\">Sara es una ni\u00f1a obstinada, terca y egoc\u00e9ntrica; decidida a cumplir sus prop\u00f3sitos, pero sin considerar a las personas que le rodean. Con base en su actitud sus padres deciden mandarla a un campamento donde Sara convivir\u00e1 con ni\u00f1os con alguna capacidad diferente, como Matilde. Juntas aprender\u00e1n cosas nuevas, pero sobretodo el valor de reconocer la riqueza que puede brindarles otro ser humano. Sara ablandar\u00e1 su coraz\u00f3n y ser\u00e1 humilde para aceptarse como alguien parte de un mundo lleno de diferencias que nos unen. En el libro se abordan los valores de la pluralidad, la tolerancia, la igualdad y la participaci\u00f3n.<\/p><\/div><\/td>\n<td>\n<p><div id=\"attachment_38\" style=\"width: 303px\" class=\"wp-caption alignnone\"><img loading=\"lazy\" decoding=\"async\" aria-describedby=\"caption-attachment-38\" class=\"size-full wp-image-38\" src=\"https:\/\/www2.iepcjalisco.org.mx\/iepc-en-la-fil\/wp-content\/uploads\/2016\/11\/Martha.jpg\" alt=\"Martha es una ni\u00f1a que no se acepta como es, est\u00e1 en la dif\u00edcil etapa de no ser ni\u00f1a ni adolescente, busca su lugar en el mundo y no lo encuentra. Su grupo escolar la rechaza por ser distinta y ella se siente sola. No es hasta que llega una nueva ni\u00f1a al sal\u00f3n que descubre que puede ser valorada por lo que es. Los otros compa\u00f1eros tambi\u00e9n cambian su forma de dirigirse a ella a partir de que ven que cada uno de los individuos de clase es diferente y que pueden enriquecer el grupo social. En este libro se abordan los valores de la tolerancia, la pluralidad y la igualdad.\" width=\"293\" height=\"296\" \/><p id=\"caption-attachment-38\" class=\"wp-caption-text\">Martha es una ni\u00f1a que no se acepta como es, est\u00e1 en la dif\u00edcil etapa de no ser ni\u00f1a ni adolescente, busca su lugar en el mundo y no lo encuentra. Su grupo escolar la rechaza por ser distinta y ella se siente sola. No es hasta que llega una nueva ni\u00f1a al sal\u00f3n que descubre que puede ser valorada por lo que es. Los otros compa\u00f1eros tambi\u00e9n cambian su forma de dirigirse a ella a partir de que ven que cada uno de los individuos de clase es diferente y que pueden enriquecer el grupo social. En este libro se abordan los valores de la tolerancia, la pluralidad y la igualdad.<\/p><\/div><\/td>\n<\/tr>\n<\/tbody>\n<\/table>\n","protected":false},"excerpt":{"rendered":"<p>Asiste a nuestras sesiones de cuentacuentos de nuestros libros Martha, el valor de la tolerancia y Sara, el valor de la pluralidad. &nbsp; &nbsp; &nbsp; 13:00 &#8211; 14:00 hrs. | stand I-16 Cuenta cuentos &#8220;Martha y Sara&#8221; (media hora por c\/u) 14:00 &#8211; 15:00 hrs. | stand I-16 Cuenta cuentos&#8230;<\/p>\n","protected":false},"author":1,"featured_media":0,"parent":130,"menu_order":0,"comment_status":"closed","ping_status":"open","template":"","meta":{"footnotes":""},"class_list":["post-2","page","type-page","status-publish","hentry"],"_links":{"self":[{"href":"https:\/\/www2.iepcjalisco.org.mx\/iepc-en-la-fil\/index.php?rest_route=\/wp\/v2\/pages\/2","targetHints":{"allow":["GET"]}}],"collection":[{"href":"https:\/\/www2.iepcjalisco.org.mx\/iepc-en-la-fil\/index.php?rest_route=\/wp\/v2\/pages"}],"about":[{"href":"https:\/\/www2.iepcjalisco.org.mx\/iepc-en-la-fil\/index.php?rest_route=\/wp\/v2\/types\/page"}],"author":[{"embeddable":true,"href":"https:\/\/www2.iepcjalisco.org.mx\/iepc-en-la-fil\/index.php?rest_route=\/wp\/v2\/users\/1"}],"replies":[{"embeddable":true,"href":"https:\/\/www2.iepcjalisco.org.mx\/iepc-en-la-fil\/index.php?rest_route=%2Fwp%2Fv2%2Fcomments&post=2"}],"version-history":[{"count":18,"href":"https:\/\/www2.iepcjalisco.org.mx\/iepc-en-la-fil\/index.php?rest_route=\/wp\/v2\/pages\/2\/revisions"}],"predecessor-version":[{"id":273,"href":"https:\/\/www2.iepcjalisco.org.mx\/iepc-en-la-fil\/index.php?rest_route=\/wp\/v2\/pages\/2\/revisions\/273"}],"up":[{"embeddable":true,"href":"https:\/\/www2.iepcjalisco.org.mx\/iepc-en-la-fil\/index.php?rest_route=\/wp\/v2\/pages\/130"}],"wp:attachment":[{"href":"https:\/\/www2.iepcjalisco.org.mx\/iepc-en-la-fil\/index.php?rest_route=%2Fwp%2Fv2%2Fmedia&parent=2"}],"curies":[{"name":"wp","href":"https:\/\/api.w.org\/{rel}","templated":true}]}}

<h2>Asiste a nuestras sesiones de cuentacuentos de nuestros libros Martha, el valor de la tolerancia y Sara, el valor de la pluralidad.</h2>
<p><img loading="lazy" decoding="async" class="alignleft size-full wp-image-30" src="https://www2.iepcjalisco.org.mx/iepc-en-la-fil/wp-content/uploads/2016/11/Recurso-9@2x.png" alt="recurso-92x" width="64" height="84" /></p>
<p>&nbsp;</p>
<p>&nbsp;</p>
<p>&nbsp;</p>
<p><span style="color: #ac4d74; font-size: 20px;"><strong>13</strong></span><span style="color: #ac4d74; font-size: 20px;"><strong>:00 &#8211; 14:00 hrs</strong>.</span> | stand I-16<br />
Cuenta cuentos &#8220;Martha y Sara&#8221; (media hora por c/u)</p>
<p><span style="color: #ac4d74; font-size: 20px;"><strong>14</strong></span><span style="color: #ac4d74; font-size: 20px;"><strong>:00 &#8211; 15:00 hrs</strong>.</span> | stand I-16<br />
Cuenta cuentos &#8220;Martha y Sara&#8221; (media hora por c/u)</p>
<p><span style="color: #ac4d74; font-size: 20px;"><strong>15</strong></span><span style="color: #ac4d74; font-size: 20px;"><strong>:00 &#8211; 16:00 hrs</strong>.</span> | stand I-16<br />
Cuenta cuentos &#8220;Martha y Sara&#8221; (media hora por c/u)</p>
<p><span style="color: #ac4d74; font-size: 20px;"><strong>16</strong></span><span style="color: #ac4d74; font-size: 20px;"><strong>:00 &#8211; 17:00 hrs</strong>.</span> | stand I-16<br />
Cuenta cuentos &#8220;Martha y Sara&#8221; (media hora por c/u)</p>
<p><img loading="lazy" decoding="async" class="alignleft size-full wp-image-31" src="https://www2.iepcjalisco.org.mx/iepc-en-la-fil/wp-content/uploads/2016/11/Recurso-8@2x.png" alt="recurso-82x" width="64" height="81" /></p>
<p>&nbsp;</p>
<p>&nbsp;</p>
<p>&nbsp;</p>
<p><span style="color: #ac4d74; font-size: 20px;"><strong>13</strong></span><span style="color: #ac4d74; font-size: 20px;"><strong>:00 &#8211; 14:00 hrs</strong>.</span> | stand I-16<br />
Cuenta cuentos &#8220;Martha y Sara&#8221; (media hora por c/u)</p>
<p><span style="color: #ac4d74; font-size: 20px;"><strong>14</strong></span><span style="color: #ac4d74; font-size: 20px;"><strong>:00 &#8211; 15:00 hrs</strong>.</span> | stand I-16<br />
Cuenta cuentos &#8220;Martha y Sara&#8221; (media hora por c/u)</p>
<p><span style="color: #ac4d74; font-size: 20px;"><strong>15</strong></span><span style="color: #ac4d74; font-size: 20px;"><strong>:00 &#8211; 16:00 hrs</strong>.</span> | stand I-16<br />
Cuenta cuentos &#8220;Martha y Sara&#8221; (media hora por c/u)</p>
<p><span style="color: #ac4d74; font-size: 20px;"><strong>16</strong></span><span style="color: #ac4d74; font-size: 20px;"><strong>:00 &#8211; 17:00 hrs</strong>.</span> | stand I-16<br />
Cuenta cuentos &#8220;Martha y Sara&#8221; (media hora por c/u)</p>
<p><img loading="lazy" decoding="async" class="alignleft size-full wp-image-32" src="https://www2.iepcjalisco.org.mx/iepc-en-la-fil/wp-content/uploads/2016/11/Recurso-10@2x.png" alt="recurso-102x" width="64" height="81" /></p>
<p>&nbsp;</p>
<p>&nbsp;</p>
<p>&nbsp;</p>
<p><span style="color: #ac4d74; font-size: 20px;"><strong>13</strong></span><span style="color: #ac4d74; font-size: 20px;"><strong>:00 &#8211; 14:00 hrs</strong>.</span> | stand I-16<br />
Cuenta cuentos &#8220;Martha y Sara&#8221; (media hora por c/u)</p>
<p><span style="color: #ac4d74; font-size: 20px;"><strong>14</strong></span><span style="color: #ac4d74; font-size: 20px;"><strong>:00 &#8211; 15:00 hrs</strong>.</span> | stand I-16<br />
Cuenta cuentos &#8220;Martha y Sara&#8221; (media hora por c/u)</p>
<p><span style="color: #ac4d74; font-size: 20px;"><strong>15</strong></span><span style="color: #ac4d74; font-size: 20px;"><strong>:00 &#8211; 16:00 hrs</strong>.</span> | stand I-16<br />
Cuenta cuentos &#8220;Martha y Sara&#8221; (media hora por c/u)</p>
<p><span style="color: #ac4d74; font-size: 20px;"><strong>16</strong></span><span style="color: #ac4d74; font-size: 20px;"><strong>:00 &#8211; 17:00 hrs</strong>.</span> | stand I-16<br />
Cuenta cuentos &#8220;Martha y Sara&#8221; (media hora por c/u)</p>
<p><img loading="lazy" decoding="async" class="alignleft size-full wp-image-29" src="https://www2.iepcjalisco.org.mx/iepc-en-la-fil/wp-content/uploads/2016/11/Recurso-7@2x.png" alt="recurso-72x" width="69" height="84" /></p>
<p>&nbsp;</p>
<p>&nbsp;</p>
<p>&nbsp;</p>
<p><span style="color: #ac4d74; font-size: 20px;"><strong>13</strong></span><span style="color: #ac4d74; font-size: 20px;"><strong>:00 &#8211; 14:00 hrs</strong>.</span> | stand I-16<br />
Cuenta cuentos &#8220;Martha y Sara&#8221; (media hora por c/u)</p>
<p><span style="color: #ac4d74; font-size: 20px;"><strong>14</strong></span><span style="color: #ac4d74; font-size: 20px;"><strong>:00 &#8211; 15:00 hrs</strong>.</span> | stand I-16<br />
Cuenta cuentos &#8220;Martha y Sara&#8221; (media hora por c/u)</p>
<p><span style="color: #ac4d74; font-size: 20px;"><strong>15</strong></span><span style="color: #ac4d74; font-size: 20px;"><strong>:00 &#8211; 16:00 hrs</strong>.</span> | stand I-16<br />
Cuenta cuentos &#8220;Martha y Sara&#8221; (media hora por c/u)</p>
<p><span style="color: #ac4d74; font-size: 20px;"><strong>16</strong></span><span style="color: #ac4d74; font-size: 20px;"><strong>:00 &#8211; 17:00 hrs</strong>.</span> | stand I-16<br />
Cuenta cuentos &#8220;Martha y Sara&#8221; (media hora por c/u)</p>
<p>&nbsp;</p>
<table border="0" width="960" cellpadding="0">
<tbody>
<tr>
<td>
<p><div id="attachment_41" style="width: 303px" class="wp-caption alignnone"><img loading="lazy" decoding="async" aria-describedby="caption-attachment-41" class="size-full wp-image-41" src="https://www2.iepcjalisco.org.mx/iepc-en-la-fil/wp-content/uploads/2016/11/Sara.jpg" alt="Sara es una niña obstinada, terca y egocéntrica; decidida a cumplir sus propósitos, pero sin considerar a las personas que le rodean. Con base en su actitud sus padres deciden mandarla a un campamento donde Sara convivirá con niños con alguna capacidad diferente, como Matilde. Juntas aprenderán cosas nuevas, pero sobretodo el valor de reconocer la riqueza que puede brindarles otro ser humano. Sara ablandará su corazón y será humilde para aceptarse como alguien parte de un mundo lleno de diferencias que nos unen. En el libro se abordan los valores de la pluralidad, la tolerancia, la igualdad y la participación." width="293" height="296" /><p id="caption-attachment-41" class="wp-caption-text">Sara es una niña obstinada, terca y egocéntrica; decidida a cumplir sus propósitos, pero sin considerar a las personas que le rodean. Con base en su actitud sus padres deciden mandarla a un campamento donde Sara convivirá con niños con alguna capacidad diferente, como Matilde. Juntas aprenderán cosas nuevas, pero sobretodo el valor de reconocer la riqueza que puede brindarles otro ser humano. Sara ablandará su corazón y será humilde para aceptarse como alguien parte de un mundo lleno de diferencias que nos unen. En el libro se abordan los valores de la pluralidad, la tolerancia, la igualdad y la participación.</p></div></td>
<td>
<p><div id="attachment_38" style="width: 303px" class="wp-caption alignnone"><img loading="lazy" decoding="async" aria-describedby="caption-attachment-38" class="size-full wp-image-38" src="https://www2.iepcjalisco.org.mx/iepc-en-la-fil/wp-content/uploads/2016/11/Martha.jpg" alt="Martha es una niña que no se acepta como es, está en la difícil etapa de no ser niña ni adolescente, busca su lugar en el mundo y no lo encuentra. Su grupo escolar la rechaza por ser distinta y ella se siente sola. No es hasta que llega una nueva niña al salón que descubre que puede ser valorada por lo que es. Los otros compañeros también cambian su forma de dirigirse a ella a partir de que ven que cada uno de los individuos de clase es diferente y que pueden enriquecer el grupo social. En este libro se abordan los valores de la tolerancia, la pluralidad y la igualdad." width="293" height="296" /><p id="caption-attachment-38" class="wp-caption-text">Martha es una niña que no se acepta como es, está en la difícil etapa de no ser niña ni adolescente, busca su lugar en el mundo y no lo encuentra. Su grupo escolar la rechaza por ser distinta y ella se siente sola. No es hasta que llega una nueva niña al salón que descubre que puede ser valorada por lo que es. Los otros compañeros también cambian su forma de dirigirse a ella a partir de que ven que cada uno de los individuos de clase es diferente y que pueden enriquecer el grupo social. En este libro se abordan los valores de la tolerancia, la pluralidad y la igualdad.</p></div></td>
</tr>
</tbody>
</table>
