{"id":235,"date":"2016-11-18T20:10:59","date_gmt":"2016-11-18T20:10:59","guid":{"rendered":"https:\/\/www2.iepcjalisco.org.mx\/iepc-en-la-fil\/?page_id=235"},"modified":"2016-11-30T20:48:07","modified_gmt":"2016-11-30T20:48:07","slug":"oples","status":"publish","type":"page","link":"https:\/\/www2.iepcjalisco.org.mx\/iepc-en-la-fil\/?page_id=235","title":{"rendered":"Organismos P\u00fablicos Electorales"},"content":{"rendered":"<p><img loading=\"lazy\" decoding=\"async\" class=\"alignleft size-full wp-image-30\" src=\"https:\/\/www2.iepcjalisco.org.mx\/iepc-en-la-fil\/wp-content\/uploads\/2016\/11\/Recurso-9@2x.png\" alt=\"recurso-92x\" width=\"64\" height=\"84\" \/><\/p>\n<p>&nbsp;<\/p>\n<p>&nbsp;<\/p>\n<p>&nbsp;<\/p>\n<p><span style=\"color: #7f4672; font-size: 25px;\"><strong>Revista Ombuds Electoral\u00a0 en su n\u00famero 1,<\/strong><\/span><\/p>\n<p><span style=\"color: #ac4d74; font-size: 20px;\"><strong>16:00 hrs<\/strong>.<\/span> | stand I-16<br \/>\nPresentan las Consejeras Electorales integrantes de la Comisi\u00f3n de Derechos Humanos<br \/>\nMtra. Martha L\u00f3pez Gonz\u00e1lez<br \/>\nMtra. Elvia Higuera P\u00e9rez<br \/>\nDra. Yurisha Andrade Morales (Presidenta de la Comisi\u00f3n)<\/p>\n<p>Modera:<br \/>\nLic. Jos\u00e9 Ram\u00f3n Ram\u00edrez Vargas, Consejero Electoral.<\/p>\n<p><img loading=\"lazy\" decoding=\"async\" class=\"alignnone size-full wp-image-236\" src=\"https:\/\/www2.iepcjalisco.org.mx\/iepc-en-la-fil\/wp-content\/uploads\/2016\/11\/oples.png\" alt=\"oples\" width=\"1508\" height=\"1296\" srcset=\"https:\/\/www2.iepcjalisco.org.mx\/iepc-en-la-fil\/wp-content\/uploads\/2016\/11\/oples.png 1508w, https:\/\/www2.iepcjalisco.org.mx\/iepc-en-la-fil\/wp-content\/uploads\/2016\/11\/oples-300x258.png 300w, https:\/\/www2.iepcjalisco.org.mx\/iepc-en-la-fil\/wp-content\/uploads\/2016\/11\/oples-768x660.png 768w, https:\/\/www2.iepcjalisco.org.mx\/iepc-en-la-fil\/wp-content\/uploads\/2016\/11\/oples-1024x880.png 1024w\" sizes=\"auto, (max-width: 1508px) 100vw, 1508px\" \/><\/p>\n<p>&nbsp;<\/p>\n<p>______________________________________________________________________________<\/p>\n<p><span style=\"color: #ac4d74;\"><strong>Por vez primera <\/strong><\/span>nos acompa\u00f1an organismos de participaci\u00f3n locales de distintos estados, te invitamos a que conozcas la informaci\u00f3n detallada de sus actividades en nuestro stand.<\/p>\n<p><span style=\"color: #ac4d74;\"><strong>Cuentacuentos\u00a0<\/strong><\/span>Asiste a nuestras sesiones de cuentacuentos de nuestros libros Martha, el valor de la tolerancia y Sara, el valor de la pluralidad. Todos los d\u00edas, en los distintos horarios: 13.00, 14:00, 15:00 y 16:00 hrs.<\/p>\n<p><span style=\"color: #ac4d74;\"><strong>Concurso \u201c#Yo te incluyo, #Yo me incluyo\u201d<\/strong> <\/span>Participa en nuestro concurso y gana hasta $2,500 pesos en vales para libros. Acude a nuestro stand y aprende a decir \u201c#Yo te incluyo, #Yo me incluyo\u201d en Lengua de Se\u00f1as Mexicana. Sube tu video a nuestra p\u00e1gina de Facebook (IEPC Jalisco) y los tres videos con el mayor n\u00famero de likes ser\u00e1n los ganadores. Todos los d\u00edas de la FIL en nuestro stand.<\/p>\n<p><span style=\"color: #ac4d74;\"><strong>Actividades de Educaci\u00f3n C\u00edvica <\/strong><\/span>Aprende conceptos de democracia y participaci\u00f3n mientras juegas en nuestro stand, actividad para toda la familia. Todos los d\u00edas en distintos horarios, revisa la programaci\u00f3n en las pantallas de nuestro stand.<\/p>\n<p><img loading=\"lazy\" decoding=\"async\" class=\"alignnone wp-image-20\" src=\"https:\/\/www2.iepcjalisco.org.mx\/iepc-en-la-fil\/wp-content\/uploads\/2016\/11\/cropped-Recurso-2@2x-150x150.png\" alt=\"cropped-Recurso-2@2x.png\" width=\"94\" height=\"91\" \/><\/p>\n","protected":false},"excerpt":{"rendered":"<p>&nbsp; &nbsp; &nbsp; Revista Ombuds Electoral\u00a0 en su n\u00famero 1, 16:00 hrs. | stand I-16 Presentan las Consejeras Electorales integrantes de la Comisi\u00f3n de Derechos Humanos Mtra. Martha L\u00f3pez Gonz\u00e1lez Mtra. Elvia Higuera P\u00e9rez Dra. Yurisha Andrade Morales (Presidenta de la Comisi\u00f3n) Modera: Lic. Jos\u00e9 Ram\u00f3n Ram\u00edrez Vargas, Consejero Electoral&#8230;.<\/p>\n","protected":false},"author":1,"featured_media":0,"parent":130,"menu_order":0,"comment_status":"closed","ping_status":"closed","template":"","meta":{"footnotes":""},"class_list":["post-235","page","type-page","status-publish","hentry"],"_links":{"self":[{"href":"https:\/\/www2.iepcjalisco.org.mx\/iepc-en-la-fil\/index.php?rest_route=\/wp\/v2\/pages\/235","targetHints":{"allow":["GET"]}}],"collection":[{"href":"https:\/\/www2.iepcjalisco.org.mx\/iepc-en-la-fil\/index.php?rest_route=\/wp\/v2\/pages"}],"about":[{"href":"https:\/\/www2.iepcjalisco.org.mx\/iepc-en-la-fil\/index.php?rest_route=\/wp\/v2\/types\/page"}],"author":[{"embeddable":true,"href":"https:\/\/www2.iepcjalisco.org.mx\/iepc-en-la-fil\/index.php?rest_route=\/wp\/v2\/users\/1"}],"replies":[{"embeddable":true,"href":"https:\/\/www2.iepcjalisco.org.mx\/iepc-en-la-fil\/index.php?rest_route=%2Fwp%2Fv2%2Fcomments&post=235"}],"version-history":[{"count":7,"href":"https:\/\/www2.iepcjalisco.org.mx\/iepc-en-la-fil\/index.php?rest_route=\/wp\/v2\/pages\/235\/revisions"}],"predecessor-version":[{"id":278,"href":"https:\/\/www2.iepcjalisco.org.mx\/iepc-en-la-fil\/index.php?rest_route=\/wp\/v2\/pages\/235\/revisions\/278"}],"up":[{"embeddable":true,"href":"https:\/\/www2.iepcjalisco.org.mx\/iepc-en-la-fil\/index.php?rest_route=\/wp\/v2\/pages\/130"}],"wp:attachment":[{"href":"https:\/\/www2.iepcjalisco.org.mx\/iepc-en-la-fil\/index.php?rest_route=%2Fwp%2Fv2%2Fmedia&parent=235"}],"curies":[{"name":"wp","href":"https:\/\/api.w.org\/{rel}","templated":true}]}}

Organismos Públicos Electorales

<p><img loading="lazy" decoding="async" class="alignleft size-full wp-image-30" src="https://www2.iepcjalisco.org.mx/iepc-en-la-fil/wp-content/uploads/2016/11/Recurso-9@2x.png" alt="recurso-92x" width="64" height="84" /></p>
<p>&nbsp;</p>
<p>&nbsp;</p>
<p>&nbsp;</p>
<p><span style="color: #7f4672; font-size: 25px;"><strong>Revista Ombuds Electoral  en su número 1,</strong></span></p>
<p><span style="color: #ac4d74; font-size: 20px;"><strong>16:00 hrs</strong>.</span> | stand I-16<br />
Presentan las Consejeras Electorales integrantes de la Comisión de Derechos Humanos<br />
Mtra. Martha López González<br />
Mtra. Elvia Higuera Pérez<br />
Dra. Yurisha Andrade Morales (Presidenta de la Comisión)</p>
<p>Modera:<br />
Lic. José Ramón Ramírez Vargas, Consejero Electoral.</p>
<p><img loading="lazy" decoding="async" class="alignnone size-full wp-image-236" src="https://www2.iepcjalisco.org.mx/iepc-en-la-fil/wp-content/uploads/2016/11/oples.png" alt="oples" width="1508" height="1296" srcset="https://www2.iepcjalisco.org.mx/iepc-en-la-fil/wp-content/uploads/2016/11/oples.png 1508w, https://www2.iepcjalisco.org.mx/iepc-en-la-fil/wp-content/uploads/2016/11/oples-300x258.png 300w, https://www2.iepcjalisco.org.mx/iepc-en-la-fil/wp-content/uploads/2016/11/oples-768x660.png 768w, https://www2.iepcjalisco.org.mx/iepc-en-la-fil/wp-content/uploads/2016/11/oples-1024x880.png 1024w" sizes="auto, (max-width: 1508px) 100vw, 1508px" /></p>
<p>&nbsp;</p>
<p>______________________________________________________________________________</p>
<p><span style="color: #ac4d74;"><strong>Por vez primera </strong></span>nos acompañan organismos de participación locales de distintos estados, te invitamos a que conozcas la información detallada de sus actividades en nuestro stand.</p>
<p><span style="color: #ac4d74;"><strong>Cuentacuentos </strong></span>Asiste a nuestras sesiones de cuentacuentos de nuestros libros Martha, el valor de la tolerancia y Sara, el valor de la pluralidad. Todos los días, en los distintos horarios: 13.00, 14:00, 15:00 y 16:00 hrs.</p>
<p><span style="color: #ac4d74;"><strong>Concurso “#Yo te incluyo, #Yo me incluyo”</strong> </span>Participa en nuestro concurso y gana hasta $2,500 pesos en vales para libros. Acude a nuestro stand y aprende a decir “#Yo te incluyo, #Yo me incluyo” en Lengua de Señas Mexicana. Sube tu video a nuestra página de Facebook (IEPC Jalisco) y los tres videos con el mayor número de likes serán los ganadores. Todos los días de la FIL en nuestro stand.</p>
<p><span style="color: #ac4d74;"><strong>Actividades de Educación Cívica </strong></span>Aprende conceptos de democracia y participación mientras juegas en nuestro stand, actividad para toda la familia. Todos los días en distintos horarios, revisa la programación en las pantallas de nuestro stand.</p>
<p><img loading="lazy" decoding="async" class="alignnone wp-image-20" src="https://www2.iepcjalisco.org.mx/iepc-en-la-fil/wp-content/uploads/2016/11/cropped-Recurso-2@2x-150x150.png" alt="cropped-Recurso-2@2x.png" width="94" height="91" /></p>

<p>&nbsp; &nbsp; &nbsp; Revista Ombuds Electoral  en su número 1, 16:00 hrs. | stand I-16 Presentan las Consejeras Electorales integrantes de la Comisión de Derechos Humanos Mtra. Martha López González Mtra. Elvia Higuera Pérez Dra. Yurisha Andrade Morales (Presidenta de la Comisión) Modera: Lic. José Ramón Ramírez Vargas, Consejero Electoral&#8230;.</p>
