{"id":87,"date":"2016-11-16T16:46:32","date_gmt":"2016-11-16T16:46:32","guid":{"rendered":"https:\/\/www2.iepcjalisco.org.mx\/iepc-en-la-fil\/?page_id=87"},"modified":"2016-11-18T19:27:39","modified_gmt":"2016-11-18T19:27:39","slug":"87-2","status":"publish","type":"page","link":"https:\/\/www2.iepcjalisco.org.mx\/iepc-en-la-fil\/?page_id=87","title":{"rendered":"D\u00eda 2: Domingo 27 de Noviembre"},"content":{"rendered":"<p><img loading=\"lazy\" decoding=\"async\" class=\"alignnone size-full wp-image-29\" src=\"https:\/\/www2.iepcjalisco.org.mx\/iepc-en-la-fil\/wp-content\/uploads\/2016\/11\/Recurso-7@2x.png\" alt=\"recurso-72x\" width=\"69\" height=\"84\" \/><\/p>\n<p><span style=\"color: #7f4672; font-size: 25px;\"><strong>PRESENTACIONES DE LIBROS EN EL STAND<\/strong><\/span><\/p>\n<p><span style=\"color: #ac4d74; font-size: 20px;\"><strong>16:00 hrs<\/strong>.<\/span> | stand I-16<br \/>\n<em>Revista Colima Resultados Electorales 2015<br \/>\n<\/em>Instituto Electoral del Estado de Colima<\/p>\n<p><span style=\"color: #ac4d74; font-size: 20px;\"><strong>17:00 hrs<\/strong>.<\/span> | stand I-16<br \/>\n<em>Foro la Reelecci\u00f3n<br \/>\n<\/em>Instituto Electoral de Michoac\u00e1n<\/p>\n<p>___________________________________________________________________________________<\/p>\n<p><strong><span style=\"color: #ac4d74;\">Actividades de Educaci\u00f3n C\u00edvica <\/span><\/strong> Aprende conceptos de democracia y participaci\u00f3n mientras juegas en nuestro stand, actividad para toda la familia. Todos los d\u00edas en distintos horarios, revisa la programaci\u00f3n en las pantallas de nuestro stand.<\/p>\n<p><img loading=\"lazy\" decoding=\"async\" class=\"alignnone wp-image-20\" src=\"https:\/\/www2.iepcjalisco.org.mx\/iepc-en-la-fil\/wp-content\/uploads\/2016\/11\/cropped-Recurso-2@2x-150x150.png\" alt=\"cropped-Recurso-2@2x.png\" width=\"94\" height=\"91\" \/><\/p>\n","protected":false},"excerpt":{"rendered":"<p>PRESENTACIONES DE LIBROS EN EL STAND 16:00 hrs. | stand I-16 Revista Colima Resultados Electorales 2015 Instituto Electoral del Estado de Colima 17:00 hrs. | stand I-16 Foro la Reelecci\u00f3n Instituto Electoral de Michoac\u00e1n ___________________________________________________________________________________ Actividades de Educaci\u00f3n C\u00edvica Aprende conceptos de democracia y participaci\u00f3n mientras juegas en nuestro stand,&#8230;<\/p>\n","protected":false},"author":1,"featured_media":0,"parent":0,"menu_order":0,"comment_status":"closed","ping_status":"closed","template":"","meta":{"footnotes":""},"class_list":["post-87","page","type-page","status-publish","hentry"],"_links":{"self":[{"href":"https:\/\/www2.iepcjalisco.org.mx\/iepc-en-la-fil\/index.php?rest_route=\/wp\/v2\/pages\/87","targetHints":{"allow":["GET"]}}],"collection":[{"href":"https:\/\/www2.iepcjalisco.org.mx\/iepc-en-la-fil\/index.php?rest_route=\/wp\/v2\/pages"}],"about":[{"href":"https:\/\/www2.iepcjalisco.org.mx\/iepc-en-la-fil\/index.php?rest_route=\/wp\/v2\/types\/page"}],"author":[{"embeddable":true,"href":"https:\/\/www2.iepcjalisco.org.mx\/iepc-en-la-fil\/index.php?rest_route=\/wp\/v2\/users\/1"}],"replies":[{"embeddable":true,"href":"https:\/\/www2.iepcjalisco.org.mx\/iepc-en-la-fil\/index.php?rest_route=%2Fwp%2Fv2%2Fcomments&post=87"}],"version-history":[{"count":10,"href":"https:\/\/www2.iepcjalisco.org.mx\/iepc-en-la-fil\/index.php?rest_route=\/wp\/v2\/pages\/87\/revisions"}],"predecessor-version":[{"id":145,"href":"https:\/\/www2.iepcjalisco.org.mx\/iepc-en-la-fil\/index.php?rest_route=\/wp\/v2\/pages\/87\/revisions\/145"}],"wp:attachment":[{"href":"https:\/\/www2.iepcjalisco.org.mx\/iepc-en-la-fil\/index.php?rest_route=%2Fwp%2Fv2%2Fmedia&parent=87"}],"curies":[{"name":"wp","href":"https:\/\/api.w.org\/{rel}","templated":true}]}}

Día 2: Domingo 27 de Noviembre

<p><img loading="lazy" decoding="async" class="alignnone size-full wp-image-29" src="https://www2.iepcjalisco.org.mx/iepc-en-la-fil/wp-content/uploads/2016/11/Recurso-7@2x.png" alt="recurso-72x" width="69" height="84" /></p>
<p><span style="color: #7f4672; font-size: 25px;"><strong>PRESENTACIONES DE LIBROS EN EL STAND</strong></span></p>
<p><span style="color: #ac4d74; font-size: 20px;"><strong>16:00 hrs</strong>.</span> | stand I-16<br />
<em>Revista Colima Resultados Electorales 2015<br />
</em>Instituto Electoral del Estado de Colima</p>
<p><span style="color: #ac4d74; font-size: 20px;"><strong>17:00 hrs</strong>.</span> | stand I-16<br />
<em>Foro la Reelección<br />
</em>Instituto Electoral de Michoacán</p>
<p>___________________________________________________________________________________</p>
<p><strong><span style="color: #ac4d74;">Actividades de Educación Cívica </span></strong> Aprende conceptos de democracia y participación mientras juegas en nuestro stand, actividad para toda la familia. Todos los días en distintos horarios, revisa la programación en las pantallas de nuestro stand.</p>
<p><img loading="lazy" decoding="async" class="alignnone wp-image-20" src="https://www2.iepcjalisco.org.mx/iepc-en-la-fil/wp-content/uploads/2016/11/cropped-Recurso-2@2x-150x150.png" alt="cropped-Recurso-2@2x.png" width="94" height="91" /></p>

<p>PRESENTACIONES DE LIBROS EN EL STAND 16:00 hrs. | stand I-16 Revista Colima Resultados Electorales 2015 Instituto Electoral del Estado de Colima 17:00 hrs. | stand I-16 Foro la Reelección Instituto Electoral de Michoacán ___________________________________________________________________________________ Actividades de Educación Cívica Aprende conceptos de democracia y participación mientras juegas en nuestro stand,&#8230;</p>
