{"id":90,"date":"2016-11-16T17:02:42","date_gmt":"2016-11-16T17:02:42","guid":{"rendered":"https:\/\/www2.iepcjalisco.org.mx\/iepc-en-la-fil\/?page_id=90"},"modified":"2016-11-18T19:27:55","modified_gmt":"2016-11-18T19:27:55","slug":"90-2","status":"publish","type":"page","link":"https:\/\/www2.iepcjalisco.org.mx\/iepc-en-la-fil\/?page_id=90","title":{"rendered":"D\u00eda 3: Jueves 01 de Diciembre"},"content":{"rendered":"<p><img loading=\"lazy\" decoding=\"async\" class=\"alignnone size-full wp-image-30\" src=\"https:\/\/www2.iepcjalisco.org.mx\/iepc-en-la-fil\/wp-content\/uploads\/2016\/11\/Recurso-9@2x.png\" alt=\"recurso-92x\" width=\"64\" height=\"84\" \/><\/p>\n<p><span style=\"color: #7f4672; font-size: 25px;\"><strong>PRESENTACIONES DE LIBROS\u00a0\u00c1REA INTERNACIONAL<\/strong><\/span><\/p>\n<p><span style=\"color: #ac4d74; font-size: 20px;\"><strong>13:00 hrs<\/strong>.<\/span> | Sal\u00f3n A<br \/>\n<em>La dieta medi\u00e1tica en Jalisco, una cartograf\u00eda sociocultural al iniciar el siglo XXI<br \/>\n<\/em>Pablo Arredondo Ram\u00edrez<\/p>\n<p><strong>PRESENTAN:<\/strong> Juan Carlos Villalobos Revello, Jos\u00e9 de Jes\u00fas G\u00f3mez Valle y Pablo Arredondo<br \/>\n<strong>MODERA:<\/strong> Guillermo Alcaraz Cross<\/p>\n<p>___________________________________________________________________________________<\/p>\n<p><span style=\"color: #ac4d74;\"><strong>Concurso \u201c#Yo te incluyo, #Yo me incluyo\u201d<\/strong> <\/span>Participa en nuestro concurso y gana hasta $2,500 pesos en vales para libros. Acude a nuestro stand y aprende a decir \u201c#Yo te incluyo, #Yo me incluyo\u201d en Lengua de Se\u00f1as Mexicana. Sube tu video a nuestra p\u00e1gina de Facebook (IEPC Jalisco) y los tres videos con el mayor n\u00famero de likes ser\u00e1n los ganadores. Todos los d\u00edas de la FIL en nuestro stand.<\/p>\n<p><img loading=\"lazy\" decoding=\"async\" class=\"alignnone wp-image-20\" src=\"https:\/\/www2.iepcjalisco.org.mx\/iepc-en-la-fil\/wp-content\/uploads\/2016\/11\/cropped-Recurso-2@2x-150x150.png\" alt=\"cropped-Recurso-2@2x.png\" width=\"94\" height=\"91\" \/><\/p>\n","protected":false},"excerpt":{"rendered":"<p>PRESENTACIONES DE LIBROS\u00a0\u00c1REA INTERNACIONAL 13:00 hrs. | Sal\u00f3n A La dieta medi\u00e1tica en Jalisco, una cartograf\u00eda sociocultural al iniciar el siglo XXI Pablo Arredondo Ram\u00edrez PRESENTAN: Juan Carlos Villalobos Revello, Jos\u00e9 de Jes\u00fas G\u00f3mez Valle y Pablo Arredondo MODERA: Guillermo Alcaraz Cross ___________________________________________________________________________________ Concurso \u201c#Yo te incluyo, #Yo me incluyo\u201d&#8230;<\/p>\n","protected":false},"author":1,"featured_media":0,"parent":0,"menu_order":0,"comment_status":"closed","ping_status":"closed","template":"","meta":{"footnotes":""},"class_list":["post-90","page","type-page","status-publish","hentry"],"_links":{"self":[{"href":"https:\/\/www2.iepcjalisco.org.mx\/iepc-en-la-fil\/index.php?rest_route=\/wp\/v2\/pages\/90","targetHints":{"allow":["GET"]}}],"collection":[{"href":"https:\/\/www2.iepcjalisco.org.mx\/iepc-en-la-fil\/index.php?rest_route=\/wp\/v2\/pages"}],"about":[{"href":"https:\/\/www2.iepcjalisco.org.mx\/iepc-en-la-fil\/index.php?rest_route=\/wp\/v2\/types\/page"}],"author":[{"embeddable":true,"href":"https:\/\/www2.iepcjalisco.org.mx\/iepc-en-la-fil\/index.php?rest_route=\/wp\/v2\/users\/1"}],"replies":[{"embeddable":true,"href":"https:\/\/www2.iepcjalisco.org.mx\/iepc-en-la-fil\/index.php?rest_route=%2Fwp%2Fv2%2Fcomments&post=90"}],"version-history":[{"count":5,"href":"https:\/\/www2.iepcjalisco.org.mx\/iepc-en-la-fil\/index.php?rest_route=\/wp\/v2\/pages\/90\/revisions"}],"predecessor-version":[{"id":138,"href":"https:\/\/www2.iepcjalisco.org.mx\/iepc-en-la-fil\/index.php?rest_route=\/wp\/v2\/pages\/90\/revisions\/138"}],"wp:attachment":[{"href":"https:\/\/www2.iepcjalisco.org.mx\/iepc-en-la-fil\/index.php?rest_route=%2Fwp%2Fv2%2Fmedia&parent=90"}],"curies":[{"name":"wp","href":"https:\/\/api.w.org\/{rel}","templated":true}]}}

Día 3: Jueves 01 de Diciembre

<p><img loading="lazy" decoding="async" class="alignnone size-full wp-image-30" src="https://www2.iepcjalisco.org.mx/iepc-en-la-fil/wp-content/uploads/2016/11/Recurso-9@2x.png" alt="recurso-92x" width="64" height="84" /></p>
<p><span style="color: #7f4672; font-size: 25px;"><strong>PRESENTACIONES DE LIBROS ÁREA INTERNACIONAL</strong></span></p>
<p><span style="color: #ac4d74; font-size: 20px;"><strong>13:00 hrs</strong>.</span> | Salón A<br />
<em>La dieta mediática en Jalisco, una cartografía sociocultural al iniciar el siglo XXI<br />
</em>Pablo Arredondo Ramírez</p>
<p><strong>PRESENTAN:</strong> Juan Carlos Villalobos Revello, José de Jesús Gómez Valle y Pablo Arredondo<br />
<strong>MODERA:</strong> Guillermo Alcaraz Cross</p>
<p>___________________________________________________________________________________</p>
<p><span style="color: #ac4d74;"><strong>Concurso “#Yo te incluyo, #Yo me incluyo”</strong> </span>Participa en nuestro concurso y gana hasta $2,500 pesos en vales para libros. Acude a nuestro stand y aprende a decir “#Yo te incluyo, #Yo me incluyo” en Lengua de Señas Mexicana. Sube tu video a nuestra página de Facebook (IEPC Jalisco) y los tres videos con el mayor número de likes serán los ganadores. Todos los días de la FIL en nuestro stand.</p>
<p><img loading="lazy" decoding="async" class="alignnone wp-image-20" src="https://www2.iepcjalisco.org.mx/iepc-en-la-fil/wp-content/uploads/2016/11/cropped-Recurso-2@2x-150x150.png" alt="cropped-Recurso-2@2x.png" width="94" height="91" /></p>

<p>PRESENTACIONES DE LIBROS ÁREA INTERNACIONAL 13:00 hrs. | Salón A La dieta mediática en Jalisco, una cartografía sociocultural al iniciar el siglo XXI Pablo Arredondo Ramírez PRESENTAN: Juan Carlos Villalobos Revello, José de Jesús Gómez Valle y Pablo Arredondo MODERA: Guillermo Alcaraz Cross ___________________________________________________________________________________ Concurso “#Yo te incluyo, #Yo me incluyo”&#8230;</p>
