{"id":108,"date":"2026-03-03T17:58:02","date_gmt":"2026-03-03T17:58:02","guid":{"rendered":"https:\/\/www2.iepcjalisco.org.mx\/pid\/?page_id=108"},"modified":"2026-03-10T20:17:11","modified_gmt":"2026-03-10T20:17:11","slug":"valores","status":"publish","type":"page","link":"https:\/\/www2.iepcjalisco.org.mx\/pid\/?page_id=108","title":{"rendered":"Valores"},"content":{"rendered":"\t\t<div data-elementor-type=\"wp-post\" data-elementor-id=\"108\" class=\"elementor elementor-108\">\n\t\t\t\t<div class=\"elementor-element elementor-element-fd4e033 e-con-full e-flex e-con e-parent\" data-id=\"fd4e033\" data-element_type=\"container\" data-e-type=\"container\" data-settings=\"{&quot;background_background&quot;:&quot;classic&quot;}\">\n\t\t\t\t<div class=\"elementor-element elementor-element-8bccb35 elementor-widget elementor-widget-spacer\" data-id=\"8bccb35\" data-element_type=\"widget\" data-e-type=\"widget\" data-widget_type=\"spacer.default\">\n\t\t\t\t<div class=\"elementor-widget-container\">\n\t\t\t\t\t\t\t<div class=\"elementor-spacer\">\n\t\t\t<div class=\"elementor-spacer-inner\"><\/div>\n\t\t<\/div>\n\t\t\t\t\t\t<\/div>\n\t\t\t\t<\/div>\n\t\t\t\t<div class=\"elementor-element elementor-element-a4bdf0b elementor-widget elementor-widget-heading\" data-id=\"a4bdf0b\" data-element_type=\"widget\" data-e-type=\"widget\" data-widget_type=\"heading.default\">\n\t\t\t\t<div class=\"elementor-widget-container\">\n\t\t\t\t\t<h1 class=\"elementor-heading-title elementor-size-default\">Valores institucionales<\/h1>\t\t\t\t<\/div>\n\t\t\t\t<\/div>\n\t\t\t\t<div class=\"elementor-element elementor-element-bf91cec elementor-widget__width-initial elementor-widget elementor-widget-text-editor\" data-id=\"bf91cec\" data-element_type=\"widget\" data-e-type=\"widget\" data-widget_type=\"text-editor.default\">\n\t\t\t\t<div class=\"elementor-widget-container\">\n\t\t\t\t\t\t\t\t\t<p><strong>Certeza.<\/strong> Todos los actos y decisiones del Instituto Electoral se realizan de forma institucional y profesional, apoyados en procesos leg\u00edtimos, transparentes y auditables para el cumplimiento cabal de sus funciones.<\/p><p><br \/><strong>Legalidad.<\/strong> Con sustento, reconocimiento y estricto apego al mandato constitucional y sus leyes, el Instituto Electoral motiva y fundamenta sus actos, hace solo lo que la ley le permite, nada fuera ni nada por encima de ella.<\/p><p><br \/><strong>Independencia.<\/strong> Ejercicio de la autonom\u00eda y separaci\u00f3n de cualquier poder establecido, que permite la toma de decisiones con libertad e imparcialidad, sustentada en la ley y al margen de presiones pol\u00edticas o administrativas.<\/p><p><br \/><strong>Imparcialidad.<\/strong> Actuaci\u00f3n neutral del Instituto Electoral que vela por el inter\u00e9s social sobre cualquier inter\u00e9s partidario o personal en el cumplimiento de su misi\u00f3n y de los valores fundamentales de la democracia.<\/p><p><br \/><strong>Objetividad.<\/strong> Capacidad que apoya la imparcialidad de las decisiones al observar los hechos por encima de opiniones e intereses particulares, examinando los fen\u00f3menos en todos sus aspectos para que la toma de decisiones est\u00e9 apegada a la realidad y reduzca al m\u00ednimo el error en las valoraciones que realice.<\/p><p><br \/><strong>M\u00e1xima publicidad.<\/strong> Hacer p\u00fablica la informaci\u00f3n que el Instituto Electoral posee y genera. Solamente se reserva temporalmente en los casos previstos por las leyes.<\/p><p>\u00a0<\/p><p><strong>Perspectiva de G\u00e9nero.<\/strong> Visi\u00f3n anal\u00edtica que permite identificar y cuestionar las desigualdades entre hombres y mujeres, as\u00ed como promover acciones para lograr la igualdad de g\u00e9nero. Se enfoca en reconocer que las diferencias entre hombres y mujeres son construcciones sociales que pueden generar discriminaci\u00f3n y exclusi\u00f3n.<\/p>\t\t\t\t\t\t\t\t<\/div>\n\t\t\t\t<\/div>\n\t\t\t\t<div class=\"elementor-element elementor-element-44624e6 elementor-widget elementor-widget-spacer\" data-id=\"44624e6\" data-element_type=\"widget\" data-e-type=\"widget\" data-widget_type=\"spacer.default\">\n\t\t\t\t<div class=\"elementor-widget-container\">\n\t\t\t\t\t\t\t<div class=\"elementor-spacer\">\n\t\t\t<div class=\"elementor-spacer-inner\"><\/div>\n\t\t<\/div>\n\t\t\t\t\t\t<\/div>\n\t\t\t\t<\/div>\n\t\t\t\t<\/div>\n\t\t\t\t<\/div>\n\t\t","protected":false},"excerpt":{"rendered":"<p>Valores institucionales Certeza. Todos los actos y decisiones del Instituto Electoral se realizan de forma institucional y profesional, apoyados en procesos leg\u00edtimos, transparentes y auditables para el cumplimiento cabal de sus funciones. Legalidad. Con sustento, reconocimiento y estricto apego al mandato constitucional y sus leyes, el Instituto Electoral motiva y fundamenta sus actos, hace solo [&hellip;]<\/p>\n","protected":false},"author":1,"featured_media":0,"parent":0,"menu_order":0,"comment_status":"closed","ping_status":"closed","template":"","meta":{"footnotes":""},"class_list":["post-108","page","type-page","status-publish","hentry"],"_links":{"self":[{"href":"https:\/\/www2.iepcjalisco.org.mx\/pid\/index.php?rest_route=\/wp\/v2\/pages\/108","targetHints":{"allow":["GET"]}}],"collection":[{"href":"https:\/\/www2.iepcjalisco.org.mx\/pid\/index.php?rest_route=\/wp\/v2\/pages"}],"about":[{"href":"https:\/\/www2.iepcjalisco.org.mx\/pid\/index.php?rest_route=\/wp\/v2\/types\/page"}],"author":[{"embeddable":true,"href":"https:\/\/www2.iepcjalisco.org.mx\/pid\/index.php?rest_route=\/wp\/v2\/users\/1"}],"replies":[{"embeddable":true,"href":"https:\/\/www2.iepcjalisco.org.mx\/pid\/index.php?rest_route=%2Fwp%2Fv2%2Fcomments&post=108"}],"version-history":[{"count":7,"href":"https:\/\/www2.iepcjalisco.org.mx\/pid\/index.php?rest_route=\/wp\/v2\/pages\/108\/revisions"}],"predecessor-version":[{"id":367,"href":"https:\/\/www2.iepcjalisco.org.mx\/pid\/index.php?rest_route=\/wp\/v2\/pages\/108\/revisions\/367"}],"wp:attachment":[{"href":"https:\/\/www2.iepcjalisco.org.mx\/pid\/index.php?rest_route=%2Fwp%2Fv2%2Fmedia&parent=108"}],"curies":[{"name":"wp","href":"https:\/\/api.w.org\/{rel}","templated":true}]}}