{"id":374,"date":"2026-03-17T16:49:39","date_gmt":"2026-03-17T16:49:39","guid":{"rendered":"https:\/\/www2.iepcjalisco.org.mx\/pid\/?page_id=374"},"modified":"2026-03-23T17:17:48","modified_gmt":"2026-03-23T17:17:48","slug":"objetivos-institucionales","status":"publish","type":"page","link":"https:\/\/www2.iepcjalisco.org.mx\/pid\/?page_id=374","title":{"rendered":"Objetivos Institucionales"},"content":{"rendered":"\t\t<div data-elementor-type=\"wp-post\" data-elementor-id=\"374\" class=\"elementor elementor-374\">\n\t\t\t\t<div class=\"elementor-element elementor-element-fd4e033 e-con-full e-flex e-con e-parent\" data-id=\"fd4e033\" data-element_type=\"container\" data-e-type=\"container\" data-settings=\"{&quot;background_background&quot;:&quot;classic&quot;}\">\n\t\t\t\t<div class=\"elementor-element elementor-element-44624e6 elementor-widget elementor-widget-spacer\" data-id=\"44624e6\" data-element_type=\"widget\" data-e-type=\"widget\" data-widget_type=\"spacer.default\">\n\t\t\t\t<div class=\"elementor-widget-container\">\n\t\t\t\t\t\t\t<div class=\"elementor-spacer\">\n\t\t\t<div class=\"elementor-spacer-inner\"><\/div>\n\t\t<\/div>\n\t\t\t\t\t\t<\/div>\n\t\t\t\t<\/div>\n\t\t\t\t<div class=\"elementor-element elementor-element-a4bdf0b elementor-widget elementor-widget-heading\" data-id=\"a4bdf0b\" data-element_type=\"widget\" data-e-type=\"widget\" data-widget_type=\"heading.default\">\n\t\t\t\t<div class=\"elementor-widget-container\">\n\t\t\t\t\t<h1 class=\"elementor-heading-title elementor-size-default\">Objetivos Institucionales<\/h1>\t\t\t\t<\/div>\n\t\t\t\t<\/div>\n\t\t\t\t<div class=\"elementor-element elementor-element-deaa324 elementor-widget elementor-widget-html\" data-id=\"deaa324\" data-element_type=\"widget\" data-e-type=\"widget\" data-widget_type=\"html.default\">\n\t\t\t\t<div class=\"elementor-widget-container\">\n\t\t\t\t\t<table class=\"tablaobjetivos\">\r\n<thead>\r\n<tr>\r\n<th>Responsable<\/th>\r\n<th>Objetivos Institucionales<\/th>\r\n<\/tr>\r\n    <tr>\r\n      <td width=\"171px\" align=\"center\"><b>Consejo General<\/b><\/td>\r\n      <td width=\"560px\">01.- Vigilar el cumplimiento del marco constitucional y legal aplicable electoral, asegurando que las funciones institucionales se rijan por los principios de certeza, legalidad, independencia, imparcialidad, objetividad y m\u00e1xima publicidad, con perspectiva de g\u00e9nero y responsabilidad institucional. As\u00ed como la implementaci\u00f3n de pol\u00edticas progresistas de igualdad e inclusi\u00f3n y el impulso de programas vanguardistas para la construcci\u00f3n de ciudadan\u00eda.<\/td>\r\n    <\/tr>\r\n    <tr>\r\n      <td width=\"171px\"><b>Secretar\u00eda Ejecutiva<\/b><\/td>\r\n      <td width=\"560px\">01.- Garantizar la implementaci\u00f3n y ejecuci\u00f3n de los proyectos institucionales, la coordinaci\u00f3n y seguimiento al cumplimiento de los objetivos y estrategias de las diversas \u00e1reas del Instituto, as\u00ed como la atenci\u00f3n y seguimiento a los acuerdos y resoluciones del Consejo General y Comisiones, en un marco de transparencia y rendici\u00f3n de cuentas.<\/td>\r\n    <\/tr>\r\n    <tr>\r\n      <td width=\"171px\"><b>Direcci\u00f3n Ejecutiva de Administraci\u00f3n<\/b><\/td>\r\n      <td width=\"560px\">02.- Eficientar los procesos administrativos del Instituto.<\/td>\r\n    <\/tr>\r\n    <tr>\r\n      <td width=\"171px\"><b>Direcci\u00f3n Ejecutiva de Asuntos Jur\u00eddicos<\/b><\/td>\r\n      <td width=\"560px\">03.- Fortalecer la capacidad jur\u00eddica del Instituto mediante la actualizaci\u00f3n normativa, la profesionalizaci\u00f3n del personal jur\u00eddico y la socializaci\u00f3n de los procesos jur\u00eddicos institucionales, con el fin de garantizar la legalidad, la eficacia y la congruencia p\u00fablica de los asuntos que atiende la Direcci\u00f3n en ejercicio de sus atribuciones.<\/td>\r\n    <\/tr>\r\n    <tr>\r\n      <td width=\"171px\" ><b>Direcci\u00f3n Ejecutiva de Organizaci\u00f3n Electoral y Estad\u00edstica<\/b><\/td>\r\n      <td width=\"560px\">04.- Fortalecer mediante el uso de tecnolog\u00edas de comunicaci\u00f3n e informaci\u00f3n los procesos de planeaci\u00f3n, control y resguardo de la documentaci\u00f3n electoral, a fin de garantizar la transparencia, certeza y legitimidad en los resultados electorales, promoviendo la confianza ciudadana y la aceptaci\u00f3n de los resultados por parte de los actores pol\u00edticos.<\/td>\r\n    <\/tr>\r\n    <tr>\r\n      <td width=\"171px\" align=\"center\"><b>Direcci\u00f3n Ejecutiva de Prerrogativas e Inclusi\u00f3n<\/b><\/td>\r\n      <td width=\"560px\">05.- Garantizar el ejercicio efectivo de los derechos pol\u00edtico\u2011electorales de la ciudadan\u00eda mediante la supervisi\u00f3n, coordinaci\u00f3n y ejecuci\u00f3n de pol\u00edticas, procedimientos y mecanismos que aseguren el cumplimiento de las prerrogativas de los actores pol\u00edticos, la fiscalizaci\u00f3n de recursos p\u00fablicos y privados, y la inclusi\u00f3n sustantiva de grupos hist\u00f3ricamente discriminados, bajo los principios de legalidad, paridad, transparencia e igualdad en los procesos electorales.<\/td>\r\n    <\/tr>\r\n    <tr>\r\n      <td width=\"171px\"><b>Direcci\u00f3n Ejecutiva de Participaci\u00f3n Ciudadana y Educaci\u00f3n C\u00edvica<\/b><\/td>\r\n      <td width=\"560px\">06.- Revertir la desafecci\u00f3n estructural ante la ciudadan\u00eda jalisciense y sus instituciones democr\u00e1ticas, fortaleciendo los v\u00ednculos c\u00edvicos y la confianza mutua a trav\u00e9s de acciones efectivas de participaci\u00f3n y educaci\u00f3n c\u00edvica.<\/td>\r\n    <\/tr>\r\n    <tr>\r\n      <td width=\"171px\"><b>Direcci\u00f3n de Inform\u00e1tica e Innovaci\u00f3n<\/b><\/td>\r\n      <td width=\"560px\">07.- Sistematizar los procesos y tareas fundamentales del Instituto, mediante el uso de diversas tecnolog\u00edas para brindar accesibilidad, confiabilidad y transparencia con el quehacer institucional.<\/td>\r\n    <\/tr>\r\n    <tr>\r\n      <td width=\"171px\"><b>Direcci\u00f3n de Comunicaci\u00f3n Social<\/b><\/td>\r\n      <td width=\"560px\">08.- Fortalecer la estrategia integral de comunicaci\u00f3n institucional para garantizar el acceso equitativo, oportuno y accesible a la informaci\u00f3n electoral confiable, mediante contenidos informativos, narrativas inclusivas y presencia territorial.<\/td>\r\n    <\/tr>\r\n    <tr>\r\n      <td width=\"171px\"><b>Contralor\u00eda General<\/b><\/td>\r\n      <td width=\"560px\">09.- Fortalecer la rendici\u00f3n de cuentas y la legalidad en el uso de los recursos p\u00fablicos del Instituto mediante acciones de fiscalizaci\u00f3n, auditor\u00eda, evaluaci\u00f3n y control interno, con actuaciones t\u00e9cnicas de gesti\u00f3n, garantizando el cumplimiento de la normativa aplicable y promoviendo la transparencia, la eficiencia administrativa y la responsabilidad de los servidores p\u00fablicos.<\/td>\r\n    <\/tr>\r\n  <\/tbody>\r\n<\/table>\r\n\t\t\t\t<\/div>\n\t\t\t\t<\/div>\n\t\t\t\t<div class=\"elementor-element elementor-element-91fe8b9 elementor-widget elementor-widget-spacer\" data-id=\"91fe8b9\" data-element_type=\"widget\" data-e-type=\"widget\" data-widget_type=\"spacer.default\">\n\t\t\t\t<div class=\"elementor-widget-container\">\n\t\t\t\t\t\t\t<div class=\"elementor-spacer\">\n\t\t\t<div class=\"elementor-spacer-inner\"><\/div>\n\t\t<\/div>\n\t\t\t\t\t\t<\/div>\n\t\t\t\t<\/div>\n\t\t\t\t<\/div>\n\t\t\t\t<\/div>\n\t\t","protected":false},"excerpt":{"rendered":"<p>Objetivos Institucionales Responsable Objetivos Institucionales Consejo General 01.- Vigilar el cumplimiento del marco constitucional y legal aplicable electoral, asegurando que las funciones institucionales se rijan por los principios de certeza, legalidad, independencia, imparcialidad, objetividad y m\u00e1xima publicidad, con perspectiva de g\u00e9nero y responsabilidad institucional. As\u00ed como la implementaci\u00f3n de pol\u00edticas progresistas de igualdad e inclusi\u00f3n [&hellip;]<\/p>\n","protected":false},"author":1,"featured_media":0,"parent":0,"menu_order":0,"comment_status":"closed","ping_status":"closed","template":"","meta":{"footnotes":""},"class_list":["post-374","page","type-page","status-publish","hentry"],"_links":{"self":[{"href":"https:\/\/www2.iepcjalisco.org.mx\/pid\/index.php?rest_route=\/wp\/v2\/pages\/374","targetHints":{"allow":["GET"]}}],"collection":[{"href":"https:\/\/www2.iepcjalisco.org.mx\/pid\/index.php?rest_route=\/wp\/v2\/pages"}],"about":[{"href":"https:\/\/www2.iepcjalisco.org.mx\/pid\/index.php?rest_route=\/wp\/v2\/types\/page"}],"author":[{"embeddable":true,"href":"https:\/\/www2.iepcjalisco.org.mx\/pid\/index.php?rest_route=\/wp\/v2\/users\/1"}],"replies":[{"embeddable":true,"href":"https:\/\/www2.iepcjalisco.org.mx\/pid\/index.php?rest_route=%2Fwp%2Fv2%2Fcomments&post=374"}],"version-history":[{"count":22,"href":"https:\/\/www2.iepcjalisco.org.mx\/pid\/index.php?rest_route=\/wp\/v2\/pages\/374\/revisions"}],"predecessor-version":[{"id":422,"href":"https:\/\/www2.iepcjalisco.org.mx\/pid\/index.php?rest_route=\/wp\/v2\/pages\/374\/revisions\/422"}],"wp:attachment":[{"href":"https:\/\/www2.iepcjalisco.org.mx\/pid\/index.php?rest_route=%2Fwp%2Fv2%2Fmedia&parent=374"}],"curies":[{"name":"wp","href":"https:\/\/api.w.org\/{rel}","templated":true}]}}