{"id":9,"date":"2026-03-02T20:15:31","date_gmt":"2026-03-02T20:15:31","guid":{"rendered":"https:\/\/www2.iepcjalisco.org.mx\/pid\/?page_id=9"},"modified":"2026-03-03T17:58:17","modified_gmt":"2026-03-03T17:58:17","slug":"filosofia-institucional","status":"publish","type":"page","link":"https:\/\/www2.iepcjalisco.org.mx\/pid\/?page_id=9","title":{"rendered":"Filosof\u00eda institucional"},"content":{"rendered":"\t\t<div data-elementor-type=\"wp-post\" data-elementor-id=\"9\" class=\"elementor elementor-9\">\n\t\t\t\t<div class=\"elementor-element elementor-element-fd4e033 e-con-full e-flex e-con e-parent\" data-id=\"fd4e033\" data-element_type=\"container\" data-e-type=\"container\" data-settings=\"{&quot;background_background&quot;:&quot;classic&quot;}\">\n\t\t\t\t<div class=\"elementor-element elementor-element-80d8272 elementor-widget elementor-widget-image\" data-id=\"80d8272\" data-element_type=\"widget\" data-e-type=\"widget\" data-widget_type=\"image.default\">\n\t\t\t\t<div class=\"elementor-widget-container\">\n\t\t\t\t\t\t\t\t\t\t\t\t\t\t\t<img fetchpriority=\"high\" decoding=\"async\" width=\"300\" height=\"297\" src=\"https:\/\/www2.iepcjalisco.org.mx\/pid\/wp-content\/uploads\/2026\/03\/Logo-PID-300x297.png\" class=\"attachment-medium size-medium wp-image-47\" alt=\"\" srcset=\"https:\/\/www2.iepcjalisco.org.mx\/pid\/wp-content\/uploads\/2026\/03\/Logo-PID-300x297.png 300w, https:\/\/www2.iepcjalisco.org.mx\/pid\/wp-content\/uploads\/2026\/03\/Logo-PID-150x150.png 150w, https:\/\/www2.iepcjalisco.org.mx\/pid\/wp-content\/uploads\/2026\/03\/Logo-PID.png 710w\" sizes=\"(max-width: 300px) 100vw, 300px\" \/>\t\t\t\t\t\t\t\t\t\t\t\t\t\t\t<\/div>\n\t\t\t\t<\/div>\n\t\t\t\t<div class=\"elementor-element elementor-element-a4bdf0b elementor-widget elementor-widget-heading\" data-id=\"a4bdf0b\" data-element_type=\"widget\" data-e-type=\"widget\" data-widget_type=\"heading.default\">\n\t\t\t\t<div class=\"elementor-widget-container\">\n\t\t\t\t\t<h1 class=\"elementor-heading-title elementor-size-default\">Filosof\u00eda institucional<\/h1>\t\t\t\t<\/div>\n\t\t\t\t<\/div>\n\t\t\t\t<div class=\"elementor-element elementor-element-bf91cec elementor-widget__width-initial elementor-widget elementor-widget-text-editor\" data-id=\"bf91cec\" data-element_type=\"widget\" data-e-type=\"widget\" data-widget_type=\"text-editor.default\">\n\t\t\t\t<div class=\"elementor-widget-container\">\n\t\t\t\t\t\t\t\t\t<p><strong>Misi\u00f3n<\/strong><br \/>Organismo aut\u00f3nomo, t\u00e9cnico-especializado e independiente, cuyos fines son: organizar elecciones libres, peri\u00f3dicas y confiables para la renovaci\u00f3n pac\u00edfica y leg\u00edtima de los cargos locales de elecci\u00f3n popular; instrumentar mecanismos de participaci\u00f3n ciudadana; y promover la cultura democr\u00e1tica.<\/p><p>\u00a0<\/p><p><strong>Visi\u00f3n<\/strong><br \/>Consolidarse como una instituci\u00f3n confiable, profesional, abierta, innovadora, cercana a las personas y con capacidad de adaptaci\u00f3n; reconocida por privilegiar el uso de la tecnolog\u00eda, la implementaci\u00f3n de pol\u00edticas progresistas de igualdad e inclusi\u00f3n y el impulso de programas vanguardistas para la construcci\u00f3n de ciudadan\u00eda.<\/p>\t\t\t\t\t\t\t\t<\/div>\n\t\t\t\t<\/div>\n\t\t\t\t<div class=\"elementor-element elementor-element-44624e6 elementor-widget elementor-widget-spacer\" data-id=\"44624e6\" data-element_type=\"widget\" data-e-type=\"widget\" data-widget_type=\"spacer.default\">\n\t\t\t\t<div class=\"elementor-widget-container\">\n\t\t\t\t\t\t\t<div class=\"elementor-spacer\">\n\t\t\t<div class=\"elementor-spacer-inner\"><\/div>\n\t\t<\/div>\n\t\t\t\t\t\t<\/div>\n\t\t\t\t<\/div>\n\t\t\t\t<\/div>\n\t\t\t\t<\/div>\n\t\t","protected":false},"excerpt":{"rendered":"<p>Filosof\u00eda institucional Misi\u00f3nOrganismo aut\u00f3nomo, t\u00e9cnico-especializado e independiente, cuyos fines son: organizar elecciones libres, peri\u00f3dicas y confiables para la renovaci\u00f3n pac\u00edfica y leg\u00edtima de los cargos locales de elecci\u00f3n popular; instrumentar mecanismos de participaci\u00f3n ciudadana; y promover la cultura democr\u00e1tica. \u00a0 Visi\u00f3nConsolidarse como una instituci\u00f3n confiable, profesional, abierta, innovadora, cercana a las personas y con capacidad [&hellip;]<\/p>\n","protected":false},"author":1,"featured_media":0,"parent":0,"menu_order":0,"comment_status":"closed","ping_status":"closed","template":"","meta":{"footnotes":""},"class_list":["post-9","page","type-page","status-publish","hentry"],"_links":{"self":[{"href":"https:\/\/www2.iepcjalisco.org.mx\/pid\/index.php?rest_route=\/wp\/v2\/pages\/9","targetHints":{"allow":["GET"]}}],"collection":[{"href":"https:\/\/www2.iepcjalisco.org.mx\/pid\/index.php?rest_route=\/wp\/v2\/pages"}],"about":[{"href":"https:\/\/www2.iepcjalisco.org.mx\/pid\/index.php?rest_route=\/wp\/v2\/types\/page"}],"author":[{"embeddable":true,"href":"https:\/\/www2.iepcjalisco.org.mx\/pid\/index.php?rest_route=\/wp\/v2\/users\/1"}],"replies":[{"embeddable":true,"href":"https:\/\/www2.iepcjalisco.org.mx\/pid\/index.php?rest_route=%2Fwp%2Fv2%2Fcomments&post=9"}],"version-history":[{"count":12,"href":"https:\/\/www2.iepcjalisco.org.mx\/pid\/index.php?rest_route=\/wp\/v2\/pages\/9\/revisions"}],"predecessor-version":[{"id":113,"href":"https:\/\/www2.iepcjalisco.org.mx\/pid\/index.php?rest_route=\/wp\/v2\/pages\/9\/revisions\/113"}],"wp:attachment":[{"href":"https:\/\/www2.iepcjalisco.org.mx\/pid\/index.php?rest_route=%2Fwp%2Fv2%2Fmedia&parent=9"}],"curies":[{"name":"wp","href":"https:\/\/api.w.org\/{rel}","templated":true}]}}