{"id":1606,"date":"2024-03-01T13:22:52","date_gmt":"2024-03-01T19:22:52","guid":{"rendered":"https:\/\/www2.iepcjalisco.org.mx\/proceso-electoral-2024\/?page_id=1606"},"modified":"2025-07-15T12:45:38","modified_gmt":"2025-07-15T18:45:38","slug":"debates-participacion-ciudadana-y-debates","status":"publish","type":"page","link":"https:\/\/www2.iepcjalisco.org.mx\/proceso-electoral-2024\/debates-participacion-ciudadana-y-debates\/","title":{"rendered":"Debates\/participacion ciudadana y debates"},"content":{"rendered":"\t\t<div data-elementor-type=\"wp-page\" data-elementor-id=\"1606\" class=\"elementor elementor-1606\">\n\t\t\t\t<div class=\"elementor-element elementor-element-fbd837c e-con-full e-flex e-con e-parent\" data-id=\"fbd837c\" data-element_type=\"container\">\n\t\t\t\t<div class=\"elementor-element elementor-element-e0fc227 elementor-widget elementor-widget-image\" data-id=\"e0fc227\" data-element_type=\"widget\" data-widget_type=\"image.default\">\n\t\t\t\t<div class=\"elementor-widget-container\">\n\t\t\t\t\t\t\t\t\t\t\t\t\t\t\t<img fetchpriority=\"high\" decoding=\"async\" width=\"1920\" height=\"668\" src=\"https:\/\/www2.iepcjalisco.org.mx\/proceso-electoral-2024\/wp-content\/uploads\/2023\/12\/Debates.png\" class=\"attachment-full size-full wp-image-195\" alt=\"\" srcset=\"https:\/\/www2.iepcjalisco.org.mx\/proceso-electoral-2024\/wp-content\/uploads\/2023\/12\/Debates.png 1920w, https:\/\/www2.iepcjalisco.org.mx\/proceso-electoral-2024\/wp-content\/uploads\/2023\/12\/Debates-300x104.png 300w, https:\/\/www2.iepcjalisco.org.mx\/proceso-electoral-2024\/wp-content\/uploads\/2023\/12\/Debates-1024x356.png 1024w, https:\/\/www2.iepcjalisco.org.mx\/proceso-electoral-2024\/wp-content\/uploads\/2023\/12\/Debates-768x267.png 768w, https:\/\/www2.iepcjalisco.org.mx\/proceso-electoral-2024\/wp-content\/uploads\/2023\/12\/Debates-1536x534.png 1536w\" sizes=\"(max-width: 1920px) 100vw, 1920px\" \/>\t\t\t\t\t\t\t\t\t\t\t\t\t\t\t<\/div>\n\t\t\t\t<\/div>\n\t\t\t\t<\/div>\n\t\t<div class=\"elementor-element elementor-element-2bfcda09 e-con-full e-flex e-con e-parent\" data-id=\"2bfcda09\" data-element_type=\"container\">\n\t\t\t\t<div class=\"elementor-element elementor-element-41f539e6 eael-dual-header-content-align-center elementor-widget elementor-widget-eael-dual-color-header\" data-id=\"41f539e6\" data-element_type=\"widget\" data-widget_type=\"eael-dual-color-header.default\">\n\t\t\t\t<div class=\"elementor-widget-container\">\n\t\t\t\t\t\n\t\t        <div class=\"eael-dual-header\">\n\t\t\t\t<h2 class=\"title\"><span  class=\"lead solid-color\">Participaci\u00f3n Ciudadana y <\/span> <span>Debates<\/span><\/h2>\n\t\t\t\t<span class=\"subtext\"><\/span>\n\t\t\t\t\t<span class=\"eael-dch-svg-icon\"><\/span>\t\t\t\t<\/div>\n\t\n\t\t\n\t\t\n\t\t\n\t\t\t\t\t\t<\/div>\n\t\t\t\t<\/div>\n\t\t\t\t<div class=\"elementor-element elementor-element-351c3fc9 elementor-widget-divider--view-line elementor-widget elementor-widget-divider\" data-id=\"351c3fc9\" data-element_type=\"widget\" data-widget_type=\"divider.default\">\n\t\t\t\t<div class=\"elementor-widget-container\">\n\t\t\t\t\t\t\t<div class=\"elementor-divider\">\n\t\t\t<span class=\"elementor-divider-separator\">\n\t\t\t\t\t\t<\/span>\n\t\t<\/div>\n\t\t\t\t\t\t<\/div>\n\t\t\t\t<\/div>\n\t\t\t\t<div class=\"elementor-element elementor-element-4d4b5b65 elementor-widget elementor-widget-spacer\" data-id=\"4d4b5b65\" data-element_type=\"widget\" data-widget_type=\"spacer.default\">\n\t\t\t\t<div class=\"elementor-widget-container\">\n\t\t\t\t\t\t\t<div class=\"elementor-spacer\">\n\t\t\t<div class=\"elementor-spacer-inner\"><\/div>\n\t\t<\/div>\n\t\t\t\t\t\t<\/div>\n\t\t\t\t<\/div>\n\t\t\t\t<\/div>\n\t\t<div class=\"elementor-element elementor-element-cb7f275 e-flex e-con-boxed e-con e-parent\" data-id=\"cb7f275\" data-element_type=\"container\">\n\t\t\t\t\t<div class=\"e-con-inner\">\n\t\t\t\t<div class=\"elementor-element elementor-element-97aaa15 elementor-widget elementor-widget-image\" data-id=\"97aaa15\" data-element_type=\"widget\" data-widget_type=\"image.default\">\n\t\t\t\t<div class=\"elementor-widget-container\">\n\t\t\t\t\t\t\t\t\t\t\t\t\t\t\t\t<a href=\"https:\/\/www2.iepcjalisco.org.mx\/proceso-electoral-2024\/wp-content\/uploads\/2024\/03\/Relatoria-Agenda-de-la-Ciudadania.pdf\" target=\"_blank\">\n\t\t\t\t\t\t\t<img decoding=\"async\" src=\"https:\/\/www2.iepcjalisco.org.mx\/proceso-electoral-2024\/wp-content\/uploads\/elementor\/thumbs\/La-agenda-de-la-ciudadania_Boton-scaled-qkqgb7jx1bnh3apc2auf6ifut0yjtgn2zpzd8rcbro.jpg\" title=\"La agenda de la ciudadan\u00eda_Bot\u00f3n\" alt=\"La agenda de la ciudadan\u00eda_Bot\u00f3n\" loading=\"lazy\" \/>\t\t\t\t\t\t\t\t<\/a>\n\t\t\t\t\t\t\t\t\t\t\t\t\t\t\t<\/div>\n\t\t\t\t<\/div>\n\t\t\t\t<div class=\"elementor-element elementor-element-fa5311a elementor-align-justify elementor-widget__width-initial elementor-widget elementor-widget-button\" data-id=\"fa5311a\" data-element_type=\"widget\" data-widget_type=\"button.default\">\n\t\t\t\t<div class=\"elementor-widget-container\">\n\t\t\t\t\t\t\t\t\t<div class=\"elementor-button-wrapper\">\n\t\t\t\t\t<a class=\"elementor-button elementor-button-link elementor-size-xl\" href=\"https:\/\/www2.iepcjalisco.org.mx\/proceso-electoral-2024\/wp-content\/uploads\/2024\/03\/Relatoria-Agenda-de-la-Ciudadania.pdf\" target=\"_blank\">\n\t\t\t\t\t\t<span class=\"elementor-button-content-wrapper\">\n\t\t\t\t\t\t\t\t\t<span class=\"elementor-button-text\">Agenda de la Ciudadan\u00eda<\/span>\n\t\t\t\t\t<\/span>\n\t\t\t\t\t<\/a>\n\t\t\t\t<\/div>\n\t\t\t\t\t\t\t\t<\/div>\n\t\t\t\t<\/div>\n\t\t\t\t<div class=\"elementor-element elementor-element-858c25a elementor-widget elementor-widget-spacer\" data-id=\"858c25a\" data-element_type=\"widget\" data-widget_type=\"spacer.default\">\n\t\t\t\t<div class=\"elementor-widget-container\">\n\t\t\t\t\t\t\t<div class=\"elementor-spacer\">\n\t\t\t<div class=\"elementor-spacer-inner\"><\/div>\n\t\t<\/div>\n\t\t\t\t\t\t<\/div>\n\t\t\t\t<\/div>\n\t\t\t\t<div class=\"elementor-element elementor-element-ba951c8 elementor-widget elementor-widget-heading\" data-id=\"ba951c8\" data-element_type=\"widget\" data-widget_type=\"heading.default\">\n\t\t\t\t<div class=\"elementor-widget-container\">\n\t\t\t\t\t<h4 class=\"elementor-heading-title elementor-size-default\">Participa en los debates para la gubernatura con tus preguntas<\/h4>\t\t\t\t<\/div>\n\t\t\t\t<\/div>\n\t\t\t\t<div class=\"elementor-element elementor-element-548ac00 elementor-widget elementor-widget-text-editor\" data-id=\"548ac00\" data-element_type=\"widget\" data-widget_type=\"text-editor.default\">\n\t\t\t\t<div class=\"elementor-widget-container\">\n\t\t\t\t\t\t\t\t\t<ol><li style=\"list-style-type: none;\"><ol start=\"1\" type=\"a\"><li>Descarga la convocatoria aqu\u00ed<\/li><li>Podr\u00e1s participar en 3 de los 4 debates a la gubernatura con un video de 10 segundos, una pregunta directa publicada en redes sociales y ni\u00f1as, ni\u00f1os y adolescentes podr\u00e1n participar<\/li><li>M\u00e1s informaci\u00f3n al correo: <a href=\"mailto:carlos.chavez@iepcjalisco.mx\">carlos.chavez@iepcjalisco.mx<\/a><\/li><li>Redes Sociales del IEPC Jalisco donde podr\u00e1s participar:<ul><li style=\"list-style-type: none;\"><ul type=\"circle\"><li>Facebook: <a href=\"https:\/\/www.facebook.com\/iepcjalisco\" data-auth=\"NotApplicable\">https:\/\/www.facebook.com\/iepcjalisco<\/a><\/li><li>X: <a href=\"https:\/\/twitter.com\/iepcjalisco\" data-auth=\"NotApplicable\">https:\/\/twitter.com\/iepcjalisco<\/a><\/li><li>IG: <a href=\"https:\/\/www.instagram.com\/iepcjalisco\/?hl=es\" data-auth=\"NotApplicable\">https:\/\/www.instagram.com\/iepcjalisco\/?hl=es<\/a><\/li><li>Hashtag a utilizar para publicar textos de preguntas y videos: #PreguntaJalisco2024<\/li><\/ul><\/li><\/ul><\/li><\/ol><\/li><li style=\"list-style-type: none;\">\u00a0<\/li><\/ol>\t\t\t\t\t\t\t\t<\/div>\n\t\t\t\t<\/div>\n\t\t\t\t<div class=\"elementor-element elementor-element-6338a50 elementor-widget__width-initial elementor-widget elementor-widget-eael-adv-accordion\" data-id=\"6338a50\" data-element_type=\"widget\" data-widget_type=\"eael-adv-accordion.default\">\n\t\t\t\t<div class=\"elementor-widget-container\">\n\t\t\t\t\t        <div class=\"eael-adv-accordion\" id=\"eael-adv-accordion-6338a50\" data-accordion-id=\"6338a50\" data-accordion-type=\"accordion\" data-toogle-speed=\"300\">\n    <div class=\"eael-accordion-list\">\n                <div id=\"preguntas-en-redes-sociales\" class=\"elementor-tab-title eael-accordion-header\" tabindex=\"0\" data-tab=\"1\" aria-controls=\"elementor-tab-content-1041\"><span class=\"eael-advanced-accordion-icon-closed\"><svg aria-hidden=\"true\" class=\"fa-accordion-icon e-font-icon-svg e-fas-plus\" viewBox=\"0 0 448 512\" xmlns=\"http:\/\/www.w3.org\/2000\/svg\"><path d=\"M416 208H272V64c0-17.67-14.33-32-32-32h-32c-17.67 0-32 14.33-32 32v144H32c-17.67 0-32 14.33-32 32v32c0 17.67 14.33 32 32 32h144v144c0 17.67 14.33 32 32 32h32c17.67 0 32-14.33 32-32V304h144c17.67 0 32-14.33 32-32v-32c0-17.67-14.33-32-32-32z\"><\/path><\/svg><\/span><span class=\"eael-advanced-accordion-icon-opened\"><svg aria-hidden=\"true\" class=\"fa-accordion-icon e-font-icon-svg e-fas-minus\" viewBox=\"0 0 448 512\" xmlns=\"http:\/\/www.w3.org\/2000\/svg\"><path d=\"M416 208H32c-17.67 0-32 14.33-32 32v32c0 17.67 14.33 32 32 32h384c17.67 0 32-14.33 32-32v-32c0-17.67-14.33-32-32-32z\"><\/path><\/svg><\/span><span class=\"eael-accordion-tab-title\">Preguntas en redes sociales<\/span><svg aria-hidden=\"true\" class=\"fa-toggle e-font-icon-svg e-fas-angle-right\" viewBox=\"0 0 256 512\" xmlns=\"http:\/\/www.w3.org\/2000\/svg\"><path d=\"M224.3 273l-136 136c-9.4 9.4-24.6 9.4-33.9 0l-22.6-22.6c-9.4-9.4-9.4-24.6 0-33.9l96.4-96.4-96.4-96.4c-9.4-9.4-9.4-24.6 0-33.9L54.3 103c9.4-9.4 24.6-9.4 33.9 0l136 136c9.5 9.4 9.5 24.6.1 34z\"><\/path><\/svg><\/div><div id=\"elementor-tab-content-1041\" class=\"eael-accordion-content clearfix\" data-tab=\"1\" aria-labelledby=\"preguntas-en-redes-sociales\"><p><p>En este formato se podr\u00e1n realizar preguntas escritas en las redes sociales, mediante la utilizaci\u00f3n del hashtag #PreguntaJalisco2024 y tienes hasta el 14 de marzo para participar<\/p><p>Para ello, las personas podr\u00e1n hacer publicaciones en sus redes sociales con preguntas para las personas candidatas al cargo de gubernatura. Estas preguntas deber\u00e1n basarse en los temas de inter\u00e9s de la ciudadan\u00eda, agrupados en dos objetivos tem\u00e1ticos: derechos humanos, gobernabilidad y seguridad.\u00a0<\/p><p><strong>Derechos humanos\u00a0<\/strong><\/p><ul><li>Pol\u00edticas p\u00fablicas para disminuir la pobreza.\u00a0<\/li><li>Planes y programas contra la discriminaci\u00f3n.<\/li><li>Derechos de ni\u00f1ez ante la violencia y el maltrato.\u00a0<\/li><\/ul><p><strong>Gobernabilidad y seguridad\u00a0<\/strong><\/p><ul><li>Desaparici\u00f3n forzada y crimen organizado.\u00a0<\/li><li>Aplicar los recursos necesarios para la pronta actuaci\u00f3n en temas de desaparici\u00f3n de personas.\u00a0<\/li><li>Atenci\u00f3n m\u00e1s cercana en colonias con mayor incidencia de delitos.\u00a0<\/li><\/ul><p>Las preguntas podr\u00e1n realizarse desde la publicaci\u00f3n de la presente convocatoria y hasta el d\u00eda 14 de marzo del presente a\u00f1o.\u00a0<\/p><p>Para que las preguntas puedan participar deben cumplir con los siguientes requisitos:\u00a0<\/p><ol><li>La pregunta debe tratar sobre uno de los temas que integran cada uno de los ejes tem\u00e1ticos.\u00a0<\/li><li>La pregunta debe ser gen\u00e9rica, esto es, no dirigirse a ninguna candidatura en particular.\u00a0<\/li><li>La pregunta debe cumplir con las reglas gramaticales, teniendo una redacci\u00f3n clara y concisa.<br \/>4. La pregunta deber\u00e1 atender los principios de imparcialidad y equidad. Quedan prohibidos los ataques personales, as\u00ed como la utilizaci\u00f3n de mensajes, palabras o frases que inciten al odio, la discriminaci\u00f3n o a cualquier otra \u00edndole que tenga como fin menoscabar a las personas y a la paz.<br \/>5. En la publicaci\u00f3n de la pregunta no debe haber alusi\u00f3n alguna a favor o en contra de partido pol\u00edtico o candidatura.<br \/>6. La publicaci\u00f3n en la que se haga la pregunta debe ser p\u00fablica, esto es, que todas las personas podr\u00e1n ver esta publicaci\u00f3n a pesar de que el perfil de la persona participante sea privado.<br \/>7. Es necesario que se publiquen de la siguiente manera: #PreguntaJalisco2024 \u201cTexto de la pregunta\u201d \u2013 Municipio.<p>Las redes sociales en las que se podr\u00e1n publicar las preguntas son: \u2022 Facebook \u2022 Instagram \u2022 X (antes Twitter)<\/p><p>Para m\u00e1s detalles, consultar <a href=\"https:\/\/www.iepcjalisco.org.mx\/sites\/default\/files\/convocatoria_debate_y_vota.pdf\" target=\"_blank\" rel=\"noopener\">convocatoria<\/a>.\u00a0<\/p><\/li><\/ol><\/p><\/div>\n                <\/div><div class=\"eael-accordion-list\">\n                <div id=\"preguntas-en-video-en-redes-sociales\" class=\"elementor-tab-title eael-accordion-header\" tabindex=\"0\" data-tab=\"2\" aria-controls=\"elementor-tab-content-1042\"><span class=\"eael-advanced-accordion-icon-closed\"><svg aria-hidden=\"true\" class=\"fa-accordion-icon e-font-icon-svg e-fas-plus\" viewBox=\"0 0 448 512\" xmlns=\"http:\/\/www.w3.org\/2000\/svg\"><path d=\"M416 208H272V64c0-17.67-14.33-32-32-32h-32c-17.67 0-32 14.33-32 32v144H32c-17.67 0-32 14.33-32 32v32c0 17.67 14.33 32 32 32h144v144c0 17.67 14.33 32 32 32h32c17.67 0 32-14.33 32-32V304h144c17.67 0 32-14.33 32-32v-32c0-17.67-14.33-32-32-32z\"><\/path><\/svg><\/span><span class=\"eael-advanced-accordion-icon-opened\"><svg aria-hidden=\"true\" class=\"fa-accordion-icon e-font-icon-svg e-fas-minus\" viewBox=\"0 0 448 512\" xmlns=\"http:\/\/www.w3.org\/2000\/svg\"><path d=\"M416 208H32c-17.67 0-32 14.33-32 32v32c0 17.67 14.33 32 32 32h384c17.67 0 32-14.33 32-32v-32c0-17.67-14.33-32-32-32z\"><\/path><\/svg><\/span><span class=\"eael-accordion-tab-title\">Preguntas en video en redes sociales<\/span><svg aria-hidden=\"true\" class=\"fa-toggle e-font-icon-svg e-fas-angle-right\" viewBox=\"0 0 256 512\" xmlns=\"http:\/\/www.w3.org\/2000\/svg\"><path d=\"M224.3 273l-136 136c-9.4 9.4-24.6 9.4-33.9 0l-22.6-22.6c-9.4-9.4-9.4-24.6 0-33.9l96.4-96.4-96.4-96.4c-9.4-9.4-9.4-24.6 0-33.9L54.3 103c9.4-9.4 24.6-9.4 33.9 0l136 136c9.5 9.4 9.5 24.6.1 34z\"><\/path><\/svg><\/div><div id=\"elementor-tab-content-1042\" class=\"eael-accordion-content clearfix\" data-tab=\"2\" aria-labelledby=\"preguntas-en-video-en-redes-sociales\"><p><p>En este formato las personas podr\u00e1n realizar preguntas mediante videos con una duraci\u00f3n de 10 segundos y tienes hasta el 31 de marzo para participar.\u00a0<\/p><p>Infraestructura y gasto p\u00fablico<\/p><ul><li>Alumbrado p\u00fablico y se\u00f1alamiento en las calles.<\/li><li>Reforestaci\u00f3n y cuidado de los bosques.<\/li><li>Fortalecer los institutos de la mujer, ni\u00f1ez e ind\u00edgena.<\/li><\/ul><p>Finanzas, obra p\u00fablica, transparencia, rendici\u00f3n de cuentas y combate a la corrupci\u00f3n.<\/p><ul><li>Recaudaci\u00f3n de impuestos con focalizaci\u00f3n a necesidades de la ciudadan\u00eda en servicios y obra p\u00fablica.<\/li><li>Monitoreo y evaluaci\u00f3n de pol\u00edticas p\u00fablicas para la rendici\u00f3n de cuentas y toma de decisiones.<\/li><li>Vigilancia de recursos p\u00fablicos, seguimiento a promesas de campa\u00f1a.<\/li><\/ul><p>Los videos se deber\u00e1n realizar considerando los siguientes elementos:<\/p><ol><li>Que la pregunta est\u00e9 orientada en el objetivo tem\u00e1tico del presente formato.<\/li><li>El video deber\u00e1 realizarse en formato vertical.<\/li><li>La duraci\u00f3n no podr\u00e1 ser mayor a 10 segundos.<\/li><li>Deber\u00e1 estar visible el rostro de la persona participante.<\/li><li>No podr\u00e1n utilizarse filtros que alteren o distorsionen las caracter\u00edsticas o rasgos f\u00edsicos de las personas participantes.<\/li><li>No podr\u00e1 utilizarse ning\u00fan elemento que sea alusivo en favor o en contra de partidos pol\u00edticos o candidaturas.<\/li><\/ol><p>Adem\u00e1s, la pregunta que se formule en el video deber\u00e1 cumplir\u00a0con los siguientes requisitos:<\/p><ol><li>La pregunta debe tratar sobre uno de los temas que integran cada uno de los ejes tem\u00e1ticos.<\/li><li>La pregunta debe ser gen\u00e9rica, esto es, no dirigirse a ninguna candidatura en particular.<\/li><li>La pregunta debe cumplir con las reglas gramaticales de\u00a0los cuestionamientos e incorporar las palabras qu\u00e9, c\u00f3mo,\u00a0cu\u00e1ndo, donde, qui\u00e9n, etc\u00e9tera.<\/li><li>La pregunta deber\u00e1 atender los principios de imparcialidad y equidad. Quedan prohibidos los ataques personales, as\u00ed como la utilizaci\u00f3n de mensajes, palabras o frases que inciten al odio, la discriminaci\u00f3n y a cualquier otra \u00edndole que tenga como fin menoscabar a las personas y a la paz.<\/li><li>En la publicaci\u00f3n de la pregunta no debe haber alusi\u00f3n alguna a favor o en contra de partido pol\u00edtico o candidatura.<\/li><li>La publicaci\u00f3n del video que contenga la pregunta debe ser p\u00fablica.\u00a0<\/li><\/ol><p>Tambi\u00e9n se puede mandar el video a trav\u00e9s del siguiente formulario:<\/p><p><a href=\"https:\/\/forms.gle\/ZcVAe9reRPupff4u7\">https:\/\/forms.gle\/ZcVAe9reRPupff4u7<\/a><\/p><p>Para m\u00e1s detalles, consulta la <a href=\"https:\/\/www.iepcjalisco.org.mx\/sites\/default\/files\/convocatoria_debate_y_vota.pdf\" target=\"_blank\" rel=\"noopener\">convocatoria<\/a>.\u00a0<\/p><\/p><\/div>\n                <\/div><div class=\"eael-accordion-list\">\n                <div id=\"preguntas-de-infancias-y-adolescencias\" class=\"elementor-tab-title eael-accordion-header\" tabindex=\"0\" data-tab=\"3\" aria-controls=\"elementor-tab-content-1043\"><span class=\"eael-advanced-accordion-icon-closed\"><svg aria-hidden=\"true\" class=\"fa-accordion-icon e-font-icon-svg e-fas-plus\" viewBox=\"0 0 448 512\" xmlns=\"http:\/\/www.w3.org\/2000\/svg\"><path d=\"M416 208H272V64c0-17.67-14.33-32-32-32h-32c-17.67 0-32 14.33-32 32v144H32c-17.67 0-32 14.33-32 32v32c0 17.67 14.33 32 32 32h144v144c0 17.67 14.33 32 32 32h32c17.67 0 32-14.33 32-32V304h144c17.67 0 32-14.33 32-32v-32c0-17.67-14.33-32-32-32z\"><\/path><\/svg><\/span><span class=\"eael-advanced-accordion-icon-opened\"><svg aria-hidden=\"true\" class=\"fa-accordion-icon e-font-icon-svg e-fas-minus\" viewBox=\"0 0 448 512\" xmlns=\"http:\/\/www.w3.org\/2000\/svg\"><path d=\"M416 208H32c-17.67 0-32 14.33-32 32v32c0 17.67 14.33 32 32 32h384c17.67 0 32-14.33 32-32v-32c0-17.67-14.33-32-32-32z\"><\/path><\/svg><\/span><span class=\"eael-accordion-tab-title\">Preguntas de infancias y adolescencias<\/span><svg aria-hidden=\"true\" class=\"fa-toggle e-font-icon-svg e-fas-angle-right\" viewBox=\"0 0 256 512\" xmlns=\"http:\/\/www.w3.org\/2000\/svg\"><path d=\"M224.3 273l-136 136c-9.4 9.4-24.6 9.4-33.9 0l-22.6-22.6c-9.4-9.4-9.4-24.6 0-33.9l96.4-96.4-96.4-96.4c-9.4-9.4-9.4-24.6 0-33.9L54.3 103c9.4-9.4 24.6-9.4 33.9 0l136 136c9.5 9.4 9.5 24.6.1 34z\"><\/path><\/svg><\/div><div id=\"elementor-tab-content-1043\" class=\"eael-accordion-content clearfix\" data-tab=\"3\" aria-labelledby=\"preguntas-de-infancias-y-adolescencias\"><p><p>En este formato \u00fanicamente podr\u00e1n participar infancias y adolescencias de Jalisco, mediante la realizaci\u00f3n de preguntas escritas.<\/p><p>El d\u00eda 20 de abril en cada uno de los \u00f3rganos desconcentra- dos y oficinas centrales del Instituto Electoral y de Participaci\u00f3n Ciudadana del Estado de Jalisco, se llevar\u00e1 a cabo una jornada de recepci\u00f3n de preguntas de infancias y adolescencias.<\/p><p>Se privilegiar\u00e1 realizar esta jornada en plazas p\u00fablicas, o lugares de alta concurrencia del p\u00fablico objetivo, para realizar un acercamiento y solicitar que participen en la realizaci\u00f3n de preguntas de conformidad con el objetivo tem\u00e1tico.<\/p><p>Para m\u00e1s detalles consulta la <a href=\"https:\/\/www.iepcjalisco.org.mx\/sites\/default\/files\/convocatoria_debate_y_vota.pdf\" target=\"_blank\" rel=\"noopener\">convocatoria<\/a>.\u00a0<\/p><\/p><\/div>\n                <\/div><\/div>\t\t\t\t<\/div>\n\t\t\t\t<\/div>\n\t\t\t\t<div class=\"elementor-element elementor-element-9b27245 elementor-widget elementor-widget-spacer\" data-id=\"9b27245\" data-element_type=\"widget\" data-widget_type=\"spacer.default\">\n\t\t\t\t<div class=\"elementor-widget-container\">\n\t\t\t\t\t\t\t<div class=\"elementor-spacer\">\n\t\t\t<div class=\"elementor-spacer-inner\"><\/div>\n\t\t<\/div>\n\t\t\t\t\t\t<\/div>\n\t\t\t\t<\/div>\n\t\t\t\t\t<\/div>\n\t\t\t\t<\/div>\n\t\t<div class=\"elementor-element elementor-element-070c7c9 e-flex e-con-boxed e-con e-parent\" data-id=\"070c7c9\" data-element_type=\"container\">\n\t\t\t\t\t<div class=\"e-con-inner\">\n\t\t\t\t\t<\/div>\n\t\t\t\t<\/div>\n\t\t\t\t<\/div>\n\t\t","protected":false},"excerpt":{"rendered":"<p>Participaci\u00f3n Ciudadana y Debates Agenda de la Ciudadan\u00eda Participa en los debates para la gubernatura con tus preguntas Descarga la convocatoria aqu\u00ed Podr\u00e1s participar en 3 de los 4 debates a la gubernatura con un video de 10 segundos, una pregunta directa publicada en redes sociales y ni\u00f1as, ni\u00f1os y adolescentes podr\u00e1n participar M\u00e1s informaci\u00f3n [&hellip;]<\/p>\n","protected":false},"author":1,"featured_media":0,"parent":0,"menu_order":0,"comment_status":"closed","ping_status":"closed","template":"","meta":{"_eb_attr":"","footnotes":""},"class_list":["post-1606","page","type-page","status-publish","hentry"],"_links":{"self":[{"href":"https:\/\/www2.iepcjalisco.org.mx\/proceso-electoral-2024\/wp-json\/wp\/v2\/pages\/1606","targetHints":{"allow":["GET"]}}],"collection":[{"href":"https:\/\/www2.iepcjalisco.org.mx\/proceso-electoral-2024\/wp-json\/wp\/v2\/pages"}],"about":[{"href":"https:\/\/www2.iepcjalisco.org.mx\/proceso-electoral-2024\/wp-json\/wp\/v2\/types\/page"}],"author":[{"embeddable":true,"href":"https:\/\/www2.iepcjalisco.org.mx\/proceso-electoral-2024\/wp-json\/wp\/v2\/users\/1"}],"replies":[{"embeddable":true,"href":"https:\/\/www2.iepcjalisco.org.mx\/proceso-electoral-2024\/wp-json\/wp\/v2\/comments?post=1606"}],"version-history":[{"count":37,"href":"https:\/\/www2.iepcjalisco.org.mx\/proceso-electoral-2024\/wp-json\/wp\/v2\/pages\/1606\/revisions"}],"predecessor-version":[{"id":7208,"href":"https:\/\/www2.iepcjalisco.org.mx\/proceso-electoral-2024\/wp-json\/wp\/v2\/pages\/1606\/revisions\/7208"}],"wp:attachment":[{"href":"https:\/\/www2.iepcjalisco.org.mx\/proceso-electoral-2024\/wp-json\/wp\/v2\/media?parent=1606"}],"curies":[{"name":"wp","href":"https:\/\/api.w.org\/{rel}","templated":true}]}}