{"id":3126,"date":"2024-06-06T21:50:15","date_gmt":"2024-06-07T03:50:15","guid":{"rendered":"https:\/\/www2.iepcjalisco.org.mx\/proceso-electoral-2024\/?page_id=3126"},"modified":"2024-11-06T14:51:50","modified_gmt":"2024-11-06T20:51:50","slug":"resultados-diputaciones","status":"publish","type":"page","link":"https:\/\/www2.iepcjalisco.org.mx\/proceso-electoral-2024\/resultados-diputaciones\/","title":{"rendered":"Resultados Diputaciones"},"content":{"rendered":"\t\t<div data-elementor-type=\"wp-page\" data-elementor-id=\"3126\" class=\"elementor elementor-3126\">\n\t\t\t\t<div class=\"elementor-element elementor-element-fbd837c e-con-full e-flex e-con e-parent\" data-id=\"fbd837c\" data-element_type=\"container\">\n\t\t\t\t<div class=\"elementor-element elementor-element-e0fc227 elementor-widget elementor-widget-image\" data-id=\"e0fc227\" data-element_type=\"widget\" data-widget_type=\"image.default\">\n\t\t\t\t<div class=\"elementor-widget-container\">\n\t\t\t\t\t\t\t\t\t\t\t\t\t\t\t<img fetchpriority=\"high\" decoding=\"async\" width=\"2560\" height=\"888\" src=\"https:\/\/www2.iepcjalisco.org.mx\/proceso-electoral-2024\/wp-content\/uploads\/2024\/05\/Resultados-scaled.jpg\" class=\"attachment-full size-full wp-image-3034\" alt=\"\" srcset=\"https:\/\/www2.iepcjalisco.org.mx\/proceso-electoral-2024\/wp-content\/uploads\/2024\/05\/Resultados-scaled.jpg 2560w, https:\/\/www2.iepcjalisco.org.mx\/proceso-electoral-2024\/wp-content\/uploads\/2024\/05\/Resultados-300x104.jpg 300w, https:\/\/www2.iepcjalisco.org.mx\/proceso-electoral-2024\/wp-content\/uploads\/2024\/05\/Resultados-1024x355.jpg 1024w, https:\/\/www2.iepcjalisco.org.mx\/proceso-electoral-2024\/wp-content\/uploads\/2024\/05\/Resultados-768x266.jpg 768w, https:\/\/www2.iepcjalisco.org.mx\/proceso-electoral-2024\/wp-content\/uploads\/2024\/05\/Resultados-1536x533.jpg 1536w, https:\/\/www2.iepcjalisco.org.mx\/proceso-electoral-2024\/wp-content\/uploads\/2024\/05\/Resultados-2048x710.jpg 2048w\" sizes=\"(max-width: 2560px) 100vw, 2560px\" \/>\t\t\t\t\t\t\t\t\t\t\t\t\t\t\t<\/div>\n\t\t\t\t<\/div>\n\t\t\t\t<\/div>\n\t\t<div class=\"elementor-element elementor-element-c21f3ff e-flex e-con-boxed e-con e-parent\" data-id=\"c21f3ff\" data-element_type=\"container\">\n\t\t\t\t\t<div class=\"e-con-inner\">\n\t\t<div class=\"elementor-element elementor-element-6ca51f7 e-con-full e-flex e-con e-child\" data-id=\"6ca51f7\" data-element_type=\"container\">\n\t\t\t\t<div class=\"elementor-element elementor-element-f7acf7f eael-dual-header-content-align-center elementor-widget elementor-widget-eael-dual-color-header\" data-id=\"f7acf7f\" data-element_type=\"widget\" data-widget_type=\"eael-dual-color-header.default\">\n\t\t\t\t<div class=\"elementor-widget-container\">\n\t\t\t\t\t\n\t\t        <div class=\"eael-dual-header\">\n\t\t\t\t<h2 class=\"title\"><span  class=\"lead solid-color\">Elecci\u00f3n de <\/span> <span>Diputaciones<\/span><\/h2>\n\t\t\t\t<span class=\"subtext\"><\/span>\n\t\t\t\t\t<span class=\"eael-dch-svg-icon\"><\/span>\t\t\t\t<\/div>\n\t\n\t\t\n\t\t\n\t\t\n\t\t\t\t\t\t<\/div>\n\t\t\t\t<\/div>\n\t\t\t\t<div class=\"elementor-element elementor-element-61ce59f elementor-widget-divider--view-line elementor-widget elementor-widget-divider\" data-id=\"61ce59f\" data-element_type=\"widget\" data-widget_type=\"divider.default\">\n\t\t\t\t<div class=\"elementor-widget-container\">\n\t\t\t\t\t\t\t<div class=\"elementor-divider\">\n\t\t\t<span class=\"elementor-divider-separator\">\n\t\t\t\t\t\t<\/span>\n\t\t<\/div>\n\t\t\t\t\t\t<\/div>\n\t\t\t\t<\/div>\n\t\t\t\t<div class=\"elementor-element elementor-element-d1b5e48 elementor-widget elementor-widget-spacer\" data-id=\"d1b5e48\" data-element_type=\"widget\" data-widget_type=\"spacer.default\">\n\t\t\t\t<div class=\"elementor-widget-container\">\n\t\t\t\t\t\t\t<div class=\"elementor-spacer\">\n\t\t\t<div class=\"elementor-spacer-inner\"><\/div>\n\t\t<\/div>\n\t\t\t\t\t\t<\/div>\n\t\t\t\t<\/div>\n\t\t\t\t<\/div>\n\t\t<div class=\"elementor-element elementor-element-e9d07d4 e-flex e-con-boxed e-con e-child\" data-id=\"e9d07d4\" data-element_type=\"container\">\n\t\t\t\t\t<div class=\"e-con-inner\">\n\t\t\t\t<div class=\"elementor-element elementor-element-57ea114 elementor-align-justify elementor-widget__width-initial elementor-widget elementor-widget-button\" data-id=\"57ea114\" data-element_type=\"widget\" data-widget_type=\"button.default\">\n\t\t\t\t<div class=\"elementor-widget-container\">\n\t\t\t\t\t\t\t\t\t<div class=\"elementor-button-wrapper\">\n\t\t\t\t\t<a class=\"elementor-button elementor-button-link elementor-size-xl\" href=\"https:\/\/www2.iepcjalisco.org.mx\/proceso-electoral-2024\/wp-content\/uploads\/2024\/06\/Integracion-del-Congreso-del-Estado-de-Jalisco-LXIV-Legislatura.pdf\" target=\"_blank\">\n\t\t\t\t\t\t<span class=\"elementor-button-content-wrapper\">\n\t\t\t\t\t\t\t\t\t<span class=\"elementor-button-text\">Integraci\u00f3n del Congreso del Estado de Jalisco LXIV Legislatura<\/span>\n\t\t\t\t\t<\/span>\n\t\t\t\t\t<\/a>\n\t\t\t\t<\/div>\n\t\t\t\t\t\t\t\t<\/div>\n\t\t\t\t<\/div>\n\t\t\t\t<div class=\"elementor-element elementor-element-def9435 elementor-widget elementor-widget-spacer\" data-id=\"def9435\" data-element_type=\"widget\" data-widget_type=\"spacer.default\">\n\t\t\t\t<div class=\"elementor-widget-container\">\n\t\t\t\t\t\t\t<div class=\"elementor-spacer\">\n\t\t\t<div class=\"elementor-spacer-inner\"><\/div>\n\t\t<\/div>\n\t\t\t\t\t\t<\/div>\n\t\t\t\t<\/div>\n\t\t\t\t<div class=\"elementor-element elementor-element-eeb37ab elementor-widget elementor-widget-heading\" data-id=\"eeb37ab\" data-element_type=\"widget\" data-widget_type=\"heading.default\">\n\t\t\t\t<div class=\"elementor-widget-container\">\n\t\t\t\t\t<h4 class=\"elementor-heading-title elementor-size-default\">Consulta las actas de c\u00f3mputo<\/h4>\t\t\t\t<\/div>\n\t\t\t\t<\/div>\n\t\t\t\t<div class=\"elementor-element elementor-element-68fb39a elementor-widget elementor-widget-html\" data-id=\"68fb39a\" data-element_type=\"widget\" data-widget_type=\"html.default\">\n\t\t\t\t<div class=\"elementor-widget-container\">\n\t\t\t\t\t<table class=\"minimalistResultados aligncenter\">\r\n<thead>\r\n<tr>\r\n<th style=\"text-align: center;\">DISTRITO<\/th>\r\n<th>ACTA DIPUTACIONES<\/th>\r\n<\/tr>\r\n<tr>\r\n<td>1<\/td>\r\n<td><a href=\"https:\/\/www2.iepcjalisco.org.mx\/proceso-electoral-2024\/wp-content\/uploads\/2024\/06\/DIPUTACION-MAYORIA-RELATIVA-DISTRITO-1-TEQUILA.pdf\" target=\"_blank\" rel=\"noopener\"><img decoding=\"async\" class=\"alignnone\" src=\"https:\/\/www2.iepcjalisco.org.mx\/proceso-electoral-2024\/wp-content\/uploads\/2024\/06\/pdfverdeclaro.png\" alt=\"\" width=\"26\" \/><\/a><\/td>\r\n<\/tr>\r\n<tr>\r\n<td>2<\/td>\r\n<td><a href=\"https:\/\/www2.iepcjalisco.org.mx\/proceso-electoral-2024\/wp-content\/uploads\/2024\/06\/DIPUTACION-MAYORIA-RELATIVA-DISTRTIO-2-LAGOS-DE-MORENO.pdf\" target=\"_blank\" rel=\"noopener\"><img decoding=\"async\" class=\"alignnone\" src=\"https:\/\/www2.iepcjalisco.org.mx\/proceso-electoral-2024\/wp-content\/uploads\/2024\/06\/pdfverdeclaro.png\" alt=\"\" width=\"26\" \/><\/a><\/td>\r\n<\/tr>\r\n<tr>\r\n<td>3<\/td>\r\n<td><a href=\"https:\/\/www2.iepcjalisco.org.mx\/proceso-electoral-2024\/wp-content\/uploads\/2024\/06\/DIPUTACION-MAYORIA-RELATIVA-DISTRTIO-3-TEPATITLAN-DE-MORELOS.pdf\" target=\"_blank\" rel=\"noopener\"><img decoding=\"async\" class=\"alignnone\" src=\"https:\/\/www2.iepcjalisco.org.mx\/proceso-electoral-2024\/wp-content\/uploads\/2024\/06\/pdfverdeclaro.png\" alt=\"\" width=\"26\" \/><\/a><\/td>\r\n<\/tr>\r\n<tr>\r\n<td>4<\/td>\r\n<td><a href=\"https:\/\/www2.iepcjalisco.org.mx\/proceso-electoral-2024\/wp-content\/uploads\/2024\/06\/DIPUTACION-MAYORIA-RELATIVA-DISTRTIO-4-ZAPOPAN.pdf\" target=\"_blank\" rel=\"noopener\"><img decoding=\"async\" class=\"alignnone\" src=\"https:\/\/www2.iepcjalisco.org.mx\/proceso-electoral-2024\/wp-content\/uploads\/2024\/06\/pdfverdeclaro.png\" alt=\"\" width=\"26\" \/><\/a><\/td>\r\n<\/tr>\r\n<tr>\r\n<td>5<\/td>\r\n<td><a href=\"https:\/\/www2.iepcjalisco.org.mx\/proceso-electoral-2024\/wp-content\/uploads\/2024\/06\/DIPUTACION-MAYORIA-RELATIVA-DISTRTIO-5-PUERTO-VALLARTA-1.pdf\" target=\"_blank\" rel=\"noopener\"><img decoding=\"async\" class=\"alignnone\" src=\"https:\/\/www2.iepcjalisco.org.mx\/proceso-electoral-2024\/wp-content\/uploads\/2024\/06\/pdfverdeclaro.png\" alt=\"\" width=\"26\" \/><\/a><\/td>\r\n<\/tr>\r\n<tr>\r\n<td>6<\/td>\r\n<td><a href=\"https:\/\/www2.iepcjalisco.org.mx\/proceso-electoral-2024\/wp-content\/uploads\/2024\/06\/DIPUTACION-MAYORIA-RELATIVA-DISTRTIO-6-ZAPOPAN.pdf\" target=\"_blank\" rel=\"noopener\"><img decoding=\"async\" class=\"alignnone\" src=\"https:\/\/www2.iepcjalisco.org.mx\/proceso-electoral-2024\/wp-content\/uploads\/2024\/06\/pdfverdeclaro.png\" alt=\"\" width=\"26\" \/><\/a><\/td>\r\n<\/tr>\r\n<tr>\r\n<td>7<\/td>\r\n<td><a href=\"https:\/\/www2.iepcjalisco.org.mx\/proceso-electoral-2024\/wp-content\/uploads\/2024\/06\/DIPUTACION-MAYORIA-RELATIVA-DISTRTIO-7-TONALA-1.pdf\" target=\"_blank\" rel=\"noopener\"><img decoding=\"async\" class=\"alignnone\" src=\"https:\/\/www2.iepcjalisco.org.mx\/proceso-electoral-2024\/wp-content\/uploads\/2024\/06\/pdfverdeclaro.png\" alt=\"\" width=\"26\" \/><\/a><\/td>\r\n<\/tr>\r\n<tr>\r\n<td>8<\/td>\r\n<td><a href=\"https:\/\/www2.iepcjalisco.org.mx\/proceso-electoral-2024\/wp-content\/uploads\/2024\/06\/DIPUTACION-MAYORIA-RELATIVA-DISTRTIO-8-GUADALAJARA.pdf\" target=\"_blank\" rel=\"noopener\"><img decoding=\"async\" class=\"alignnone\" src=\"https:\/\/www2.iepcjalisco.org.mx\/proceso-electoral-2024\/wp-content\/uploads\/2024\/06\/pdfverdeclaro.png\" alt=\"\" width=\"26\" \/><\/a><\/td>\r\n<\/tr>\r\n<tr>\r\n<td>9<\/td>\r\n<td><a href=\"https:\/\/www2.iepcjalisco.org.mx\/proceso-electoral-2024\/wp-content\/uploads\/2024\/06\/DIPUACION-MAYORIA-RELATIVA-DISTRITO-9-GUADALAJARA.pdf\" target=\"_blank\" rel=\"noopener\"><img decoding=\"async\" class=\"alignnone\" src=\"https:\/\/www2.iepcjalisco.org.mx\/proceso-electoral-2024\/wp-content\/uploads\/2024\/06\/pdfverdeclaro.png\" alt=\"\" width=\"26\" \/><\/a><\/td>\r\n<\/tr>\r\n<tr>\r\n<td>10<\/td>\r\n<td><a href=\"https:\/\/www2.iepcjalisco.org.mx\/proceso-electoral-2024\/wp-content\/uploads\/2024\/06\/DIPUTACION-MAYORIA-RELATIVA-DISTRITO-10-ZAPOPAN.pdf\" target=\"_blank\" rel=\"noopener\"><img decoding=\"async\" class=\"alignnone\" src=\"https:\/\/www2.iepcjalisco.org.mx\/proceso-electoral-2024\/wp-content\/uploads\/2024\/06\/pdfverdeclaro.png\" alt=\"\" width=\"26\" \/><\/a><\/td>\r\n<\/tr>\r\n<tr>\r\n<td>11<\/td>\r\n<td><a href=\"https:\/\/www2.iepcjalisco.org.mx\/proceso-electoral-2024\/wp-content\/uploads\/2024\/06\/DIPUTACION-MAYORIA-RELATIVA-DISTRTIO-11-GUADALAJARA.pdf\" target=\"_blank\" rel=\"noopener\"><img decoding=\"async\" class=\"alignnone\" src=\"https:\/\/www2.iepcjalisco.org.mx\/proceso-electoral-2024\/wp-content\/uploads\/2024\/06\/pdfverdeclaro.png\" alt=\"\" width=\"26\" \/><\/a><\/td>\r\n<\/tr>\r\n<tr>\r\n<td>12<\/td>\r\n<td><a href=\"https:\/\/www2.iepcjalisco.org.mx\/proceso-electoral-2024\/wp-content\/uploads\/2024\/06\/DIPUTACION-MAYORIA-RELATIVA-DISTRTIO-12-TLAJOMULCO-DE-ZUNIGA.pdf\" target=\"_blank\" rel=\"noopener\"><img decoding=\"async\" class=\"alignnone\" src=\"https:\/\/www2.iepcjalisco.org.mx\/proceso-electoral-2024\/wp-content\/uploads\/2024\/06\/pdfverdeclaro.png\" alt=\"\" width=\"26\" \/><\/a><\/td>\r\n<\/tr>\r\n<tr>\r\n<td>13<\/td>\r\n<td><a href=\"https:\/\/www2.iepcjalisco.org.mx\/proceso-electoral-2024\/wp-content\/uploads\/2024\/06\/DIPUTACION-MAYORIA-RELATIVA-DISTRTIO-13-SAN-PEDRO-TLAQUEPAQUE.pdf\" target=\"_blank\" rel=\"noopener\"><img decoding=\"async\" class=\"alignnone\" src=\"https:\/\/www2.iepcjalisco.org.mx\/proceso-electoral-2024\/wp-content\/uploads\/2024\/06\/pdfverdeclaro.png\" alt=\"\" width=\"26\" \/><\/a><\/td>\r\n<\/tr>\r\n<tr>\r\n<td>14<\/td>\r\n<td><a href=\"https:\/\/www2.iepcjalisco.org.mx\/proceso-electoral-2024\/wp-content\/uploads\/2024\/06\/DIPUTACION-MAYORIA-RELATIVA-DISTRTIO-14-TLAJOMUILCO.pdf\" target=\"_blank\" rel=\"noopener\"><img decoding=\"async\" class=\"alignnone\" src=\"https:\/\/www2.iepcjalisco.org.mx\/proceso-electoral-2024\/wp-content\/uploads\/2024\/06\/pdfverdeclaro.png\" alt=\"\" width=\"26\" \/><\/a><\/td>\r\n<\/tr>\r\n<tr>\r\n<td>15<\/td>\r\n<td><a href=\"https:\/\/www2.iepcjalisco.org.mx\/proceso-electoral-2024\/wp-content\/uploads\/2024\/06\/DIPUTACION-MAYORIA-RELATIVA-DISTRTIO-15-LA-BARCA.pdf\" target=\"_blank\" rel=\"noopener\"><img decoding=\"async\" class=\"alignnone\" src=\"https:\/\/www2.iepcjalisco.org.mx\/proceso-electoral-2024\/wp-content\/uploads\/2024\/06\/pdfverdeclaro.png\" alt=\"\" width=\"26\" \/><\/a><\/td>\r\n<\/tr>\r\n<tr>\r\n<td>16<\/td>\r\n<td><a href=\"https:\/\/www2.iepcjalisco.org.mx\/proceso-electoral-2024\/wp-content\/uploads\/2024\/06\/DIPUTACION-MAYORIA-RELATIVA-DISTRTIO-16-TLAQUEPAQUE.pdf\" target=\"_blank\" rel=\"noopener\"><img decoding=\"async\" class=\"alignnone\" src=\"https:\/\/www2.iepcjalisco.org.mx\/proceso-electoral-2024\/wp-content\/uploads\/2024\/06\/pdfverdeclaro.png\" alt=\"\" width=\"26\" \/><\/a><\/td>\r\n<\/tr>\r\n<tr>\r\n<td>17<\/td>\r\n<td><a href=\"https:\/\/www2.iepcjalisco.org.mx\/proceso-electoral-2024\/wp-content\/uploads\/2024\/06\/DIPUTACION-MAYOTIA-RELATIVA-DISTRITO-17-JOCOTEPEC.pdf\" target=\"_blank\" rel=\"noopener\"><img decoding=\"async\" class=\"alignnone\" src=\"https:\/\/www2.iepcjalisco.org.mx\/proceso-electoral-2024\/wp-content\/uploads\/2024\/06\/pdfverdeclaro.png\" alt=\"\" width=\"26\" \/><\/a><\/td>\r\n<\/tr>\r\n<tr>\r\n<td>18<\/td>\r\n<td><a href=\"https:\/\/www2.iepcjalisco.org.mx\/proceso-electoral-2024\/wp-content\/uploads\/2024\/06\/DIPUTACION-MAYORIA-RELATIVA-DISTRTIO-18-AUTLAN-DE-NAVARRO-1.pdf\" target=\"_blank\" rel=\"noopener\"><img decoding=\"async\" class=\"alignnone\" src=\"https:\/\/www2.iepcjalisco.org.mx\/proceso-electoral-2024\/wp-content\/uploads\/2024\/06\/pdfverdeclaro.png\" alt=\"\" width=\"26\" \/><\/a><\/td>\r\n<\/tr>\r\n<tr>\r\n<td>19<\/td>\r\n<td><a href=\"https:\/\/www2.iepcjalisco.org.mx\/proceso-electoral-2024\/wp-content\/uploads\/2024\/06\/DIPUTACION-MAYORIA-RELATIVA-DISTRTIO-19-ZAPOTLAN.pdf\" target=\"_blank\" rel=\"noopener\"><img decoding=\"async\" class=\"alignnone\" src=\"https:\/\/www2.iepcjalisco.org.mx\/proceso-electoral-2024\/wp-content\/uploads\/2024\/06\/pdfverdeclaro.png\" alt=\"\" width=\"26\" \/><\/a><\/td>\r\n<\/tr>\r\n<tr>\r\n<td>20<\/td>\r\n<td><a href=\"https:\/\/www2.iepcjalisco.org.mx\/proceso-electoral-2024\/wp-content\/uploads\/2024\/06\/Acta-de-computo-Diputaciones-MR-20D.pdf\" target=\"_blank\" rel=\"noopener\"><img decoding=\"async\" class=\"alignnone\" src=\"https:\/\/www2.iepcjalisco.org.mx\/proceso-electoral-2024\/wp-content\/uploads\/2024\/06\/pdfverdeclaro.png\" alt=\"\" width=\"26\" \/><\/a><\/td>\r\n<\/tr>\r\n<\/thead>\r\n<\/table>\t\t\t\t<\/div>\n\t\t\t\t<\/div>\n\t\t\t\t<div class=\"elementor-element elementor-element-a92fc12 elementor-widget elementor-widget-spacer\" data-id=\"a92fc12\" data-element_type=\"widget\" data-widget_type=\"spacer.default\">\n\t\t\t\t<div class=\"elementor-widget-container\">\n\t\t\t\t\t\t\t<div class=\"elementor-spacer\">\n\t\t\t<div class=\"elementor-spacer-inner\"><\/div>\n\t\t<\/div>\n\t\t\t\t\t\t<\/div>\n\t\t\t\t<\/div>\n\t\t\t\t<div class=\"elementor-element elementor-element-0b5c1eb elementor-widget elementor-widget-heading\" data-id=\"0b5c1eb\" data-element_type=\"widget\" data-widget_type=\"heading.default\">\n\t\t\t\t<div class=\"elementor-widget-container\">\n\t\t\t\t\t<h4 class=\"elementor-heading-title elementor-size-default\">Mapas de resultados electorales <\/h4>\t\t\t\t<\/div>\n\t\t\t\t<\/div>\n\t\t\t\t<div class=\"elementor-element elementor-element-4826f08 elementor-widget elementor-widget-html\" data-id=\"4826f08\" data-element_type=\"widget\" data-widget_type=\"html.default\">\n\t\t\t\t<div class=\"elementor-widget-container\">\n\t\t\t\t\t<div class=\"flourish-embed flourish-map\" data-src=\"visualisation\/19200203\"><script src=\"https:\/\/public.flourish.studio\/resources\/embed.js\"><\/script><noscript><img decoding=\"async\" src=\"https:\/\/public.flourish.studio\/visualisation\/19200203\/thumbnail\" width=\"100%\" alt=\"map visualization\" \/><\/noscript><\/div>\t\t\t\t<\/div>\n\t\t\t\t<\/div>\n\t\t\t\t<div class=\"elementor-element elementor-element-b5cc667 elementor-widget elementor-widget-html\" data-id=\"b5cc667\" data-element_type=\"widget\" data-widget_type=\"html.default\">\n\t\t\t\t<div class=\"elementor-widget-container\">\n\t\t\t\t\t<div class=\"flourish-embed flourish-map\" data-src=\"visualisation\/19139895\"><script src=\"https:\/\/public.flourish.studio\/resources\/embed.js\"><\/script><noscript><img decoding=\"async\" src=\"https:\/\/public.flourish.studio\/visualisation\/19139895\/thumbnail\" width=\"100%\" alt=\"map visualization\" \/><\/noscript><\/div>\t\t\t\t<\/div>\n\t\t\t\t<\/div>\n\t\t\t\t\t<\/div>\n\t\t\t\t<\/div>\n\t\t\t\t<div class=\"elementor-element elementor-element-178d1e2 elementor-widget elementor-widget-spacer\" data-id=\"178d1e2\" data-element_type=\"widget\" data-widget_type=\"spacer.default\">\n\t\t\t\t<div class=\"elementor-widget-container\">\n\t\t\t\t\t\t\t<div class=\"elementor-spacer\">\n\t\t\t<div class=\"elementor-spacer-inner\"><\/div>\n\t\t<\/div>\n\t\t\t\t\t\t<\/div>\n\t\t\t\t<\/div>\n\t\t\t\t\t<\/div>\n\t\t\t\t<\/div>\n\t\t<div class=\"elementor-element elementor-element-7c95fc6 e-flex e-con-boxed e-con e-parent\" data-id=\"7c95fc6\" data-element_type=\"container\">\n\t\t\t\t\t<div class=\"e-con-inner\">\n\t\t\t\t<div class=\"elementor-element elementor-element-a5412fc elementor-widget elementor-widget-html\" data-id=\"a5412fc\" data-element_type=\"widget\" data-widget_type=\"html.default\">\n\t\t\t\t<div class=\"elementor-widget-container\">\n\t\t\t\t\t\r\n<iframe src=\"https:\/\/computos.iepcjalisco.mx\/resultados-electorales\/diputaciones\" width=\"100%\" height=\"786px\"><\/iframe>\t\t\t\t<\/div>\n\t\t\t\t<\/div>\n\t\t\t\t\t<\/div>\n\t\t\t\t<\/div>\n\t\t<div class=\"elementor-element elementor-element-0d1ab80 e-flex e-con-boxed e-con e-parent\" data-id=\"0d1ab80\" data-element_type=\"container\">\n\t\t\t\t\t<div class=\"e-con-inner\">\n\t\t\t\t\t<\/div>\n\t\t\t\t<\/div>\n\t\t\t\t<\/div>\n\t\t","protected":false},"excerpt":{"rendered":"<p>Elecci\u00f3n de Diputaciones Integraci\u00f3n del Congreso del Estado de Jalisco LXIV Legislatura Consulta las actas de c\u00f3mputo DISTRITO ACTA DIPUTACIONES 1 2 3 4 5 6 7 8 9 10 11 12 13 14 15 16 17 18 19 20 Mapas de resultados electorales<\/p>\n","protected":false},"author":1,"featured_media":0,"parent":0,"menu_order":0,"comment_status":"closed","ping_status":"closed","template":"","meta":{"_eb_attr":"","footnotes":""},"class_list":["post-3126","page","type-page","status-publish","hentry"],"_links":{"self":[{"href":"https:\/\/www2.iepcjalisco.org.mx\/proceso-electoral-2024\/wp-json\/wp\/v2\/pages\/3126","targetHints":{"allow":["GET"]}}],"collection":[{"href":"https:\/\/www2.iepcjalisco.org.mx\/proceso-electoral-2024\/wp-json\/wp\/v2\/pages"}],"about":[{"href":"https:\/\/www2.iepcjalisco.org.mx\/proceso-electoral-2024\/wp-json\/wp\/v2\/types\/page"}],"author":[{"embeddable":true,"href":"https:\/\/www2.iepcjalisco.org.mx\/proceso-electoral-2024\/wp-json\/wp\/v2\/users\/1"}],"replies":[{"embeddable":true,"href":"https:\/\/www2.iepcjalisco.org.mx\/proceso-electoral-2024\/wp-json\/wp\/v2\/comments?post=3126"}],"version-history":[{"count":79,"href":"https:\/\/www2.iepcjalisco.org.mx\/proceso-electoral-2024\/wp-json\/wp\/v2\/pages\/3126\/revisions"}],"predecessor-version":[{"id":5646,"href":"https:\/\/www2.iepcjalisco.org.mx\/proceso-electoral-2024\/wp-json\/wp\/v2\/pages\/3126\/revisions\/5646"}],"wp:attachment":[{"href":"https:\/\/www2.iepcjalisco.org.mx\/proceso-electoral-2024\/wp-json\/wp\/v2\/media?parent=3126"}],"curies":[{"name":"wp","href":"https:\/\/api.w.org\/{rel}","templated":true}]}}